{"id":99592,"date":"2026-04-21T02:02:42","date_gmt":"2026-04-21T08:02:42","guid":{"rendered":"https:\/\/www.veneciacr.com\/index.php\/producto\/contra-pedido-compresor-aire-50l-1-6hp-utcs1120508-total\/"},"modified":"2026-04-21T02:02:43","modified_gmt":"2026-04-21T08:02:43","slug":"contra-pedido-compresor-aire-50l-1-6hp-utcs1120508-total","status":"publish","type":"product","link":"https:\/\/www.veneciacr.com\/index.php\/producto\/contra-pedido-compresor-aire-50l-1-6hp-utcs1120508-total\/","title":{"rendered":"CONTRA PEDIDO COMPRESOR AIRE 50L 1.6HP UTCS1120508 TOTAL"},"content":{"rendered":"<p><strong>Producto contra pedido,\u00a0 el tiempo de entrega de este producto es de 2 d\u00edas h\u00e1biles.<\/strong><\/p>\n<p>&nbsp;<\/p>\n<div class=\"woocommerce-product-details__short-description\">\n<p>-Voltaje: 110V ~ 60Hz<\/p>\n<p>-Potencia de entrada: 1200W (1.6HP)<\/p>\n<p>-Tanque:50L (13.2Gal)<\/p>\n<p>-Sistema libre de petr\u00f3leo<\/p>\n<p>-Ruido: 75db<\/p>\n<p>-Motor de alambre de cobre<\/p>\n<p>-Velocidad sin carga:3400rpm<\/p>\n<p>-Presi\u00f3n de operaci\u00f3n:m\u00e1x.8bar<\/p>\n<\/div>\n<p><b>C\u00f3digo:<\/b>\u00a040007157<\/p>\n","protected":false},"excerpt":{"rendered":"<p>Producto contra pedido,\u00a0 el tiempo de entrega de este producto es de 2 d\u00edas h\u00e1biles. &nbsp; -Voltaje: 110V ~ 60Hz<\/p>\n","protected":false},"featured_media":99593,"comment_status":"closed","ping_status":"open","template":"","meta":[],"product_brand":[],"product_cat":[15],"product_tag":[],"class_list":{"0":"post-99592","1":"product","2":"type-product","3":"status-publish","4":"has-post-thumbnail","6":"product_cat-uncategorized","8":"first","9":"instock","10":"purchasable","11":"product-type-simple"},"jetpack_sharing_enabled":true,"_links":{"self":[{"href":"https:\/\/www.veneciacr.com\/index.php\/wp-json\/wp\/v2\/product\/99592","targetHints":{"allow":["GET"]}}],"collection":[{"href":"https:\/\/www.veneciacr.com\/index.php\/wp-json\/wp\/v2\/product"}],"about":[{"href":"https:\/\/www.veneciacr.com\/index.php\/wp-json\/wp\/v2\/types\/product"}],"replies":[{"embeddable":true,"href":"https:\/\/www.veneciacr.com\/index.php\/wp-json\/wp\/v2\/comments?post=99592"}],"wp:featuredmedia":[{"embeddable":true,"href":"https:\/\/www.veneciacr.com\/index.php\/wp-json\/wp\/v2\/media\/99593"}],"wp:attachment":[{"href":"https:\/\/www.veneciacr.com\/index.php\/wp-json\/wp\/v2\/media?parent=99592"}],"wp:term":[{"taxonomy":"product_brand","embeddable":true,"href":"https:\/\/www.veneciacr.com\/index.php\/wp-json\/wp\/v2\/product_brand?post=99592"},{"taxonomy":"product_cat","embeddable":true,"href":"https:\/\/www.veneciacr.com\/index.php\/wp-json\/wp\/v2\/product_cat?post=99592"},{"taxonomy":"product_tag","embeddable":true,"href":"https:\/\/www.veneciacr.com\/index.php\/wp-json\/wp\/v2\/product_tag?post=99592"}],"curies":[{"name":"wp","href":"https:\/\/api.w.org\/{rel}","templated":true}]}}