{"id":99473,"date":"2026-04-21T02:22:01","date_gmt":"2026-04-21T08:22:01","guid":{"rendered":"https:\/\/www.veneciacr.com\/index.php\/producto\/contra-pedido-set-herramientas-maleta-147pcs-thkthp21476-total\/"},"modified":"2026-04-21T02:22:03","modified_gmt":"2026-04-21T08:22:03","slug":"contra-pedido-set-herram-maleta-147pcs-thkthp21476-total","status":"publish","type":"product","link":"https:\/\/www.veneciacr.com\/index.php\/producto\/contra-pedido-set-herram-maleta-147pcs-thkthp21476-total\/","title":{"rendered":"CONTRA PEDIDO SET HERRAM MALETA 147PCS THKTHP21476 TOTAL"},"content":{"rendered":"<p><strong>Producto contra pedido,\u00a0 el tiempo de entrega de este producto es de 2 d\u00edas h\u00e1biles.<\/strong><\/p>\n<p>&nbsp;<\/p>\n<p>Incluye:<\/p>\n<p>-Malet\u00edn de aluminio.<\/p>\n<p>\u2013 1 Lima de acero redonda (200mm).<br \/>\n\u2013 1 Nivel de burbuja de 40cm.<br \/>\n\u2013 1 Martillo de bola de 300g.<br \/>\n\u2013 1 Segueta industrial (300mm).<br \/>\n\u2013 1 Cinta m\u00e9trica 5m.<br \/>\n\u2013 Set juego de llaves hexagonales (9 piezas):1 \/ 2 \/ 2.5 \/ 3 \/ 4 \/ 5 \/ 6 \/ 8 \/ 10.<br \/>\n\u2013 1 Alicate de combinaci\u00f3n 7\u2033\u201d.<br \/>\n\u2013 1 Alicate de punta larga 6\u2033\u201d.<br \/>\n\u2013 1 Alicate de corte diagonal 6\u2033\u201d.<br \/>\n\u2013 1 Alicate pela cable 8.5\u2033\u201d.<br \/>\n\u2013 1 Alicate articulado\/pinza pico de loro 10\u2033\u201d.<br \/>\n\u2013 1 Alicate de presi\u00f3n 10\u2033\u201d.<br \/>\n\u2013 1 Llave Ajustable 8\u2033\u201d.<br \/>\n\u2013 1 Tijera 8.5\u2033\u201d<br \/>\n\u2013 Juego llaves\/combinaci\u00f3n (9 piezas)\uff1a6 \/ 8 \/ 10 \/ 12 \/ 14 \/ 15 \/ 17 \/ 19 \/ 22<br \/>\n\u2013 4 Destornilladores punta plana\uff1aSl8*150 \/ Sl6*125 \/ Sl5*100 \/ Sl6.5*38.<br \/>\n\u2013 3 Destornilladores punta Phillips\uff1aPh2*150 \/ Ph1*100 \/ Ph2*38.<br \/>\n\u2013 1 Porta puntas de destornillador de 1\/4\u2033\u201d.<br \/>\n\u2013 2 Par de destornilladores planos aislados \uff1aSl5*125 \/ Ph2*100.<br \/>\n\u2013 1 L\u00e1piz tester para medir voltaje.<br \/>\n\u2013 1 Ratchet de 1\/2\u201d,45t.<br \/>\n\u2013 1 Ratchet de 1\/4\u201d,45t.<br \/>\n\u2013 1 Mango ratchet 1\/4\u2033\u201d *150mm.<br \/>\n\u2013 1 Extensi\u00f3n barra articulada flexible 1\/4\u2033\u201d * 150mm.<br \/>\n\u2013 1 Barra de extensi\u00f3n en T deslizante de 1\/2\u2033\u201d(F) *3\/8\u2033\u201d(M).<br \/>\n\u2013 1 Junta universal de 1\/2\u2033\u201d.<br \/>\n\u2013 1 Junta universal de 1\/4\u2033\u201d.<br \/>\n\u2013 2 Barras de extensi\u00f3n 1\/2\u2033\u201d: 150mm (5\u2033\u201d) y 250mm (10\u2033\u201d).<br \/>\n\u2013 2 Barras de extensi\u00f3n 1\/4\u2033\u201d: 50mm (2\u2033\u201d) y 100mm (4\u2033\u201d).<br \/>\n\u2013 18 pcs Juego de sockets de hexagonal 1\/2\u2033\u201d: 10,11,12,13,14,15,16,17,18,19,20,21,22,23,24,27,30,32.<br \/>\n\u2013 13 pcs Juego de sockets de hexagonal 1\/4\u2033\u201d: 4 \/ 4.5 \/ 5 \/ 5.5 \/ 6 \/ 7 \/ 8 \/ 9 \/ 10 \/ 11 \/ 12 \/ 13 \/ 14mm.<br \/>\n\u2013 2 Dados para buj\u00eda 1\/2: 16mm \/ 21mm.<br \/>\n\u2013 1 Exacto.<br \/>\n\u2013 10 pcs Set de cuchillas de exacto.<br \/>\n\u2013 1 Barra de extensi\u00f3n flexible: 1\/4\u2033\u201d x 150mm.<br \/>\n\u2013 1 Soporte para puntas de destornillador de 1\/4\u2033\u201d.<br \/>\n\u2013 20 pcs Puntas para destornilladores de 1\u2033\u201d (25mm): Sl3 \/ Sl4 \/ Sl5 \/ Sl6 \/ Ph0 \/ Ph1 \/ Ph2 \/ Ph3 \/ Pz0 \/ Pz1 \/ Pz2 \/ Pz3 \/ T10 \/ T15 \/ T20 \/ T30 \/ H3 \/ H4 \/ H5 \/ H6.<br \/>\n\u2013 12 Tornillos para mdf: 6pcs 2.0mm \/ 6pcs 2.5mm.<br \/>\n\u2013 14 Tornillos para mdf: 6pcs 2.0mm \/ 6pcs 2.5mm.<br \/>\n\u2013 1 Sostenedor magn\u00e9tico para puntas.<\/p>\n","protected":false},"excerpt":{"rendered":"<p>Producto contra pedido,\u00a0 el tiempo de entrega de este producto es de 2 d\u00edas h\u00e1biles. &nbsp; Incluye: -Malet\u00edn de aluminio.<\/p>\n","protected":false},"featured_media":99474,"comment_status":"closed","ping_status":"open","template":"","meta":[],"product_brand":[],"product_cat":[15],"product_tag":[],"class_list":{"0":"post-99473","1":"product","2":"type-product","3":"status-publish","4":"has-post-thumbnail","6":"product_cat-uncategorized","8":"first","9":"instock","10":"purchasable","11":"product-type-simple"},"jetpack_sharing_enabled":true,"_links":{"self":[{"href":"https:\/\/www.veneciacr.com\/index.php\/wp-json\/wp\/v2\/product\/99473","targetHints":{"allow":["GET"]}}],"collection":[{"href":"https:\/\/www.veneciacr.com\/index.php\/wp-json\/wp\/v2\/product"}],"about":[{"href":"https:\/\/www.veneciacr.com\/index.php\/wp-json\/wp\/v2\/types\/product"}],"replies":[{"embeddable":true,"href":"https:\/\/www.veneciacr.com\/index.php\/wp-json\/wp\/v2\/comments?post=99473"}],"wp:featuredmedia":[{"embeddable":true,"href":"https:\/\/www.veneciacr.com\/index.php\/wp-json\/wp\/v2\/media\/99474"}],"wp:attachment":[{"href":"https:\/\/www.veneciacr.com\/index.php\/wp-json\/wp\/v2\/media?parent=99473"}],"wp:term":[{"taxonomy":"product_brand","embeddable":true,"href":"https:\/\/www.veneciacr.com\/index.php\/wp-json\/wp\/v2\/product_brand?post=99473"},{"taxonomy":"product_cat","embeddable":true,"href":"https:\/\/www.veneciacr.com\/index.php\/wp-json\/wp\/v2\/product_cat?post=99473"},{"taxonomy":"product_tag","embeddable":true,"href":"https:\/\/www.veneciacr.com\/index.php\/wp-json\/wp\/v2\/product_tag?post=99473"}],"curies":[{"name":"wp","href":"https:\/\/api.w.org\/{rel}","templated":true}]}}