{"id":99412,"date":"2026-04-21T02:19:17","date_gmt":"2026-04-21T08:19:17","guid":{"rendered":"https:\/\/www.veneciacr.com\/index.php\/producto\/contra-pedido-agarradera-puerta-10-dorado-charleston-n700-109-national\/"},"modified":"2026-04-21T02:19:20","modified_gmt":"2026-04-21T08:19:20","slug":"agarradera-puerta-10-dorado-charleston-n700-109-national","status":"publish","type":"product","link":"https:\/\/www.veneciacr.com\/index.php\/producto\/agarradera-puerta-10-dorado-charleston-n700-109-national\/","title":{"rendered":"AGARRADERA PUERTA 10&#8243; DORADO CHARLESTON N700-109 NATIONAL"},"content":{"rendered":"<p><strong>Producto contra pedido,\u00a0 el tiempo de entrega de este producto es de 2 d\u00edas h\u00e1biles.<\/strong><\/p>\n<p>&nbsp;<\/p>\n<p>Agrega un toque r\u00fastico a los herrajes para puertas de granero interiores de National Hardware<br \/>\nRecomendado para uso en puertas interiores de madera.<br \/>\nTodas las piezas y accesorios incluidos.<br \/>\nAcabado combinado para coordinar perfectamente con los kits de puertas de granero de National<br \/>\nF\u00e1cil de instalar<\/p>\n<table class=\"a-keyvalue prodDetTable\">\n<tbody>\n<tr>\n<th class=\"a-color-secondary a-size-base prodDetSectionEntry\"><span dir=\"auto\">Tipo de manija<\/span><\/th>\n<td class=\"a-size-base prodDetAttrValue\"><span dir=\"auto\">Perilla, manija de tracci\u00f3n<\/span><\/td>\n<\/tr>\n<tr>\n<th class=\"a-color-secondary a-size-base prodDetSectionEntry\"><span dir=\"auto\">Usos espec\u00edficos del producto<\/span><\/th>\n<td class=\"a-size-base prodDetAttrValue\"><span dir=\"auto\">Puerta<\/span><\/td>\n<\/tr>\n<tr>\n<th class=\"a-color-secondary a-size-base prodDetSectionEntry\"><span dir=\"auto\">Caracter\u00edsticas adicionales<\/span><\/th>\n<td class=\"a-size-base prodDetAttrValue\"><span dir=\"auto\">F\u00e1cil de instalar<\/span><\/td>\n<\/tr>\n<tr>\n<th class=\"a-color-secondary a-size-base prodDetSectionEntry\"><span dir=\"auto\">Orientaci\u00f3n de la mano<\/span><\/th>\n<td class=\"a-size-base prodDetAttrValue\"><span dir=\"auto\">Ambidextro<\/span><\/td>\n<\/tr>\n<tr>\n<th class=\"a-color-secondary a-size-base prodDetSectionEntry\"><span dir=\"auto\">Mecanismo de fijaci\u00f3n del mango<\/span><\/th>\n<td class=\"a-size-base prodDetAttrValue\"><span dir=\"auto\">Montaje en superficie<\/span><\/td>\n<\/tr>\n<\/tbody>\n<\/table>\n","protected":false},"excerpt":{"rendered":"<p>Producto contra pedido,\u00a0 el tiempo de entrega de este producto es de 2 d\u00edas h\u00e1biles. &nbsp; Agrega un toque r\u00fastico<\/p>\n","protected":false},"featured_media":99413,"comment_status":"closed","ping_status":"open","template":"","meta":[],"product_brand":[],"product_cat":[91,19],"product_tag":[],"class_list":{"0":"post-99412","1":"product","2":"type-product","3":"status-publish","4":"has-post-thumbnail","6":"product_cat-agarraderas-y-bisagras","7":"product_cat-ferreteria","9":"first","10":"outofstock","11":"purchasable","12":"product-type-simple"},"jetpack_sharing_enabled":true,"_links":{"self":[{"href":"https:\/\/www.veneciacr.com\/index.php\/wp-json\/wp\/v2\/product\/99412","targetHints":{"allow":["GET"]}}],"collection":[{"href":"https:\/\/www.veneciacr.com\/index.php\/wp-json\/wp\/v2\/product"}],"about":[{"href":"https:\/\/www.veneciacr.com\/index.php\/wp-json\/wp\/v2\/types\/product"}],"replies":[{"embeddable":true,"href":"https:\/\/www.veneciacr.com\/index.php\/wp-json\/wp\/v2\/comments?post=99412"}],"wp:featuredmedia":[{"embeddable":true,"href":"https:\/\/www.veneciacr.com\/index.php\/wp-json\/wp\/v2\/media\/99413"}],"wp:attachment":[{"href":"https:\/\/www.veneciacr.com\/index.php\/wp-json\/wp\/v2\/media?parent=99412"}],"wp:term":[{"taxonomy":"product_brand","embeddable":true,"href":"https:\/\/www.veneciacr.com\/index.php\/wp-json\/wp\/v2\/product_brand?post=99412"},{"taxonomy":"product_cat","embeddable":true,"href":"https:\/\/www.veneciacr.com\/index.php\/wp-json\/wp\/v2\/product_cat?post=99412"},{"taxonomy":"product_tag","embeddable":true,"href":"https:\/\/www.veneciacr.com\/index.php\/wp-json\/wp\/v2\/product_tag?post=99412"}],"curies":[{"name":"wp","href":"https:\/\/api.w.org\/{rel}","templated":true}]}}