{"id":99403,"date":"2026-04-21T01:59:36","date_gmt":"2026-04-21T07:59:36","guid":{"rendered":"https:\/\/www.veneciacr.com\/index.php\/producto\/camara-wifi-2k-c320ws-tp-link\/"},"modified":"2026-04-21T01:59:39","modified_gmt":"2026-04-21T07:59:39","slug":"camara-wifi-2k-c320ws-tp-link","status":"publish","type":"product","link":"https:\/\/www.veneciacr.com\/index.php\/producto\/camara-wifi-2k-c320ws-tp-link\/","title":{"rendered":"CAMARA WIFI 2K C320WS TP LINK"},"content":{"rendered":"<div class=\"box title\">\n<h1>C\u00e1mara de Vigilancia para Exteriores con Visi\u00f3n Nocturna a Color y Detecci\u00f3n IA<\/h1>\n<\/div>\n<div class=\"box highlights\">\n<ul>\n<li><strong>2K QHD<\/strong>-Graba cada imagen con una definici\u00f3n n\u00edtida de 2560&#215;1440.<\/li>\n<li><strong>Red por Cable o Inal\u00e1mbrica<\/strong>-Conecta tu c\u00e1mara a la red a trav\u00e9s de Ethernet o WiFi para una instalaci\u00f3n m\u00e1s flexible.<\/li>\n<li><strong>Visi\u00f3n Nocturna a Todo Color<\/strong>\u00a0-Te\u00a0ofrece\u00a0un v\u00eddeo colorido\u00a0incluso de noche.<\/li>\n<li><strong>Sensor Starlight<\/strong>-El sensor Starlight de alta sensibilidad captura im\u00e1genes de mayor calidad incluso en condiciones de poca luz.<\/li>\n<li><strong>Detecci\u00f3n de Movimiento y Notificaciones<\/strong>-Te notifica cuando la c\u00e1mara detecta movimiento.<\/li>\n<li><strong>Alarma de Luz y Sonido<\/strong>-Activa efectos de luz y sonido para ahuyentar a los visitantes no deseados.<\/li>\n<li><strong>Audio Bidireccional<\/strong>-Permite la comunicaci\u00f3n a trav\u00e9s de un micr\u00f3fono y altavoz integrados.<\/li>\n<li><strong>Almacenamiento Seguro<\/strong>-Almacena localmente hasta 512 GB de v\u00eddeo 2K QHD\u00a0en una tarjeta microSD, ofreciendo un acceso c\u00f3modo a tus grabaciones.<sup><a class=\"tp-ada-note-link\" href=\"https:\/\/www.tp-link.com\/es\/home-networking\/cloud-camera\/tapo-c320ws\/#footnote-1\" aria-label=\"Footnote 1\">\u2020<\/a><\/sup><\/li>\n<li><strong>Control por Voz<\/strong>-Libera tus manos con el control por voz: Funciona con el Asistente de Google y Amazon Alexa. (El Asistente de Google y Amazon Alexa no est\u00e1n disponibles en todos los idiomas y pa\u00edses).<\/li>\n<\/ul>\n<\/div>\n","protected":false},"excerpt":{"rendered":"<p>C\u00e1mara de Vigilancia para Exteriores con Visi\u00f3n Nocturna a Color y Detecci\u00f3n IA 2K QHD-Graba cada imagen con una definici\u00f3n<\/p>\n","protected":false},"featured_media":100353,"comment_status":"closed","ping_status":"open","template":"","meta":[],"product_brand":[],"product_cat":[15],"product_tag":[],"class_list":{"0":"post-99403","1":"product","2":"type-product","3":"status-publish","4":"has-post-thumbnail","6":"product_cat-uncategorized","8":"first","9":"instock","10":"purchasable","11":"product-type-simple"},"jetpack_sharing_enabled":true,"_links":{"self":[{"href":"https:\/\/www.veneciacr.com\/index.php\/wp-json\/wp\/v2\/product\/99403","targetHints":{"allow":["GET"]}}],"collection":[{"href":"https:\/\/www.veneciacr.com\/index.php\/wp-json\/wp\/v2\/product"}],"about":[{"href":"https:\/\/www.veneciacr.com\/index.php\/wp-json\/wp\/v2\/types\/product"}],"replies":[{"embeddable":true,"href":"https:\/\/www.veneciacr.com\/index.php\/wp-json\/wp\/v2\/comments?post=99403"}],"wp:featuredmedia":[{"embeddable":true,"href":"https:\/\/www.veneciacr.com\/index.php\/wp-json\/wp\/v2\/media\/100353"}],"wp:attachment":[{"href":"https:\/\/www.veneciacr.com\/index.php\/wp-json\/wp\/v2\/media?parent=99403"}],"wp:term":[{"taxonomy":"product_brand","embeddable":true,"href":"https:\/\/www.veneciacr.com\/index.php\/wp-json\/wp\/v2\/product_brand?post=99403"},{"taxonomy":"product_cat","embeddable":true,"href":"https:\/\/www.veneciacr.com\/index.php\/wp-json\/wp\/v2\/product_cat?post=99403"},{"taxonomy":"product_tag","embeddable":true,"href":"https:\/\/www.veneciacr.com\/index.php\/wp-json\/wp\/v2\/product_tag?post=99403"}],"curies":[{"name":"wp","href":"https:\/\/api.w.org\/{rel}","templated":true}]}}