{"id":99401,"date":"2026-04-22T01:50:35","date_gmt":"2026-04-22T07:50:35","guid":{"rendered":"https:\/\/www.veneciacr.com\/index.php\/producto\/camara-wifi-2k-c520ws-tp-link\/"},"modified":"2026-04-22T01:50:35","modified_gmt":"2026-04-22T07:50:35","slug":"camara-wifi-2k-c520ws-tp-link","status":"publish","type":"product","link":"https:\/\/www.veneciacr.com\/index.php\/producto\/camara-wifi-2k-c520ws-tp-link\/","title":{"rendered":"CAMARA WIFI 2K C520WS TP LINK"},"content":{"rendered":"<p>este producto es contrapedido tarda de 1 a 2 dias en llegar<\/p>\n<div class=\"box title\">\n<h1>C\u00e1mara de Vigilancia Wi-Fi para Exteriores con Visi\u00f3n Nocturna a Color y Detecci\u00f3n IA Avanzada<\/h1>\n<\/div>\n<div class=\"box highlights\">\n<ul>\n<li><strong>Vista en Vivo 2K QHD<\/strong>-Adoptando una resoluci\u00f3n de 2560 \u00d7 1440, Tapo C520WS proporciona 1.7 \u00d7 m\u00e1s p\u00edxeles y ofrece im\u00e1genes m\u00e1s n\u00edtidas que 1080p.<\/li>\n<li><strong>Visi\u00f3n Nocturna a Color Starlight<\/strong>-Adoptando una lente de gran apertura F1.6 y un sensor starlight, Tapo C520WS captura m\u00e1s luz y tiene mayor fotosensibilidad, mostrando as\u00ed colores m\u00e1s brillantes en condiciones de poca luz que las c\u00e1maras con visi\u00f3n nocturna a todo color con lente F2.2 y sensor ordinario.<\/li>\n<li><strong>Cobertura Visual 360\u00b0-<\/strong>\u00a0Proporciona un rango de visi\u00f3n horizontal de 360\u00b0 y vertical de 130\u00b0, permiti\u00e9ndote centrarte en \u00e1reas m\u00e1s vitales y eliminar puntos ciegos.<\/li>\n<li><strong>Detecci\u00f3n Gratuita de Personas\/Mascotas\/Veh\u00edculos<\/strong>-La IA Inteligente identifica personas, mascotas y veh\u00edculos, notificando a los usuarios seg\u00fan sea necesario.<\/li>\n<li><strong>Alarma de Luz y Sonido Personalizable<\/strong>-Graba tu propio audio como alarma para ampliar sus usos. Tambi\u00e9n admite la luz ultrabrillante y ajustable para ahuyentar a visitantes no deseados.<\/li>\n<li><strong>Almacenamiento Seguro Local y en la Nube<\/strong>-Guarda los videos grabados en una tarjeta microSD<a class=\"tp-ada-note-link\" href=\"https:\/\/www.tp-link.com\/es\/home-networking\/cloud-camera\/tapo-c520ws\/#footnote-3\" aria-label=\"Footnote 3\">\u2020<\/a> o usando los servicios en la nube Tapo Care<a class=\"tp-ada-note-link\" href=\"https:\/\/www.tp-link.com\/es\/home-networking\/cloud-camera\/tapo-c520ws\/#footnote-2\" aria-label=\"Footnote 2\">**<\/a>\u00a0.<\/li>\n<li><strong>Resistente a la Intemperie IP66<\/strong>-Ofrece un excelente rendimiento a prueba de agua y polvo para escenarios exteriores.<\/li>\n<li><strong>Conexi\u00f3n de Red Cableada\/Inal\u00e1mbrica\u00a0<\/strong>-Conecta tu c\u00e1mara\u00a0a la red a trav\u00e9s de WiFi o Ethernet para una instalaci\u00f3n m\u00e1s flexible.<\/li>\n<\/ul>\n<\/div>\n","protected":false},"excerpt":{"rendered":"<p>este producto es contrapedido tarda de 1 a 2 dias en llegar C\u00e1mara de Vigilancia Wi-Fi para Exteriores con Visi\u00f3n<\/p>\n","protected":false},"featured_media":100376,"comment_status":"closed","ping_status":"open","template":"","meta":[],"product_brand":[],"product_cat":[15],"product_tag":[],"class_list":{"0":"post-99401","1":"product","2":"type-product","3":"status-publish","4":"has-post-thumbnail","6":"product_cat-uncategorized","8":"first","9":"outofstock","10":"purchasable","11":"product-type-simple"},"jetpack_sharing_enabled":true,"_links":{"self":[{"href":"https:\/\/www.veneciacr.com\/index.php\/wp-json\/wp\/v2\/product\/99401","targetHints":{"allow":["GET"]}}],"collection":[{"href":"https:\/\/www.veneciacr.com\/index.php\/wp-json\/wp\/v2\/product"}],"about":[{"href":"https:\/\/www.veneciacr.com\/index.php\/wp-json\/wp\/v2\/types\/product"}],"replies":[{"embeddable":true,"href":"https:\/\/www.veneciacr.com\/index.php\/wp-json\/wp\/v2\/comments?post=99401"}],"wp:featuredmedia":[{"embeddable":true,"href":"https:\/\/www.veneciacr.com\/index.php\/wp-json\/wp\/v2\/media\/100376"}],"wp:attachment":[{"href":"https:\/\/www.veneciacr.com\/index.php\/wp-json\/wp\/v2\/media?parent=99401"}],"wp:term":[{"taxonomy":"product_brand","embeddable":true,"href":"https:\/\/www.veneciacr.com\/index.php\/wp-json\/wp\/v2\/product_brand?post=99401"},{"taxonomy":"product_cat","embeddable":true,"href":"https:\/\/www.veneciacr.com\/index.php\/wp-json\/wp\/v2\/product_cat?post=99401"},{"taxonomy":"product_tag","embeddable":true,"href":"https:\/\/www.veneciacr.com\/index.php\/wp-json\/wp\/v2\/product_tag?post=99401"}],"curies":[{"name":"wp","href":"https:\/\/api.w.org\/{rel}","templated":true}]}}