{"id":99198,"date":"2026-04-21T02:18:58","date_gmt":"2026-04-21T08:18:58","guid":{"rendered":"https:\/\/www.veneciacr.com\/index.php\/producto\/zcontrapedido-romana-colgante-300kg-base-300c-truper\/"},"modified":"2026-04-21T02:19:01","modified_gmt":"2026-04-21T08:19:01","slug":"contra-pedido-romana-colgante-300kg-base-300c-truper","status":"publish","type":"product","link":"https:\/\/www.veneciacr.com\/index.php\/producto\/contra-pedido-romana-colgante-300kg-base-300c-truper\/","title":{"rendered":"CONTRA PEDIDO ROMANA COLGANTE 300KG BASE-300C TRUPER"},"content":{"rendered":"<p><strong>Producto contra pedido,\u00a0 el tiempo de entrega de este producto es de 2 dias habiles.<\/strong><\/p>\n<p>&nbsp;<\/p>\n<p>B\u00e1scula capacidad 300 kg electr\u00f3nica colgante, Truper<br \/>\nDisplay LCD con luz de fondo azul para mayor visibilidad<br \/>\nGancho extra\u00edble de acero inoxidable<br \/>\nCuerpo de aluminio<br \/>\nDise\u00f1o compacto y ligero<br \/>\nFunci\u00f3n de aviso por sobrepeso y funci\u00f3n HOLD que congela la medici\u00f3n<br \/>\n100788-01<br \/>\nUtiliza 3 pilas AA (incluidas)<\/p>\n<p>Especificaciones<br \/>\nCapacidad m\u00e1xima 300 kg (661 lb)<br \/>\nUnidad de medida kg \/ lb \/ N<br \/>\nDivisi\u00f3n m\u00ednima 100 g<br \/>\nPesada m\u00ednima 2 kg<br \/>\nDimensiones 14 cm x 9 cm x 5 cm<br \/>\nPeso 300 g<br \/>\nEmpaque individual Caja<\/p>\n","protected":false},"excerpt":{"rendered":"<p>Producto contra pedido,\u00a0 el tiempo de entrega de este producto es de 2 dias habiles. &nbsp; B\u00e1scula capacidad 300 kg<\/p>\n","protected":false},"featured_media":99199,"comment_status":"closed","ping_status":"open","template":"","meta":[],"product_brand":[],"product_cat":[15],"product_tag":[],"class_list":{"0":"post-99198","1":"product","2":"type-product","3":"status-publish","4":"has-post-thumbnail","6":"product_cat-uncategorized","8":"first","9":"instock","10":"purchasable","11":"product-type-simple"},"jetpack_sharing_enabled":true,"_links":{"self":[{"href":"https:\/\/www.veneciacr.com\/index.php\/wp-json\/wp\/v2\/product\/99198","targetHints":{"allow":["GET"]}}],"collection":[{"href":"https:\/\/www.veneciacr.com\/index.php\/wp-json\/wp\/v2\/product"}],"about":[{"href":"https:\/\/www.veneciacr.com\/index.php\/wp-json\/wp\/v2\/types\/product"}],"replies":[{"embeddable":true,"href":"https:\/\/www.veneciacr.com\/index.php\/wp-json\/wp\/v2\/comments?post=99198"}],"wp:featuredmedia":[{"embeddable":true,"href":"https:\/\/www.veneciacr.com\/index.php\/wp-json\/wp\/v2\/media\/99199"}],"wp:attachment":[{"href":"https:\/\/www.veneciacr.com\/index.php\/wp-json\/wp\/v2\/media?parent=99198"}],"wp:term":[{"taxonomy":"product_brand","embeddable":true,"href":"https:\/\/www.veneciacr.com\/index.php\/wp-json\/wp\/v2\/product_brand?post=99198"},{"taxonomy":"product_cat","embeddable":true,"href":"https:\/\/www.veneciacr.com\/index.php\/wp-json\/wp\/v2\/product_cat?post=99198"},{"taxonomy":"product_tag","embeddable":true,"href":"https:\/\/www.veneciacr.com\/index.php\/wp-json\/wp\/v2\/product_tag?post=99198"}],"curies":[{"name":"wp","href":"https:\/\/api.w.org\/{rel}","templated":true}]}}