{"id":99103,"date":"2026-04-21T01:59:51","date_gmt":"2026-04-21T07:59:51","guid":{"rendered":"https:\/\/www.veneciacr.com\/index.php\/producto\/mouse-inalambrico-m190-logitech\/"},"modified":"2026-04-21T01:59:54","modified_gmt":"2026-04-21T07:59:54","slug":"mouse-inalambrico-negro-m190-logitech","status":"publish","type":"product","link":"https:\/\/www.veneciacr.com\/index.php\/producto\/mouse-inalambrico-negro-m190-logitech\/","title":{"rendered":"MOUSE INALAMBRICO NEGRO M190 LOGITECH"},"content":{"rendered":"<div class=\"text-body-16\">\n<p>Logitech M190 es un mouse inal\u00e1mbrico de tama\u00f1o normal con un confortable dise\u00f1o contorneado que sigue la curva natural de las manos medianas-grandes, dando libertad de movimiento pr\u00e1cticamente sin demoras ni interrupciones.<\/p>\n<\/div>\n<div class=\"grid\">\n<div class=\"p-6 specification svelte-13hsynt\">\n<p class=\"pb-3 text-18 text-black font-bold\">Dimensiones<\/p>\n<ul class=\"text-16 text-gray-360 svelte-ccgg6m\">\n<li>\n<div class=\"py-4\"><strong>Dimensiones del mouse <\/strong><\/div>\n<ul class=\"svelte-ccgg6m\">\n<li>Altura: 115,4 mil\u00edmetros<\/li>\n<li>Anchura: 66,1 mil\u00edmetros<\/li>\n<li>Profundidad: 40,3 mil\u00edmetros<\/li>\n<li>Peso (con bater\u00edas): 89,9 g<\/li>\n<\/ul>\n<\/li>\n<\/ul>\n<\/div>\n<div class=\"p-6 specification svelte-13hsynt\">\n<p class=\"pb-3 text-18 text-black font-bold\">Especificaciones t\u00e9cnicas<\/p>\n<ul class=\"pt-2.5 text-16 text-gray-360 svelte-ccgg6m\">\n<li class=\"py-1\">\n<div><strong>Tecnolog\u00eda de sensor<\/strong>: Seguimiento \u00f3ptico uniforme<\/div>\n<\/li>\n<li class=\"py-1\">\n<div><strong>Resoluci\u00f3n de sensor<\/strong>: 1000 DPI<\/div>\n<\/li>\n<li class=\"py-1\">\n<div><strong>N\u00famero de botones<\/strong>: 3<\/div>\n<\/li>\n<li class=\"py-1\">\n<div><strong>Rueda de desplazamiento<\/strong>: Precisi\u00f3n l\u00ednea a l\u00ednea<\/div>\n<\/li>\n<li class=\"py-1\">\n<div><strong>Mouse apto para Unifying<\/strong>: No<\/div>\n<\/li>\n<li class=\"py-1\">\n<div><strong>Receptor apto para Unifying<\/strong>: No<\/div>\n<\/li>\n<li class=\"py-1\">\n<div><strong>Bater\u00eda<\/strong>: 18 meses<\/div>\n<\/li>\n<li class=\"py-1\">\n<div><strong>Tecnolog\u00eda inal\u00e1mbrica<\/strong>: Nano receptor Logitech<\/div>\n<\/li>\n<li class=\"py-1\">\n<div><strong>Distancia de funcionamiento inal\u00e1mbrico<\/strong><\/div>\n<div class=\"max-w-[708px] rich-text  me-auto\">\n<div class=\"py-3\">10 metros<\/p>\n<div class=\"inline-flex items-center \"><\/div>\n<\/div>\n<\/div>\n<\/li>\n<\/ul>\n<\/div>\n<\/div>\n<h2 class=\"heading5 \"><\/h2>\n","protected":false},"excerpt":{"rendered":"<p>Logitech M190 es un mouse inal\u00e1mbrico de tama\u00f1o normal con un confortable dise\u00f1o contorneado que sigue la curva natural de<\/p>\n","protected":false},"featured_media":99105,"comment_status":"closed","ping_status":"open","template":"","meta":[],"product_brand":[],"product_cat":[15],"product_tag":[],"class_list":{"0":"post-99103","1":"product","2":"type-product","3":"status-publish","4":"has-post-thumbnail","6":"product_cat-uncategorized","8":"first","9":"instock","10":"purchasable","11":"product-type-simple"},"jetpack_sharing_enabled":true,"_links":{"self":[{"href":"https:\/\/www.veneciacr.com\/index.php\/wp-json\/wp\/v2\/product\/99103","targetHints":{"allow":["GET"]}}],"collection":[{"href":"https:\/\/www.veneciacr.com\/index.php\/wp-json\/wp\/v2\/product"}],"about":[{"href":"https:\/\/www.veneciacr.com\/index.php\/wp-json\/wp\/v2\/types\/product"}],"replies":[{"embeddable":true,"href":"https:\/\/www.veneciacr.com\/index.php\/wp-json\/wp\/v2\/comments?post=99103"}],"wp:featuredmedia":[{"embeddable":true,"href":"https:\/\/www.veneciacr.com\/index.php\/wp-json\/wp\/v2\/media\/99105"}],"wp:attachment":[{"href":"https:\/\/www.veneciacr.com\/index.php\/wp-json\/wp\/v2\/media?parent=99103"}],"wp:term":[{"taxonomy":"product_brand","embeddable":true,"href":"https:\/\/www.veneciacr.com\/index.php\/wp-json\/wp\/v2\/product_brand?post=99103"},{"taxonomy":"product_cat","embeddable":true,"href":"https:\/\/www.veneciacr.com\/index.php\/wp-json\/wp\/v2\/product_cat?post=99103"},{"taxonomy":"product_tag","embeddable":true,"href":"https:\/\/www.veneciacr.com\/index.php\/wp-json\/wp\/v2\/product_tag?post=99103"}],"curies":[{"name":"wp","href":"https:\/\/api.w.org\/{rel}","templated":true}]}}