{"id":98590,"date":"2026-04-21T02:02:20","date_gmt":"2026-04-21T08:02:20","guid":{"rendered":"https:\/\/www.veneciacr.com\/index.php\/producto\/router-inalambrico-ac1200-archer-c64-tp-link\/"},"modified":"2026-04-21T02:02:23","modified_gmt":"2026-04-21T08:02:23","slug":"router-inalambrico-ac1200-archer-c64-tp-link","status":"publish","type":"product","link":"https:\/\/www.veneciacr.com\/index.php\/producto\/router-inalambrico-ac1200-archer-c64-tp-link\/","title":{"rendered":"ROUTER INALAMBRICO AC1200 ARCHER C64 TP LINK"},"content":{"rendered":"<h4>TP-Link ARCHER C64 Router DualBand AC1200 Wi-Fi para las bandas de 2.4Ghz y 5GHz 4p LAN giga y 1p WAN giga, puede trabajar en modo router y AP.<\/h4>\n<p>El Archer C64 de TP-Link es la soluci\u00f3n ideal para quienes buscan velocidad, fiabilidad y mayor cobertura en su red dom\u00e9stica. Gracias a sus bandas duales de 2,4 GHz y 5 GHz, puede conectar m\u00faltiples dispositivos de manera simult\u00e1nea, ofreciendo un rendimiento superior para navegar, jugar en l\u00ednea y transmitir videos sin interrupciones. La banda de 5 GHz alcanza velocidades de hasta 867 Mbps, asegurando una experiencia sin demoras incluso en aplicaciones de alto rendimiento<a href=\"https:\/\/www.sincables.com.ec\/?srsltid=AfmBOor7DofYbLJKo4E9wIzShNR2ewFw7ujMLqiL_x8-1OuuWg40eR2x\" target=\"_blank\" rel=\"noopener\">.<\/a><\/p>\n<p>Con la incorporaci\u00f3n del protocolo de seguridad WPA3, el Archer C64 refuerza la protecci\u00f3n de tu red, mejorando significativamente la ciberseguridad en tus conexiones. Adem\u00e1s, sus 4 antenas externas de alto rendimiento ampl\u00edan la cobertura WiFi en toda la casa, mientras que la tecnolog\u00eda de formaci\u00f3n de haces optimiza la se\u00f1al, asegurando una conexi\u00f3n estable incluso en los puntos m\u00e1s alejados.<\/p>\n<p>La funci\u00f3n MU-MIMO permite la transmisi\u00f3n simult\u00e1nea a varios dispositivos, lo que elimina la congesti\u00f3n de ancho de banda y garantiza una conexi\u00f3n m\u00e1s estable y r\u00e1pida. Y, si necesitas una velocidad de conexi\u00f3n a\u00fan mayor, sus puertos Gigabit Ethernet ofrecen una transferencia de datos hasta 10 veces m\u00e1s r\u00e1pida que las conexiones est\u00e1ndar.<\/p>\n<p>La configuraci\u00f3n del Archer C64 es r\u00e1pida y sencilla, ya sea a trav\u00e9s de su interfaz web intuitiva o mediante la aplicaci\u00f3n Tether, que te permite gestionar tu red desde cualquier dispositivo Android o iOS.<\/p>\n<p>Con el Archer C64, disfruta de una conexi\u00f3n m\u00e1s r\u00e1pida, segura y estable en toda tu casa, sin complicaciones.<\/p>\n<h3>Especificaciones:<\/h3>\n<ul>\n<li>Modelo: ARCHER C64<\/li>\n<li>Est\u00e1ndares Wi-Fi: IEEE 802.11ac\/n\/a 5 GHz \u2013 IEEE 802.11n\/b\/g 2,4 GHz<\/li>\n<li>Puertos Ethernet: 1 puerto WAN Gigabit 4 puertos LAN Gigabit<\/li>\n<li>Dimensiones: 120 \u00d7 120 \u00d7 27.9 mm<\/li>\n<li>Velocidades WiFi 5 GHz: 867 Mbps (802.11ac)<\/li>\n<li>Velocidades WiFi 2,4 GHz: 400 Mbps (802.11n)<\/li>\n<li>Modos de trabajo: modo de enrutador y modo de punto de acceso.<\/li>\n<li>Procesador: CPU de 1,2 GHz<\/li>\n<li>Power: 12V = 1A<\/li>\n<li>WiFi Encryption WPA: WPA2, WPA3, WPA\/WPA2-Enterprise (802.1x)<\/li>\n<li>Protocolos: IPv4, IPv6<\/li>\n<li>Soporta: DHCP server, DHCP client<\/li>\n<li>Cloud Service: OTA Firmware Upgrade, TP-Link ID y DDNS<\/li>\n<li>Soporta: Dynamic IP, Static IP, PPPoE(Dual Access), PPTP(Dual Access) y L2TP(Dual Access)<\/li>\n<li>Filtro de direcciones: MAC, dominios\/URL, protocolo\/IP , Servidor Virtual, Anfitri\u00f3n DMZ, UPnP, PPTP\/L2TP\/IPsec VPN pass through<\/li>\n<li>Soporta: QoS que garantiza la calidad de servicio para aplicaciones de voz y v\u00eddeo<\/li>\n<li>Tecnolog\u00eda: MU-MIMO con mayor fuerza de penetraci\u00f3n y una cobertura inal\u00e1mbrica m\u00e1s amplia<\/li>\n<li>Administraci\u00f3n: Webpage y tether App<\/li>\n<li>Compatible: con Windows XP, Vista, 7, 8, 8.1, 10, Linux o MAC<\/li>\n<\/ul>\n<p><strong>Contenido del empaque:<\/strong> un switch Archer C64 y accesorios.<\/p>\n","protected":false},"excerpt":{"rendered":"<p>TP-Link ARCHER C64 Router DualBand AC1200 Wi-Fi para las bandas de 2.4Ghz y 5GHz 4p LAN giga y 1p WAN<\/p>\n","protected":false},"featured_media":98591,"comment_status":"closed","ping_status":"open","template":"","meta":[],"product_brand":[],"product_cat":[15],"product_tag":[],"class_list":{"0":"post-98590","1":"product","2":"type-product","3":"status-publish","4":"has-post-thumbnail","6":"product_cat-uncategorized","8":"first","9":"instock","10":"purchasable","11":"product-type-simple"},"jetpack_sharing_enabled":true,"_links":{"self":[{"href":"https:\/\/www.veneciacr.com\/index.php\/wp-json\/wp\/v2\/product\/98590","targetHints":{"allow":["GET"]}}],"collection":[{"href":"https:\/\/www.veneciacr.com\/index.php\/wp-json\/wp\/v2\/product"}],"about":[{"href":"https:\/\/www.veneciacr.com\/index.php\/wp-json\/wp\/v2\/types\/product"}],"replies":[{"embeddable":true,"href":"https:\/\/www.veneciacr.com\/index.php\/wp-json\/wp\/v2\/comments?post=98590"}],"wp:featuredmedia":[{"embeddable":true,"href":"https:\/\/www.veneciacr.com\/index.php\/wp-json\/wp\/v2\/media\/98591"}],"wp:attachment":[{"href":"https:\/\/www.veneciacr.com\/index.php\/wp-json\/wp\/v2\/media?parent=98590"}],"wp:term":[{"taxonomy":"product_brand","embeddable":true,"href":"https:\/\/www.veneciacr.com\/index.php\/wp-json\/wp\/v2\/product_brand?post=98590"},{"taxonomy":"product_cat","embeddable":true,"href":"https:\/\/www.veneciacr.com\/index.php\/wp-json\/wp\/v2\/product_cat?post=98590"},{"taxonomy":"product_tag","embeddable":true,"href":"https:\/\/www.veneciacr.com\/index.php\/wp-json\/wp\/v2\/product_tag?post=98590"}],"curies":[{"name":"wp","href":"https:\/\/api.w.org\/{rel}","templated":true}]}}