{"id":98451,"date":"2026-04-21T02:02:36","date_gmt":"2026-04-21T08:02:36","guid":{"rendered":"https:\/\/www.veneciacr.com\/index.php\/producto\/ratchet-20v-3-8-65nm-sin-bateria-tdrli2060151-total\/"},"modified":"2026-04-21T02:02:38","modified_gmt":"2026-04-21T08:02:38","slug":"ratchet-20v-3-8-65nm-sin-bateria-tdrli2060151-total","status":"publish","type":"product","link":"https:\/\/www.veneciacr.com\/index.php\/producto\/ratchet-20v-3-8-65nm-sin-bateria-tdrli2060151-total\/","title":{"rendered":"RATCHET 20V 3\/8&#8243; 65NM SIN BATERIA TDRLI2060151 TOTAL"},"content":{"rendered":"<p>-Torque m\u00e1ximo: 65NM<\/p>\n<p>-Tama\u00f1o de la conexi\u00f3n cuadrada: 3\/8\u2033<\/p>\n<p>-Velocidad sin carga: 250\/min<\/p>\n<p>-3 Piezas de llaves de vaso (13mm, 17mm, 19mm)<\/p>\n<p>-Bater\u00eda y cargador se venden por separado<\/p>\n","protected":false},"excerpt":{"rendered":"<p>-Torque m\u00e1ximo: 65NM -Tama\u00f1o de la conexi\u00f3n cuadrada: 3\/8\u2033 -Velocidad sin carga: 250\/min -3 Piezas de llaves de vaso (13mm,<\/p>\n","protected":false},"featured_media":98452,"comment_status":"closed","ping_status":"open","template":"","meta":[],"product_brand":[],"product_cat":[23,87],"product_tag":[],"class_list":{"0":"post-98451","1":"product","2":"type-product","3":"status-publish","4":"has-post-thumbnail","6":"product_cat-herramientas","7":"product_cat-herramientas-electricas","9":"first","10":"instock","11":"purchasable","12":"product-type-simple"},"jetpack_sharing_enabled":true,"_links":{"self":[{"href":"https:\/\/www.veneciacr.com\/index.php\/wp-json\/wp\/v2\/product\/98451","targetHints":{"allow":["GET"]}}],"collection":[{"href":"https:\/\/www.veneciacr.com\/index.php\/wp-json\/wp\/v2\/product"}],"about":[{"href":"https:\/\/www.veneciacr.com\/index.php\/wp-json\/wp\/v2\/types\/product"}],"replies":[{"embeddable":true,"href":"https:\/\/www.veneciacr.com\/index.php\/wp-json\/wp\/v2\/comments?post=98451"}],"wp:featuredmedia":[{"embeddable":true,"href":"https:\/\/www.veneciacr.com\/index.php\/wp-json\/wp\/v2\/media\/98452"}],"wp:attachment":[{"href":"https:\/\/www.veneciacr.com\/index.php\/wp-json\/wp\/v2\/media?parent=98451"}],"wp:term":[{"taxonomy":"product_brand","embeddable":true,"href":"https:\/\/www.veneciacr.com\/index.php\/wp-json\/wp\/v2\/product_brand?post=98451"},{"taxonomy":"product_cat","embeddable":true,"href":"https:\/\/www.veneciacr.com\/index.php\/wp-json\/wp\/v2\/product_cat?post=98451"},{"taxonomy":"product_tag","embeddable":true,"href":"https:\/\/www.veneciacr.com\/index.php\/wp-json\/wp\/v2\/product_tag?post=98451"}],"curies":[{"name":"wp","href":"https:\/\/api.w.org\/{rel}","templated":true}]}}