{"id":98425,"date":"2026-04-21T02:02:42","date_gmt":"2026-04-21T08:02:42","guid":{"rendered":"https:\/\/www.veneciacr.com\/index.php\/producto\/engrasadora-neumatica-45l-tht118452-total\/"},"modified":"2026-04-21T02:02:44","modified_gmt":"2026-04-21T08:02:44","slug":"contra-pedido-engrasadora-neumatica-45l-tht118452-total","status":"publish","type":"product","link":"https:\/\/www.veneciacr.com\/index.php\/producto\/contra-pedido-engrasadora-neumatica-45l-tht118452-total\/","title":{"rendered":"CONTRA PEDIDO ENGRASADORA NEUMATICA 45L THT118452 TOTAL"},"content":{"rendered":"<p><strong>Producto contra pedido,\u00a0 el tiempo de entrega de este producto es de 2 d\u00edas h\u00e1biles.<\/strong><\/p>\n<p>&nbsp;<\/p>\n<p>-Capacidad: 45LT<\/p>\n<p>-Presi\u00f3n: 6 \u2013 8 bar<\/p>\n<p>-Tama\u00f1o del cabezal de la bomba: 258 mm (altura) x 114 mm (ancho)<\/p>\n<p>-Flujo libre m\u00e1ximo: 850gr\/min<\/p>\n<p>-Di\u00e1metro del cilindro: 70mm<\/p>\n<p>-Consumo de aire: 250 litros\/min<\/p>\n<p>-Regulador de aire de entrada y salida: 1\/4\u2033<\/p>\n<p>-Manguera de grasa: 5M<\/p>\n","protected":false},"excerpt":{"rendered":"<p>Producto contra pedido,\u00a0 el tiempo de entrega de este producto es de 2 d\u00edas h\u00e1biles. &nbsp; -Capacidad: 45LT -Presi\u00f3n: 6<\/p>\n","protected":false},"featured_media":98426,"comment_status":"closed","ping_status":"open","template":"","meta":[],"product_brand":[],"product_cat":[15],"product_tag":[],"class_list":{"0":"post-98425","1":"product","2":"type-product","3":"status-publish","4":"has-post-thumbnail","6":"product_cat-uncategorized","8":"first","9":"instock","10":"purchasable","11":"product-type-simple"},"jetpack_sharing_enabled":true,"_links":{"self":[{"href":"https:\/\/www.veneciacr.com\/index.php\/wp-json\/wp\/v2\/product\/98425","targetHints":{"allow":["GET"]}}],"collection":[{"href":"https:\/\/www.veneciacr.com\/index.php\/wp-json\/wp\/v2\/product"}],"about":[{"href":"https:\/\/www.veneciacr.com\/index.php\/wp-json\/wp\/v2\/types\/product"}],"replies":[{"embeddable":true,"href":"https:\/\/www.veneciacr.com\/index.php\/wp-json\/wp\/v2\/comments?post=98425"}],"wp:featuredmedia":[{"embeddable":true,"href":"https:\/\/www.veneciacr.com\/index.php\/wp-json\/wp\/v2\/media\/98426"}],"wp:attachment":[{"href":"https:\/\/www.veneciacr.com\/index.php\/wp-json\/wp\/v2\/media?parent=98425"}],"wp:term":[{"taxonomy":"product_brand","embeddable":true,"href":"https:\/\/www.veneciacr.com\/index.php\/wp-json\/wp\/v2\/product_brand?post=98425"},{"taxonomy":"product_cat","embeddable":true,"href":"https:\/\/www.veneciacr.com\/index.php\/wp-json\/wp\/v2\/product_cat?post=98425"},{"taxonomy":"product_tag","embeddable":true,"href":"https:\/\/www.veneciacr.com\/index.php\/wp-json\/wp\/v2\/product_tag?post=98425"}],"curies":[{"name":"wp","href":"https:\/\/api.w.org\/{rel}","templated":true}]}}