{"id":9830,"date":"2026-04-21T04:35:00","date_gmt":"2026-04-21T10:35:00","guid":{"rendered":"https:\/\/www.veneciacr.com\/index.php\/product\/casco-de-seguridad-azul-5051-cas-z-truper\/"},"modified":"2026-04-21T04:35:02","modified_gmt":"2026-04-21T10:35:02","slug":"casco-seguridad-azul-5051-cas-z-truper","status":"publish","type":"product","link":"https:\/\/www.veneciacr.com\/index.php\/producto\/casco-seguridad-azul-5051-cas-z-truper\/","title":{"rendered":"CASCO SEGURIDAD AZUL 5051 CAS-Z TRUPER"},"content":{"rendered":"<p>Fabricado en polietileno de alta densidad<\/p>\n<p>Clase E: Brinda protecci\u00f3n contra alta tensi\u00f3n el\u00e9ctrica de hasta 20,000 V<\/p>\n<p>Tipo 1: Protege contra impacto de objetos en ca\u00edda<\/p>\n<p>Tipo cachucha<\/p>\n<p>Dise\u00f1o c\u00f3modo y ligero<\/p>\n","protected":false},"excerpt":{"rendered":"<p>Fabricado en polietileno de alta densidad Clase E: Brinda protecci\u00f3n contra alta tensi\u00f3n el\u00e9ctrica de hasta 20,000 V Tipo 1:<\/p>\n","protected":false},"featured_media":76545,"comment_status":"closed","ping_status":"open","template":"","meta":[],"product_brand":[],"product_cat":[23,88],"product_tag":[],"class_list":{"0":"post-9830","1":"product","2":"type-product","3":"status-publish","4":"has-post-thumbnail","6":"product_cat-herramientas","7":"product_cat-proteccion-y-seguridad","9":"first","10":"instock","11":"purchasable","12":"product-type-simple"},"jetpack_sharing_enabled":true,"_links":{"self":[{"href":"https:\/\/www.veneciacr.com\/index.php\/wp-json\/wp\/v2\/product\/9830","targetHints":{"allow":["GET"]}}],"collection":[{"href":"https:\/\/www.veneciacr.com\/index.php\/wp-json\/wp\/v2\/product"}],"about":[{"href":"https:\/\/www.veneciacr.com\/index.php\/wp-json\/wp\/v2\/types\/product"}],"replies":[{"embeddable":true,"href":"https:\/\/www.veneciacr.com\/index.php\/wp-json\/wp\/v2\/comments?post=9830"}],"wp:featuredmedia":[{"embeddable":true,"href":"https:\/\/www.veneciacr.com\/index.php\/wp-json\/wp\/v2\/media\/76545"}],"wp:attachment":[{"href":"https:\/\/www.veneciacr.com\/index.php\/wp-json\/wp\/v2\/media?parent=9830"}],"wp:term":[{"taxonomy":"product_brand","embeddable":true,"href":"https:\/\/www.veneciacr.com\/index.php\/wp-json\/wp\/v2\/product_brand?post=9830"},{"taxonomy":"product_cat","embeddable":true,"href":"https:\/\/www.veneciacr.com\/index.php\/wp-json\/wp\/v2\/product_cat?post=9830"},{"taxonomy":"product_tag","embeddable":true,"href":"https:\/\/www.veneciacr.com\/index.php\/wp-json\/wp\/v2\/product_tag?post=9830"}],"curies":[{"name":"wp","href":"https:\/\/api.w.org\/{rel}","templated":true}]}}