{"id":98098,"date":"2026-04-21T02:03:20","date_gmt":"2026-04-21T08:03:20","guid":{"rendered":"https:\/\/www.veneciacr.com\/index.php\/producto\/prensa-terminal-4-puntos-puntas-cable-0-2-6mm2-38058-tolsen\/"},"modified":"2026-04-21T02:03:21","modified_gmt":"2026-04-21T08:03:21","slug":"prensa-terminal-4-puntos-puntas-cable-0-2-6mm2-38058-tolsen","status":"publish","type":"product","link":"https:\/\/www.veneciacr.com\/index.php\/producto\/prensa-terminal-4-puntos-puntas-cable-0-2-6mm2-38058-tolsen\/","title":{"rendered":"PRENSA TERMINAL 4 PUNTOS PUNTAS CABLE 0.2-6MM2 38058 TOLSEN"},"content":{"rendered":"<p>Calibre de cable aplicable: 0,25 a 10 mm\u00b2 (AWG23-7)<br \/>\n\u2022 Trinquete autoajustable: Con rueda de estrella para ajustar la presi\u00f3n de crimpado, garantiza un crimpado preciso y evita que los casquillos se crimpen demasiado.<br \/>\n\u2022 Bloqueo de seguridad y liberaci\u00f3n r\u00e1pida: El mango se bloquea apret\u00e1ndolo cuando no se usa y se guarda en una bolsa de transporte. Un gatillo de liberaci\u00f3n en el interior del mango empuja hacia arriba para bloquear y abrir r\u00e1pidamente las mordazas.<br \/>\n\u2022 Mango ergon\u00f3mico de ABS<br \/>\n\u2022 Presentaci\u00f3n: bl\u00edster<\/p>\n","protected":false},"excerpt":{"rendered":"<p>Calibre de cable aplicable: 0,25 a 10 mm\u00b2 (AWG23-7) \u2022 Trinquete autoajustable: Con rueda de estrella para ajustar la presi\u00f3n<\/p>\n","protected":false},"featured_media":98133,"comment_status":"closed","ping_status":"open","template":"","meta":[],"product_brand":[],"product_cat":[15],"product_tag":[],"class_list":{"0":"post-98098","1":"product","2":"type-product","3":"status-publish","4":"has-post-thumbnail","6":"product_cat-uncategorized","8":"first","9":"instock","10":"purchasable","11":"product-type-simple"},"jetpack_sharing_enabled":true,"_links":{"self":[{"href":"https:\/\/www.veneciacr.com\/index.php\/wp-json\/wp\/v2\/product\/98098","targetHints":{"allow":["GET"]}}],"collection":[{"href":"https:\/\/www.veneciacr.com\/index.php\/wp-json\/wp\/v2\/product"}],"about":[{"href":"https:\/\/www.veneciacr.com\/index.php\/wp-json\/wp\/v2\/types\/product"}],"replies":[{"embeddable":true,"href":"https:\/\/www.veneciacr.com\/index.php\/wp-json\/wp\/v2\/comments?post=98098"}],"wp:featuredmedia":[{"embeddable":true,"href":"https:\/\/www.veneciacr.com\/index.php\/wp-json\/wp\/v2\/media\/98133"}],"wp:attachment":[{"href":"https:\/\/www.veneciacr.com\/index.php\/wp-json\/wp\/v2\/media?parent=98098"}],"wp:term":[{"taxonomy":"product_brand","embeddable":true,"href":"https:\/\/www.veneciacr.com\/index.php\/wp-json\/wp\/v2\/product_brand?post=98098"},{"taxonomy":"product_cat","embeddable":true,"href":"https:\/\/www.veneciacr.com\/index.php\/wp-json\/wp\/v2\/product_cat?post=98098"},{"taxonomy":"product_tag","embeddable":true,"href":"https:\/\/www.veneciacr.com\/index.php\/wp-json\/wp\/v2\/product_tag?post=98098"}],"curies":[{"name":"wp","href":"https:\/\/api.w.org\/{rel}","templated":true}]}}