{"id":98043,"date":"2026-05-13T01:54:57","date_gmt":"2026-05-13T07:54:57","guid":{"rendered":"https:\/\/www.veneciacr.com\/index.php\/producto\/set-sacabocados-9pzs-25093-tolsen\/"},"modified":"2026-05-13T01:54:58","modified_gmt":"2026-05-13T07:54:58","slug":"set-sacabocados-9pzs-25093-tolsen","status":"publish","type":"product","link":"https:\/\/www.veneciacr.com\/index.php\/producto\/set-sacabocados-9pzs-25093-tolsen\/","title":{"rendered":"SET SACABOCADOS 9PZS 25093 TOLSEN"},"content":{"rendered":"<p><span>\u2022 Acero al carbono, endurecido<\/span><br \/>\n<span>\u2022 Embalaje: bl\u00edster<\/span><\/p>\n<table>\n<tbody>\n<tr>\n<td><span>N\u00daMERO DE STOCK<\/span><\/td>\n<td><span>TAMA\u00d1O<\/span><\/td>\n<td><\/td>\n<\/tr>\n<tr>\n<td><span>25093<\/span><\/td>\n<td><span>2,5, 3, 4, 5, 6, 7, 8, 9, 10 mm<\/span><\/td>\n<td><\/td>\n<\/tr>\n<\/tbody>\n<\/table>\n<p>&nbsp;<\/p>\n","protected":false},"excerpt":{"rendered":"<p>\u2022 Acero al carbono, endurecido \u2022 Embalaje: bl\u00edster N\u00daMERO DE STOCK TAMA\u00d1O 25093 2,5, 3, 4, 5, 6, 7, 8,<\/p>\n","protected":false},"featured_media":98186,"comment_status":"closed","ping_status":"open","template":"","meta":[],"product_brand":[],"product_cat":[152,23],"product_tag":[],"class_list":{"0":"post-98043","1":"product","2":"type-product","3":"status-publish","4":"has-post-thumbnail","6":"product_cat-herramienta-manuales","7":"product_cat-herramientas","9":"first","10":"instock","11":"purchasable","12":"product-type-simple"},"jetpack_sharing_enabled":true,"_links":{"self":[{"href":"https:\/\/www.veneciacr.com\/index.php\/wp-json\/wp\/v2\/product\/98043","targetHints":{"allow":["GET"]}}],"collection":[{"href":"https:\/\/www.veneciacr.com\/index.php\/wp-json\/wp\/v2\/product"}],"about":[{"href":"https:\/\/www.veneciacr.com\/index.php\/wp-json\/wp\/v2\/types\/product"}],"replies":[{"embeddable":true,"href":"https:\/\/www.veneciacr.com\/index.php\/wp-json\/wp\/v2\/comments?post=98043"}],"wp:featuredmedia":[{"embeddable":true,"href":"https:\/\/www.veneciacr.com\/index.php\/wp-json\/wp\/v2\/media\/98186"}],"wp:attachment":[{"href":"https:\/\/www.veneciacr.com\/index.php\/wp-json\/wp\/v2\/media?parent=98043"}],"wp:term":[{"taxonomy":"product_brand","embeddable":true,"href":"https:\/\/www.veneciacr.com\/index.php\/wp-json\/wp\/v2\/product_brand?post=98043"},{"taxonomy":"product_cat","embeddable":true,"href":"https:\/\/www.veneciacr.com\/index.php\/wp-json\/wp\/v2\/product_cat?post=98043"},{"taxonomy":"product_tag","embeddable":true,"href":"https:\/\/www.veneciacr.com\/index.php\/wp-json\/wp\/v2\/product_tag?post=98043"}],"curies":[{"name":"wp","href":"https:\/\/api.w.org\/{rel}","templated":true}]}}