{"id":98002,"date":"2026-04-21T02:03:51","date_gmt":"2026-04-21T08:03:51","guid":{"rendered":"https:\/\/www.veneciacr.com\/index.php\/producto\/alicate-electricista-8-5-multifuncion-10294-tolsen\/"},"modified":"2026-04-21T02:03:54","modified_gmt":"2026-04-21T08:03:54","slug":"alicate-electricista-8-5-multifuncion-10294-tolsen","status":"publish","type":"product","link":"https:\/\/www.veneciacr.com\/index.php\/producto\/alicate-electricista-8-5-multifuncion-10294-tolsen\/","title":{"rendered":"ALICATE ELECTRICISTA 8.5&#8243; MULTIFUNCION 10294 TOLSEN"},"content":{"rendered":"<p>\u2022 Tama\u00f1o: 8,5\u2033 \/ 215 mm<br \/>\n\u2022 Dise\u00f1o patentado<br \/>\n\u2022 Forjado en acero al cromo vanadio de alta calidad, tratamiento t\u00e9rmico general, el filo endurecido por inducci\u00f3n se mantiene m\u00e1s afilado por m\u00e1s tiempo.<br \/>\n\u2022 Dise\u00f1o que ahorra mano de obra 32%<br \/>\n\u2022 El lado externo de la mordaza proporciona un patr\u00f3n de lima, que puede eliminar f\u00e1cilmente las rebabas afiladas en la superficie de la pieza de trabajo.<br \/>\n\u2022 Las mordazas dentadas proporcionan una mayor fuerza de sujeci\u00f3n.<br \/>\n\u2022 Abrazadera redonda asim\u00e9trica, m\u00e1s potente para sujetar la superficie del objeto.<br \/>\n\u2022 Filo de corte afilado y endurecido adecuado para cortar cables comunes de cobre y hierro.<br \/>\n\u2022 Funci\u00f3n de engarce adecuada para terminales de 0,5-1 mm\u00b2, 1,5-2,5 mm\u00b2.<br \/>\nPelacables y crimpadora: Cable s\u00f3lido de 18-10 AWG (18-16-14-12-10) \/ 1,0-2,6 mm\u00b2 (1,0-1,3-1,6-2,0-2,6).<br \/>\nCinco orificios de precisi\u00f3n para pelar cables, totalmente rectificados y fabricados con acero al manganeso de alta calidad con tratamiento t\u00e9rmico independiente, facilitan el pelado sin da\u00f1ar el n\u00facleo.<br \/>\nEmpaque: bl\u00edster doble.<\/p>\n","protected":false},"excerpt":{"rendered":"<p>\u2022 Tama\u00f1o: 8,5\u2033 \/ 215 mm \u2022 Dise\u00f1o patentado \u2022 Forjado en acero al cromo vanadio de alta calidad, tratamiento<\/p>\n","protected":false},"featured_media":98235,"comment_status":"closed","ping_status":"open","template":"","meta":[],"product_brand":[],"product_cat":[15],"product_tag":[],"class_list":{"0":"post-98002","1":"product","2":"type-product","3":"status-publish","4":"has-post-thumbnail","6":"product_cat-uncategorized","8":"first","9":"instock","10":"purchasable","11":"product-type-simple"},"jetpack_sharing_enabled":true,"_links":{"self":[{"href":"https:\/\/www.veneciacr.com\/index.php\/wp-json\/wp\/v2\/product\/98002","targetHints":{"allow":["GET"]}}],"collection":[{"href":"https:\/\/www.veneciacr.com\/index.php\/wp-json\/wp\/v2\/product"}],"about":[{"href":"https:\/\/www.veneciacr.com\/index.php\/wp-json\/wp\/v2\/types\/product"}],"replies":[{"embeddable":true,"href":"https:\/\/www.veneciacr.com\/index.php\/wp-json\/wp\/v2\/comments?post=98002"}],"wp:featuredmedia":[{"embeddable":true,"href":"https:\/\/www.veneciacr.com\/index.php\/wp-json\/wp\/v2\/media\/98235"}],"wp:attachment":[{"href":"https:\/\/www.veneciacr.com\/index.php\/wp-json\/wp\/v2\/media?parent=98002"}],"wp:term":[{"taxonomy":"product_brand","embeddable":true,"href":"https:\/\/www.veneciacr.com\/index.php\/wp-json\/wp\/v2\/product_brand?post=98002"},{"taxonomy":"product_cat","embeddable":true,"href":"https:\/\/www.veneciacr.com\/index.php\/wp-json\/wp\/v2\/product_cat?post=98002"},{"taxonomy":"product_tag","embeddable":true,"href":"https:\/\/www.veneciacr.com\/index.php\/wp-json\/wp\/v2\/product_tag?post=98002"}],"curies":[{"name":"wp","href":"https:\/\/api.w.org\/{rel}","templated":true}]}}