{"id":97240,"date":"2026-04-21T02:06:26","date_gmt":"2026-04-21T08:06:26","guid":{"rendered":"https:\/\/www.veneciacr.com\/index.php\/producto\/set-tarrajas-para-tubo-1-2-3-4-1-npt-ta-850-truper\/"},"modified":"2026-04-21T02:06:27","modified_gmt":"2026-04-21T08:06:27","slug":"set-tarrajas-para-tubo-1-2-3-4-1-npt-ta-850-truper","status":"publish","type":"product","link":"https:\/\/www.veneciacr.com\/index.php\/producto\/set-tarrajas-para-tubo-1-2-3-4-1-npt-ta-850-truper\/","title":{"rendered":"SET TARRAJAS PARA TUBO 1\/2-3\/4-1&#8243; NPT TA-850 TRUPER"},"content":{"rendered":"<p>Cabezal con sistema de matraca reversible<\/p>\n<p>Peines fabricados de acero al cromo para larga duraci\u00f3n<\/p>\n<p>Con pr\u00e1ctico estuche para transportar<\/p>\n<p>Para trabajos de instalaci\u00f3n, reparaci\u00f3n, mantenimiento de tuber\u00eda y para roscados en lugares de dif\u00edcil acceso<\/p>\n<div class=\"col-6\">\n<div class=\"table-responsive tabla_border\">\n<table class=\"table table-bordered table_info_prod align-middle m-0\">\n<tbody>\n<tr id=\"tabla_especs\">\n<th class=\"tamanio_th_especs\" scope=\"row\">\n<p class=\"margen_tabla_especs\">Capacidad de roscado<\/p>\n<\/th>\n<td>\n<p class=\"margen_tabla_especs\">1\/2&#8243;, 3\/4&#8243; y 1&#8243;<\/p>\n<\/td>\n<\/tr>\n<tr id=\"tabla_especs\">\n<th class=\"tamanio_th_especs\" scope=\"row\">\n<p class=\"margen_tabla_especs\">Inner<\/p>\n<\/th>\n<td>\n<p class=\"margen_tabla_especs\">1<\/p>\n<\/td>\n<\/tr>\n<tr id=\"tabla_especs\">\n<th class=\"tamanio_th_especs\" scope=\"row\"><\/th>\n<td><\/td>\n<\/tr>\n<\/tbody>\n<\/table>\n<\/div>\n<\/div>\n<div class=\"col-6\">\n<div class=\"table-responsive tabla_border\">\n<table class=\"table table-bordered table_info_prod align-middle m-0\">\n<tbody>\n<tr id=\"tabla_especs\">\n<th class=\"tamanio_th_especs\" scope=\"row\">\n<p class=\"margen_tabla_especs\">Empaque individual<\/p>\n<\/th>\n<td>\n<p class=\"margen_tabla_especs\">Estuche<\/p>\n<\/td>\n<\/tr>\n<\/tbody>\n<\/table>\n<\/div>\n<\/div>\n","protected":false},"excerpt":{"rendered":"<p>Cabezal con sistema de matraca reversible Peines fabricados de acero al cromo para larga duraci\u00f3n Con pr\u00e1ctico estuche para transportar<\/p>\n","protected":false},"featured_media":97241,"comment_status":"closed","ping_status":"open","template":"","meta":[],"product_brand":[],"product_cat":[15],"product_tag":[],"class_list":{"0":"post-97240","1":"product","2":"type-product","3":"status-publish","4":"has-post-thumbnail","6":"product_cat-uncategorized","8":"first","9":"instock","10":"purchasable","11":"product-type-simple"},"jetpack_sharing_enabled":true,"_links":{"self":[{"href":"https:\/\/www.veneciacr.com\/index.php\/wp-json\/wp\/v2\/product\/97240","targetHints":{"allow":["GET"]}}],"collection":[{"href":"https:\/\/www.veneciacr.com\/index.php\/wp-json\/wp\/v2\/product"}],"about":[{"href":"https:\/\/www.veneciacr.com\/index.php\/wp-json\/wp\/v2\/types\/product"}],"replies":[{"embeddable":true,"href":"https:\/\/www.veneciacr.com\/index.php\/wp-json\/wp\/v2\/comments?post=97240"}],"wp:featuredmedia":[{"embeddable":true,"href":"https:\/\/www.veneciacr.com\/index.php\/wp-json\/wp\/v2\/media\/97241"}],"wp:attachment":[{"href":"https:\/\/www.veneciacr.com\/index.php\/wp-json\/wp\/v2\/media?parent=97240"}],"wp:term":[{"taxonomy":"product_brand","embeddable":true,"href":"https:\/\/www.veneciacr.com\/index.php\/wp-json\/wp\/v2\/product_brand?post=97240"},{"taxonomy":"product_cat","embeddable":true,"href":"https:\/\/www.veneciacr.com\/index.php\/wp-json\/wp\/v2\/product_cat?post=97240"},{"taxonomy":"product_tag","embeddable":true,"href":"https:\/\/www.veneciacr.com\/index.php\/wp-json\/wp\/v2\/product_tag?post=97240"}],"curies":[{"name":"wp","href":"https:\/\/api.w.org\/{rel}","templated":true}]}}