{"id":97070,"date":"2026-04-21T02:06:29","date_gmt":"2026-04-21T08:06:29","guid":{"rendered":"https:\/\/www.veneciacr.com\/index.php\/producto\/quitagrapas-wadfow-6-5-wqd1665-wadfow\/"},"modified":"2026-04-21T02:06:32","modified_gmt":"2026-04-21T08:06:32","slug":"quitagrapas-wadfow-6-5-wqd1665-wadfow","status":"publish","type":"product","link":"https:\/\/www.veneciacr.com\/index.php\/producto\/quitagrapas-wadfow-6-5-wqd1665-wadfow\/","title":{"rendered":"QUITAGRAPAS WADFOW 6.5&#8243; WQD1665 WADFOW"},"content":{"rendered":"<p>Tama\u00f1o: 6.5&#8243;<br \/>\nMaterial: Acero al carbono<br \/>\nFunciona para remover estribos<br \/>\nF\u00e1cil operaci\u00f3n y mango c\u00f3modo<br \/>\nchapado en cromo<br \/>\nEmpacado en tarjeta deslizante<\/p>\n","protected":false},"excerpt":{"rendered":"<p>Tama\u00f1o: 6.5&#8243; Material: Acero al carbono Funciona para remover estribos F\u00e1cil operaci\u00f3n y mango c\u00f3modo chapado en cromo Empacado en<\/p>\n","protected":false},"featured_media":97092,"comment_status":"closed","ping_status":"open","template":"","meta":[],"product_brand":[],"product_cat":[15],"product_tag":[],"class_list":{"0":"post-97070","1":"product","2":"type-product","3":"status-publish","4":"has-post-thumbnail","6":"product_cat-uncategorized","8":"first","9":"instock","10":"purchasable","11":"product-type-simple"},"jetpack_sharing_enabled":true,"_links":{"self":[{"href":"https:\/\/www.veneciacr.com\/index.php\/wp-json\/wp\/v2\/product\/97070","targetHints":{"allow":["GET"]}}],"collection":[{"href":"https:\/\/www.veneciacr.com\/index.php\/wp-json\/wp\/v2\/product"}],"about":[{"href":"https:\/\/www.veneciacr.com\/index.php\/wp-json\/wp\/v2\/types\/product"}],"replies":[{"embeddable":true,"href":"https:\/\/www.veneciacr.com\/index.php\/wp-json\/wp\/v2\/comments?post=97070"}],"wp:featuredmedia":[{"embeddable":true,"href":"https:\/\/www.veneciacr.com\/index.php\/wp-json\/wp\/v2\/media\/97092"}],"wp:attachment":[{"href":"https:\/\/www.veneciacr.com\/index.php\/wp-json\/wp\/v2\/media?parent=97070"}],"wp:term":[{"taxonomy":"product_brand","embeddable":true,"href":"https:\/\/www.veneciacr.com\/index.php\/wp-json\/wp\/v2\/product_brand?post=97070"},{"taxonomy":"product_cat","embeddable":true,"href":"https:\/\/www.veneciacr.com\/index.php\/wp-json\/wp\/v2\/product_cat?post=97070"},{"taxonomy":"product_tag","embeddable":true,"href":"https:\/\/www.veneciacr.com\/index.php\/wp-json\/wp\/v2\/product_tag?post=97070"}],"curies":[{"name":"wp","href":"https:\/\/api.w.org\/{rel}","templated":true}]}}