{"id":97040,"date":"2026-04-29T01:55:15","date_gmt":"2026-04-29T07:55:15","guid":{"rendered":"https:\/\/www.veneciacr.com\/index.php\/producto\/llave-bola-gas-1-2-8200r004-fiv\/"},"modified":"2026-04-29T01:55:16","modified_gmt":"2026-04-29T07:55:16","slug":"llave-bola-gas-1-2-8200r004-fiv","status":"publish","type":"product","link":"https:\/\/www.veneciacr.com\/index.php\/producto\/llave-bola-gas-1-2-8200r004-fiv\/","title":{"rendered":"LLAVE BOLA GAS 1\/2&#8243; 8200R004 FIV"},"content":{"rendered":"<p>Estas v\u00e1lvulas son aptas para su uso con las tres clases de gases (metano, gasoductos, GPL) en redes de distribuci\u00f3n y plantas de baja y media presi\u00f3n. Para usos especiales (de acuerdo con las presiones establecidas para estas v\u00e1lvulas), consulte la tabla de compatibilidad qu\u00edmica en los anexos t\u00e9cnicos del cat\u00e1logo correspondiente. Art\u00edculos incluidos en el marcado CE, seg\u00fan el art\u00edculo 4, apartado 3, de la Directiva 2014\/68\/UE.<\/p>\n<p>Temperatura de funcionamiento: de -20 \u00b0C a +60 \u00b0C<\/p>\n","protected":false},"excerpt":{"rendered":"<p>Estas v\u00e1lvulas son aptas para su uso con las tres clases de gases (metano, gasoductos, GPL) en redes de distribuci\u00f3n<\/p>\n","protected":false},"featured_media":97822,"comment_status":"closed","ping_status":"open","template":"","meta":[],"product_brand":[],"product_cat":[15],"product_tag":[],"class_list":{"0":"post-97040","1":"product","2":"type-product","3":"status-publish","4":"has-post-thumbnail","6":"product_cat-uncategorized","8":"first","9":"instock","10":"purchasable","11":"product-type-simple"},"jetpack_sharing_enabled":true,"_links":{"self":[{"href":"https:\/\/www.veneciacr.com\/index.php\/wp-json\/wp\/v2\/product\/97040","targetHints":{"allow":["GET"]}}],"collection":[{"href":"https:\/\/www.veneciacr.com\/index.php\/wp-json\/wp\/v2\/product"}],"about":[{"href":"https:\/\/www.veneciacr.com\/index.php\/wp-json\/wp\/v2\/types\/product"}],"replies":[{"embeddable":true,"href":"https:\/\/www.veneciacr.com\/index.php\/wp-json\/wp\/v2\/comments?post=97040"}],"wp:featuredmedia":[{"embeddable":true,"href":"https:\/\/www.veneciacr.com\/index.php\/wp-json\/wp\/v2\/media\/97822"}],"wp:attachment":[{"href":"https:\/\/www.veneciacr.com\/index.php\/wp-json\/wp\/v2\/media?parent=97040"}],"wp:term":[{"taxonomy":"product_brand","embeddable":true,"href":"https:\/\/www.veneciacr.com\/index.php\/wp-json\/wp\/v2\/product_brand?post=97040"},{"taxonomy":"product_cat","embeddable":true,"href":"https:\/\/www.veneciacr.com\/index.php\/wp-json\/wp\/v2\/product_cat?post=97040"},{"taxonomy":"product_tag","embeddable":true,"href":"https:\/\/www.veneciacr.com\/index.php\/wp-json\/wp\/v2\/product_tag?post=97040"}],"curies":[{"name":"wp","href":"https:\/\/api.w.org\/{rel}","templated":true}]}}