{"id":96203,"date":"2026-04-29T01:55:17","date_gmt":"2026-04-29T07:55:17","guid":{"rendered":"https:\/\/www.veneciacr.com\/index.php\/producto\/set-cargador-y-2-baterias-litio-4a-utfbcpk1424-total\/"},"modified":"2026-04-29T01:55:17","modified_gmt":"2026-04-29T07:55:17","slug":"set-cargador-y-2-bat-20v-4a-utfbcpk2013-total","status":"publish","type":"product","link":"https:\/\/www.veneciacr.com\/index.php\/producto\/set-cargador-y-2-bat-20v-4a-utfbcpk2013-total\/","title":{"rendered":"SET CARGADOR Y 2 BAT 20V 4A UTFBCPK2013 TOTAL"},"content":{"rendered":"<p><strong>Producto contra pedido,\u00a0 el tiempo de entrega de este producto es de 2 d\u00edas h\u00e1biles.<\/strong><\/p>\n<p>&nbsp;<\/p>\n<p>-Paquete de bater\u00edas de ion de litio (TFBLI2002) 2 pares<\/p>\n<p>-Bater\u00eda de ion de litio de 4.0Ah<\/p>\n<p>-Indicador de energ\u00eda de la bater\u00eda con LED<\/p>\n<ul>\n<li>-1 cargador de corriente de salida: 4A<\/li>\n<\/ul>\n","protected":false},"excerpt":{"rendered":"<p>Producto contra pedido,\u00a0 el tiempo de entrega de este producto es de 2 d\u00edas h\u00e1biles. &nbsp; -Paquete de bater\u00edas de<\/p>\n","protected":false},"featured_media":97423,"comment_status":"closed","ping_status":"open","template":"","meta":[],"product_brand":[],"product_cat":[15],"product_tag":[],"class_list":{"0":"post-96203","1":"product","2":"type-product","3":"status-publish","4":"has-post-thumbnail","6":"product_cat-uncategorized","8":"first","9":"outofstock","10":"purchasable","11":"product-type-simple"},"jetpack_sharing_enabled":true,"_links":{"self":[{"href":"https:\/\/www.veneciacr.com\/index.php\/wp-json\/wp\/v2\/product\/96203","targetHints":{"allow":["GET"]}}],"collection":[{"href":"https:\/\/www.veneciacr.com\/index.php\/wp-json\/wp\/v2\/product"}],"about":[{"href":"https:\/\/www.veneciacr.com\/index.php\/wp-json\/wp\/v2\/types\/product"}],"replies":[{"embeddable":true,"href":"https:\/\/www.veneciacr.com\/index.php\/wp-json\/wp\/v2\/comments?post=96203"}],"wp:featuredmedia":[{"embeddable":true,"href":"https:\/\/www.veneciacr.com\/index.php\/wp-json\/wp\/v2\/media\/97423"}],"wp:attachment":[{"href":"https:\/\/www.veneciacr.com\/index.php\/wp-json\/wp\/v2\/media?parent=96203"}],"wp:term":[{"taxonomy":"product_brand","embeddable":true,"href":"https:\/\/www.veneciacr.com\/index.php\/wp-json\/wp\/v2\/product_brand?post=96203"},{"taxonomy":"product_cat","embeddable":true,"href":"https:\/\/www.veneciacr.com\/index.php\/wp-json\/wp\/v2\/product_cat?post=96203"},{"taxonomy":"product_tag","embeddable":true,"href":"https:\/\/www.veneciacr.com\/index.php\/wp-json\/wp\/v2\/product_tag?post=96203"}],"curies":[{"name":"wp","href":"https:\/\/api.w.org\/{rel}","templated":true}]}}