{"id":95659,"date":"2026-04-21T02:07:00","date_gmt":"2026-04-21T08:07:00","guid":{"rendered":"https:\/\/www.veneciacr.com\/index.php\/producto\/vibrador-ceramica-5-20v-sin-bateria-ttvli2010-total\/"},"modified":"2026-04-21T02:07:01","modified_gmt":"2026-04-21T08:07:01","slug":"vibrador-ceramica-5-20v-sin-bateria-ttvli2010-2001-total","status":"publish","type":"product","link":"https:\/\/www.veneciacr.com\/index.php\/producto\/vibrador-ceramica-5-20v-sin-bateria-ttvli2010-2001-total\/","title":{"rendered":"VIBRADOR CERAMICA 5&#8243; 20V SIN BATERIA TTVLI2010\/2001 TOTAL"},"content":{"rendered":"<p>-Frecuencia de vibraci\u00f3n: 0-10000rpm<\/p>\n<p>-Capacidad de absorci\u00f3n: 150kg<\/p>\n<p>-Bater\u00eda y cargador se venden por separado<\/p>\n","protected":false},"excerpt":{"rendered":"<p>-Frecuencia de vibraci\u00f3n: 0-10000rpm -Capacidad de absorci\u00f3n: 150kg -Bater\u00eda y cargador se venden por separado<\/p>\n","protected":false},"featured_media":95660,"comment_status":"closed","ping_status":"open","template":"","meta":[],"product_brand":[],"product_cat":[15],"product_tag":[],"class_list":{"0":"post-95659","1":"product","2":"type-product","3":"status-publish","4":"has-post-thumbnail","6":"product_cat-uncategorized","8":"first","9":"instock","10":"purchasable","11":"product-type-simple"},"jetpack_sharing_enabled":true,"_links":{"self":[{"href":"https:\/\/www.veneciacr.com\/index.php\/wp-json\/wp\/v2\/product\/95659","targetHints":{"allow":["GET"]}}],"collection":[{"href":"https:\/\/www.veneciacr.com\/index.php\/wp-json\/wp\/v2\/product"}],"about":[{"href":"https:\/\/www.veneciacr.com\/index.php\/wp-json\/wp\/v2\/types\/product"}],"replies":[{"embeddable":true,"href":"https:\/\/www.veneciacr.com\/index.php\/wp-json\/wp\/v2\/comments?post=95659"}],"wp:featuredmedia":[{"embeddable":true,"href":"https:\/\/www.veneciacr.com\/index.php\/wp-json\/wp\/v2\/media\/95660"}],"wp:attachment":[{"href":"https:\/\/www.veneciacr.com\/index.php\/wp-json\/wp\/v2\/media?parent=95659"}],"wp:term":[{"taxonomy":"product_brand","embeddable":true,"href":"https:\/\/www.veneciacr.com\/index.php\/wp-json\/wp\/v2\/product_brand?post=95659"},{"taxonomy":"product_cat","embeddable":true,"href":"https:\/\/www.veneciacr.com\/index.php\/wp-json\/wp\/v2\/product_cat?post=95659"},{"taxonomy":"product_tag","embeddable":true,"href":"https:\/\/www.veneciacr.com\/index.php\/wp-json\/wp\/v2\/product_tag?post=95659"}],"curies":[{"name":"wp","href":"https:\/\/api.w.org\/{rel}","templated":true}]}}