{"id":95574,"date":"2026-04-21T02:07:03","date_gmt":"2026-04-21T08:07:03","guid":{"rendered":"https:\/\/www.veneciacr.com\/index.php\/producto\/jgo-4-brocas-diamantadas-jbd-4-truper\/"},"modified":"2026-04-21T02:07:04","modified_gmt":"2026-04-21T08:07:04","slug":"set-4-brocas-diamantadas-jbd-4-truper","status":"publish","type":"product","link":"https:\/\/www.veneciacr.com\/index.php\/producto\/set-4-brocas-diamantadas-jbd-4-truper\/","title":{"rendered":"SET 4 BROCAS DIAMANTADAS JBD-4 TRUPER"},"content":{"rendered":"<p>Borde segmentado y recubrimiento de diamante para cortes r\u00e1pidos y finos sin despostillar<\/p>\n<p>Ranura amplia para f\u00e1cil extracci\u00f3n de residuos con mayor profundidad de corte<\/p>\n<p>Ideal para perforar con velocidad baja<\/p>\n<p>Para corte en h\u00famedo<\/p>\n<div class=\"col vinieta_class\"><img loading=\"lazy\" decoding=\"async\" class=\"img_vinietas\" src=\"https:\/\/www.truper.com\/admin\/images\/vinietas\/103436-08.svg\" width=\"244\" height=\"244\" \/><\/p>\n<div class=\"row text-center text_vin\">Para uso sin percusi\u00f3n<\/div>\n<\/div>\n<div class=\"col vinieta_class\"><img loading=\"lazy\" decoding=\"async\" class=\"img_vinietas\" src=\"https:\/\/www.truper.com\/admin\/images\/vinietas\/103436-03.svg\" width=\"249\" height=\"249\" \/><\/p>\n<div class=\"row text-center text_vin\">Para corte en h\u00famedo<\/div>\n<\/div>\n<div class=\"col vinieta_class\"><img loading=\"lazy\" decoding=\"async\" class=\"img_vinietas\" src=\"https:\/\/www.truper.com\/admin\/images\/vinietas\/103432-06.svg\" width=\"256\" height=\"256\" \/><\/p>\n<div class=\"row text-center text_vin\">Loseta y cer\u00e1mica<\/div>\n<\/div>\n<div class=\"col vinieta_class\"><img loading=\"lazy\" decoding=\"async\" class=\"img_vinietas\" src=\"https:\/\/www.truper.com\/admin\/images\/vinietas\/103432-02.svg\" width=\"264\" height=\"264\" \/><\/p>\n<div class=\"row text-center text_vin\">Porcelanato<\/div>\n<div><\/div>\n<\/div>\n<div class=\"col-6\">\n<div class=\"table-responsive tabla_border\">\n<table class=\"table table-bordered table_info_prod align-middle m-0\">\n<tbody>\n<tr id=\"tabla_especs\">\n<th class=\"tamanio_th_especs\" scope=\"row\">\n<p class=\"margen_tabla_especs\">Medidas<\/p>\n<\/th>\n<td>\n<p class=\"margen_tabla_especs\">1\/4&#8243; (6 mm), 5\/16&#8243; (8 mm), 3\/8&#8243; (10 mm) y 1\/2&#8243; (13 mm)<\/p>\n<\/td>\n<\/tr>\n<tr id=\"tabla_especs\">\n<th class=\"tamanio_th_especs\" scope=\"row\">\n<p class=\"margen_tabla_especs\">Empaque individual<\/p>\n<\/th>\n<td>\n<p class=\"margen_tabla_especs\">Estuche<\/p>\n<\/td>\n<\/tr>\n<\/tbody>\n<\/table>\n<\/div>\n<\/div>\n<div class=\"col-6\">\n<div class=\"table-responsive tabla_border\">\n<table class=\"table table-bordered table_info_prod align-middle m-0\">\n<tbody>\n<tr id=\"tabla_especs\">\n<th class=\"tamanio_th_especs\" scope=\"row\">\n<p class=\"margen_tabla_especs\">N\u00famero de segmentos<\/p>\n<\/th>\n<td>\n<p class=\"margen_tabla_especs\">2<\/p>\n<\/td>\n<\/tr>\n<\/tbody>\n<\/table>\n<\/div>\n<\/div>\n","protected":false},"excerpt":{"rendered":"<p>Borde segmentado y recubrimiento de diamante para cortes r\u00e1pidos y finos sin despostillar Ranura amplia para f\u00e1cil extracci\u00f3n de residuos<\/p>\n","protected":false},"featured_media":95588,"comment_status":"closed","ping_status":"open","template":"","meta":[],"product_brand":[],"product_cat":[15],"product_tag":[],"class_list":{"0":"post-95574","1":"product","2":"type-product","3":"status-publish","4":"has-post-thumbnail","6":"product_cat-uncategorized","8":"first","9":"instock","10":"purchasable","11":"product-type-simple"},"jetpack_sharing_enabled":true,"_links":{"self":[{"href":"https:\/\/www.veneciacr.com\/index.php\/wp-json\/wp\/v2\/product\/95574","targetHints":{"allow":["GET"]}}],"collection":[{"href":"https:\/\/www.veneciacr.com\/index.php\/wp-json\/wp\/v2\/product"}],"about":[{"href":"https:\/\/www.veneciacr.com\/index.php\/wp-json\/wp\/v2\/types\/product"}],"replies":[{"embeddable":true,"href":"https:\/\/www.veneciacr.com\/index.php\/wp-json\/wp\/v2\/comments?post=95574"}],"wp:featuredmedia":[{"embeddable":true,"href":"https:\/\/www.veneciacr.com\/index.php\/wp-json\/wp\/v2\/media\/95588"}],"wp:attachment":[{"href":"https:\/\/www.veneciacr.com\/index.php\/wp-json\/wp\/v2\/media?parent=95574"}],"wp:term":[{"taxonomy":"product_brand","embeddable":true,"href":"https:\/\/www.veneciacr.com\/index.php\/wp-json\/wp\/v2\/product_brand?post=95574"},{"taxonomy":"product_cat","embeddable":true,"href":"https:\/\/www.veneciacr.com\/index.php\/wp-json\/wp\/v2\/product_cat?post=95574"},{"taxonomy":"product_tag","embeddable":true,"href":"https:\/\/www.veneciacr.com\/index.php\/wp-json\/wp\/v2\/product_tag?post=95574"}],"curies":[{"name":"wp","href":"https:\/\/api.w.org\/{rel}","templated":true}]}}