{"id":95570,"date":"2026-04-21T02:07:00","date_gmt":"2026-04-21T08:07:00","guid":{"rendered":"https:\/\/www.veneciacr.com\/index.php\/producto\/broca-diamantada-5-16-bd-8-truper\/"},"modified":"2026-04-21T02:07:02","modified_gmt":"2026-04-21T08:07:02","slug":"broca-diamantada-5-16-bd-8-truper","status":"publish","type":"product","link":"https:\/\/www.veneciacr.com\/index.php\/producto\/broca-diamantada-5-16-bd-8-truper\/","title":{"rendered":"BROCA DIAMANTADA 5\/16&#8243; BD-8 TRUPER"},"content":{"rendered":"<p>Borde segmentado y recubrimiento de diamante para cortes r\u00e1pidos y finos sin despostillar<\/p>\n<p>Ranura amplia para f\u00e1cil extracci\u00f3n de residuos con mayor profundidad de corte<\/p>\n<p>Ideal para perforar con velocidad baja<\/p>\n<p>Para corte en h\u00famedo<\/p>\n","protected":false},"excerpt":{"rendered":"<p>Borde segmentado y recubrimiento de diamante para cortes r\u00e1pidos y finos sin despostillar Ranura amplia para f\u00e1cil extracci\u00f3n de residuos<\/p>\n","protected":false},"featured_media":95587,"comment_status":"closed","ping_status":"open","template":"","meta":[],"product_brand":[],"product_cat":[15],"product_tag":[],"class_list":{"0":"post-95570","1":"product","2":"type-product","3":"status-publish","4":"has-post-thumbnail","6":"product_cat-uncategorized","8":"first","9":"instock","10":"purchasable","11":"product-type-simple"},"jetpack_sharing_enabled":true,"_links":{"self":[{"href":"https:\/\/www.veneciacr.com\/index.php\/wp-json\/wp\/v2\/product\/95570","targetHints":{"allow":["GET"]}}],"collection":[{"href":"https:\/\/www.veneciacr.com\/index.php\/wp-json\/wp\/v2\/product"}],"about":[{"href":"https:\/\/www.veneciacr.com\/index.php\/wp-json\/wp\/v2\/types\/product"}],"replies":[{"embeddable":true,"href":"https:\/\/www.veneciacr.com\/index.php\/wp-json\/wp\/v2\/comments?post=95570"}],"wp:featuredmedia":[{"embeddable":true,"href":"https:\/\/www.veneciacr.com\/index.php\/wp-json\/wp\/v2\/media\/95587"}],"wp:attachment":[{"href":"https:\/\/www.veneciacr.com\/index.php\/wp-json\/wp\/v2\/media?parent=95570"}],"wp:term":[{"taxonomy":"product_brand","embeddable":true,"href":"https:\/\/www.veneciacr.com\/index.php\/wp-json\/wp\/v2\/product_brand?post=95570"},{"taxonomy":"product_cat","embeddable":true,"href":"https:\/\/www.veneciacr.com\/index.php\/wp-json\/wp\/v2\/product_cat?post=95570"},{"taxonomy":"product_tag","embeddable":true,"href":"https:\/\/www.veneciacr.com\/index.php\/wp-json\/wp\/v2\/product_tag?post=95570"}],"curies":[{"name":"wp","href":"https:\/\/api.w.org\/{rel}","templated":true}]}}