{"id":94821,"date":"2026-04-21T02:07:35","date_gmt":"2026-04-21T08:07:35","guid":{"rendered":"https:\/\/www.veneciacr.com\/index.php\/producto\/cincel-sds-max-16-1x16-tac15221821-total\/"},"modified":"2026-04-21T02:07:36","modified_gmt":"2026-04-21T08:07:36","slug":"cincel-sds-max-16-1x16-tac15221821-total","status":"publish","type":"product","link":"https:\/\/www.veneciacr.com\/index.php\/producto\/cincel-sds-max-16-1x16-tac15221821-total\/","title":{"rendered":"CINCEL SDS MAX 16&#8243; 1X16 TAC15221821 TOTAL"},"content":{"rendered":"<p>CINCEL SDS MAX 16&#8243; 1X16 TAC15221821 TOTAL<\/p>\n<p>N\u00famero de parte: TAC15221821<br \/>\nIdeal para demolici\u00f3n y cincelado en hormig\u00f3n\/mamposter\u00eda<br \/>\nSistema SDS MAX para f\u00e1cil colocaci\u00f3n<br \/>\nDi\u00e1metro de 18 mm, puntas de 25 mm<br \/>\nLargo total de 400 mm para mayor alcance<\/p>\n","protected":false},"excerpt":{"rendered":"<p>CINCEL SDS MAX 16&#8243; 1X16 TAC15221821 TOTAL N\u00famero de parte: TAC15221821 Ideal para demolici\u00f3n y cincelado en hormig\u00f3n\/mamposter\u00eda Sistema SDS<\/p>\n","protected":false},"featured_media":97473,"comment_status":"closed","ping_status":"open","template":"","meta":[],"product_brand":[],"product_cat":[86,23],"product_tag":[],"class_list":{"0":"post-94821","1":"product","2":"type-product","3":"status-publish","4":"has-post-thumbnail","6":"product_cat-accesorios-para-herramientas-electricas","7":"product_cat-herramientas","9":"first","10":"instock","11":"purchasable","12":"product-type-simple"},"jetpack_sharing_enabled":true,"_links":{"self":[{"href":"https:\/\/www.veneciacr.com\/index.php\/wp-json\/wp\/v2\/product\/94821","targetHints":{"allow":["GET"]}}],"collection":[{"href":"https:\/\/www.veneciacr.com\/index.php\/wp-json\/wp\/v2\/product"}],"about":[{"href":"https:\/\/www.veneciacr.com\/index.php\/wp-json\/wp\/v2\/types\/product"}],"replies":[{"embeddable":true,"href":"https:\/\/www.veneciacr.com\/index.php\/wp-json\/wp\/v2\/comments?post=94821"}],"wp:featuredmedia":[{"embeddable":true,"href":"https:\/\/www.veneciacr.com\/index.php\/wp-json\/wp\/v2\/media\/97473"}],"wp:attachment":[{"href":"https:\/\/www.veneciacr.com\/index.php\/wp-json\/wp\/v2\/media?parent=94821"}],"wp:term":[{"taxonomy":"product_brand","embeddable":true,"href":"https:\/\/www.veneciacr.com\/index.php\/wp-json\/wp\/v2\/product_brand?post=94821"},{"taxonomy":"product_cat","embeddable":true,"href":"https:\/\/www.veneciacr.com\/index.php\/wp-json\/wp\/v2\/product_cat?post=94821"},{"taxonomy":"product_tag","embeddable":true,"href":"https:\/\/www.veneciacr.com\/index.php\/wp-json\/wp\/v2\/product_tag?post=94821"}],"curies":[{"name":"wp","href":"https:\/\/api.w.org\/{rel}","templated":true}]}}