{"id":94697,"date":"2026-04-21T02:11:04","date_gmt":"2026-04-21T08:11:04","guid":{"rendered":"https:\/\/www.veneciacr.com\/index.php\/producto\/silleta-rosca-4-x-1-2-pvc-atd-4-foset\/"},"modified":"2026-04-21T02:11:05","modified_gmt":"2026-04-21T08:11:05","slug":"silleta-rosca-4-x-1-2-pvc-atd-4-foset","status":"publish","type":"product","link":"https:\/\/www.veneciacr.com\/index.php\/producto\/silleta-rosca-4-x-1-2-pvc-atd-4-foset\/","title":{"rendered":"SILLETA ROSCA 4 X 1\/2&#8243; PVC ATD-4 FOSET"},"content":{"rendered":"<p>Fabricada en polipropileno<\/p>\n<p>4 Tornillos de acero tropicalizado que evitan deslizamientos, para m\u00e1xima seguridad<\/p>\n<p>Instalaci\u00f3n f\u00e1cil y segura<\/p>\n<p>Anillo de hule de alta calidad que evita fugas<\/p>\n<p>Para instalaci\u00f3n de suministros de agua potable sobre la tuber\u00eda de la red de distribuci\u00f3n<\/p>\n<div class=\"col-6\">\n<div class=\"table-responsive tabla_border\">\n<table class=\"table table-bordered table_info_prod align-middle m-0\">\n<tbody>\n<tr id=\"tabla_especs\">\n<th class=\"tamanio_th_especs\" scope=\"row\">\n<p class=\"margen_tabla_especs\">Di\u00e1metro nominal<\/p>\n<\/th>\n<td>\n<p class=\"margen_tabla_especs\">4&#8243; (100\u00a0mm)<\/p>\n<\/td>\n<\/tr>\n<tr id=\"tabla_especs\">\n<th class=\"tamanio_th_especs\" scope=\"row\">\n<p class=\"margen_tabla_especs\">Empaque individual<\/p>\n<\/th>\n<td>\n<p class=\"margen_tabla_especs\">Granel<\/p>\n<\/td>\n<\/tr>\n<tr id=\"tabla_especs\">\n<th class=\"tamanio_th_especs\" scope=\"row\"><\/th>\n<td><\/td>\n<\/tr>\n<\/tbody>\n<\/table>\n<\/div>\n<\/div>\n<div class=\"col-6\">\n<div class=\"table-responsive tabla_border\">\n<table class=\"table table-bordered table_info_prod align-middle m-0\">\n<tbody>\n<tr id=\"tabla_especs\">\n<th class=\"tamanio_th_especs\" scope=\"row\">\n<p class=\"margen_tabla_especs\">Derivaci\u00f3n roscada<\/p>\n<\/th>\n<td>\n<p class=\"margen_tabla_especs\">1\/2&#8243; NPT<\/p>\n<\/td>\n<\/tr>\n<\/tbody>\n<\/table>\n<\/div>\n<\/div>\n","protected":false},"excerpt":{"rendered":"<p>Fabricada en polipropileno 4 Tornillos de acero tropicalizado que evitan deslizamientos, para m\u00e1xima seguridad Instalaci\u00f3n f\u00e1cil y segura Anillo de<\/p>\n","protected":false},"featured_media":96189,"comment_status":"closed","ping_status":"open","template":"","meta":[],"product_brand":[],"product_cat":[29],"product_tag":[],"class_list":{"0":"post-94697","1":"product","2":"type-product","3":"status-publish","4":"has-post-thumbnail","6":"product_cat-plomeria","8":"first","9":"instock","10":"purchasable","11":"product-type-simple"},"jetpack_sharing_enabled":true,"_links":{"self":[{"href":"https:\/\/www.veneciacr.com\/index.php\/wp-json\/wp\/v2\/product\/94697","targetHints":{"allow":["GET"]}}],"collection":[{"href":"https:\/\/www.veneciacr.com\/index.php\/wp-json\/wp\/v2\/product"}],"about":[{"href":"https:\/\/www.veneciacr.com\/index.php\/wp-json\/wp\/v2\/types\/product"}],"replies":[{"embeddable":true,"href":"https:\/\/www.veneciacr.com\/index.php\/wp-json\/wp\/v2\/comments?post=94697"}],"wp:featuredmedia":[{"embeddable":true,"href":"https:\/\/www.veneciacr.com\/index.php\/wp-json\/wp\/v2\/media\/96189"}],"wp:attachment":[{"href":"https:\/\/www.veneciacr.com\/index.php\/wp-json\/wp\/v2\/media?parent=94697"}],"wp:term":[{"taxonomy":"product_brand","embeddable":true,"href":"https:\/\/www.veneciacr.com\/index.php\/wp-json\/wp\/v2\/product_brand?post=94697"},{"taxonomy":"product_cat","embeddable":true,"href":"https:\/\/www.veneciacr.com\/index.php\/wp-json\/wp\/v2\/product_cat?post=94697"},{"taxonomy":"product_tag","embeddable":true,"href":"https:\/\/www.veneciacr.com\/index.php\/wp-json\/wp\/v2\/product_tag?post=94697"}],"curies":[{"name":"wp","href":"https:\/\/api.w.org\/{rel}","templated":true}]}}