{"id":94568,"date":"2026-04-21T02:07:59","date_gmt":"2026-04-21T08:07:59","guid":{"rendered":"https:\/\/www.veneciacr.com\/index.php\/producto\/tecle-de-palanca-1-5-ton-thslb1501-total\/"},"modified":"2026-04-21T02:08:02","modified_gmt":"2026-04-21T08:08:02","slug":"tecle-de-palanca-1-5-ton-thslb1501-total","status":"publish","type":"product","link":"https:\/\/www.veneciacr.com\/index.php\/producto\/tecle-de-palanca-1-5-ton-thslb1501-total\/","title":{"rendered":"TECLE DE PALANCA 1.5 TON THSLB1501 TOTAL"},"content":{"rendered":"<p>TECLE DE PALANCA 1.5 TON THSLB1501 TOTAL<\/p>\n<p>-Permite levantar cargas pesadas, elementos estructurales, m\u00e1quinas plantadoras, as\u00ed como el tensado inicial de cuerdas y la sujeci\u00f3n efectiva de cargas pesadas.<\/p>\n<p>-Caracter\u00edsticas: Se distingue por una estructura compacta, resistente a los da\u00f1os, totalmente de acero y anticorrosiva.<\/p>\n<p>-Altura de elevaci\u00f3n m\u00e1x.: 1.5 m.<\/p>\n<p>-Material: Acero<\/p>\n","protected":false},"excerpt":{"rendered":"<p>TECLE DE PALANCA 1.5 TON THSLB1501 TOTAL -Permite levantar cargas pesadas, elementos estructurales, m\u00e1quinas plantadoras, as\u00ed como el tensado inicial<\/p>\n","protected":false},"featured_media":94569,"comment_status":"closed","ping_status":"open","template":"","meta":[],"product_brand":[],"product_cat":[15],"product_tag":[],"class_list":{"0":"post-94568","1":"product","2":"type-product","3":"status-publish","4":"has-post-thumbnail","6":"product_cat-uncategorized","8":"first","9":"instock","10":"purchasable","11":"product-type-simple"},"jetpack_sharing_enabled":true,"_links":{"self":[{"href":"https:\/\/www.veneciacr.com\/index.php\/wp-json\/wp\/v2\/product\/94568","targetHints":{"allow":["GET"]}}],"collection":[{"href":"https:\/\/www.veneciacr.com\/index.php\/wp-json\/wp\/v2\/product"}],"about":[{"href":"https:\/\/www.veneciacr.com\/index.php\/wp-json\/wp\/v2\/types\/product"}],"replies":[{"embeddable":true,"href":"https:\/\/www.veneciacr.com\/index.php\/wp-json\/wp\/v2\/comments?post=94568"}],"wp:featuredmedia":[{"embeddable":true,"href":"https:\/\/www.veneciacr.com\/index.php\/wp-json\/wp\/v2\/media\/94569"}],"wp:attachment":[{"href":"https:\/\/www.veneciacr.com\/index.php\/wp-json\/wp\/v2\/media?parent=94568"}],"wp:term":[{"taxonomy":"product_brand","embeddable":true,"href":"https:\/\/www.veneciacr.com\/index.php\/wp-json\/wp\/v2\/product_brand?post=94568"},{"taxonomy":"product_cat","embeddable":true,"href":"https:\/\/www.veneciacr.com\/index.php\/wp-json\/wp\/v2\/product_cat?post=94568"},{"taxonomy":"product_tag","embeddable":true,"href":"https:\/\/www.veneciacr.com\/index.php\/wp-json\/wp\/v2\/product_tag?post=94568"}],"curies":[{"name":"wp","href":"https:\/\/api.w.org\/{rel}","templated":true}]}}