{"id":94551,"date":"2026-04-21T02:10:11","date_gmt":"2026-04-21T08:10:11","guid":{"rendered":"https:\/\/www.veneciacr.com\/index.php\/producto\/banco-mecanico-redondo-110kg-wnc1521-wadfow\/"},"modified":"2026-04-21T02:10:13","modified_gmt":"2026-04-21T08:10:13","slug":"banco-mecanico-redondo-110kg-wnc1521-wadfow","status":"publish","type":"product","link":"https:\/\/www.veneciacr.com\/index.php\/producto\/banco-mecanico-redondo-110kg-wnc1521-wadfow\/","title":{"rendered":"BANCO MECANICO REDONDO 110KG WNC1521 WADFOW"},"content":{"rendered":"<p>BANCO MECANICO REDONDO 110KG WNC1521 WADFOW<\/p>\n<p>-Soporta hasta 250 lbs\/110 kg<\/p>\n<p>-Rango de elevaci\u00f3n: 120 mm<\/p>\n<p>-Elevaci\u00f3n neum\u00e1tica<\/p>\n<p>-Asiento de piel sint\u00e9tica<\/p>\n<p>-Peso neto: 5,3 kg<\/p>\n","protected":false},"excerpt":{"rendered":"<p>BANCO MECANICO REDONDO 110KG WNC1521 WADFOW -Soporta hasta 250 lbs\/110 kg -Rango de elevaci\u00f3n: 120 mm -Elevaci\u00f3n neum\u00e1tica -Asiento de<\/p>\n","protected":false},"featured_media":94552,"comment_status":"closed","ping_status":"open","template":"","meta":[],"product_brand":[],"product_cat":[15],"product_tag":[],"class_list":{"0":"post-94551","1":"product","2":"type-product","3":"status-publish","4":"has-post-thumbnail","6":"product_cat-uncategorized","8":"first","9":"instock","10":"purchasable","11":"product-type-simple"},"jetpack_sharing_enabled":true,"_links":{"self":[{"href":"https:\/\/www.veneciacr.com\/index.php\/wp-json\/wp\/v2\/product\/94551","targetHints":{"allow":["GET"]}}],"collection":[{"href":"https:\/\/www.veneciacr.com\/index.php\/wp-json\/wp\/v2\/product"}],"about":[{"href":"https:\/\/www.veneciacr.com\/index.php\/wp-json\/wp\/v2\/types\/product"}],"replies":[{"embeddable":true,"href":"https:\/\/www.veneciacr.com\/index.php\/wp-json\/wp\/v2\/comments?post=94551"}],"wp:featuredmedia":[{"embeddable":true,"href":"https:\/\/www.veneciacr.com\/index.php\/wp-json\/wp\/v2\/media\/94552"}],"wp:attachment":[{"href":"https:\/\/www.veneciacr.com\/index.php\/wp-json\/wp\/v2\/media?parent=94551"}],"wp:term":[{"taxonomy":"product_brand","embeddable":true,"href":"https:\/\/www.veneciacr.com\/index.php\/wp-json\/wp\/v2\/product_brand?post=94551"},{"taxonomy":"product_cat","embeddable":true,"href":"https:\/\/www.veneciacr.com\/index.php\/wp-json\/wp\/v2\/product_cat?post=94551"},{"taxonomy":"product_tag","embeddable":true,"href":"https:\/\/www.veneciacr.com\/index.php\/wp-json\/wp\/v2\/product_tag?post=94551"}],"curies":[{"name":"wp","href":"https:\/\/api.w.org\/{rel}","templated":true}]}}