{"id":94545,"date":"2026-04-21T02:10:11","date_gmt":"2026-04-21T08:10:11","guid":{"rendered":"https:\/\/www.veneciacr.com\/index.php\/producto\/calentador-paso-7kw-220v-kewh003w-decakila\/"},"modified":"2026-04-21T02:10:11","modified_gmt":"2026-04-21T08:10:11","slug":"calentador-paso-7kw-220v-kewh003w-decakila","status":"publish","type":"product","link":"https:\/\/www.veneciacr.com\/index.php\/producto\/calentador-paso-7kw-220v-kewh003w-decakila\/","title":{"rendered":"CALENTADOR PASO 7KW 220V KEWH003W DECAKILA"},"content":{"rendered":"<p>CALENTADOR PASO 7KW 220V KEWH003W DECAKILA<\/p>\n<p>-Tiempo de calentamiento: 3-5s<\/p>\n<p>-Temperatura rango: 30-55\u00b0C<\/p>\n<p>-Presi\u00f3n de trabajo: 0.05-0.6Mpa<\/p>\n<p>-Nivel impermeable: IPX4<\/p>\n<p>-Sistema de calefacci\u00f3n: Calentador de fundici\u00f3n a presi\u00f3n de aluminio.<\/p>\n<p>-Incluye: 1 v\u00e1lvula de escape, 1 v\u00e1lvula de ajuste, 1 set de accesorios para instalaci\u00f3n.<\/p>\n<p>-F\u00e1cil de instalar en el ba\u00f1o, cocina, debajo del fregadero<\/p>\n","protected":false},"excerpt":{"rendered":"<p>CALENTADOR PASO 7KW 220V KEWH003W DECAKILA -Tiempo de calentamiento: 3-5s -Temperatura rango: 30-55\u00b0C -Presi\u00f3n de trabajo: 0.05-0.6Mpa -Nivel impermeable: IPX4<\/p>\n","protected":false},"featured_media":94642,"comment_status":"closed","ping_status":"open","template":"","meta":[],"product_brand":[],"product_cat":[15],"product_tag":[],"class_list":{"0":"post-94545","1":"product","2":"type-product","3":"status-publish","4":"has-post-thumbnail","6":"product_cat-uncategorized","8":"first","9":"instock","10":"purchasable","11":"product-type-simple"},"jetpack_sharing_enabled":true,"_links":{"self":[{"href":"https:\/\/www.veneciacr.com\/index.php\/wp-json\/wp\/v2\/product\/94545","targetHints":{"allow":["GET"]}}],"collection":[{"href":"https:\/\/www.veneciacr.com\/index.php\/wp-json\/wp\/v2\/product"}],"about":[{"href":"https:\/\/www.veneciacr.com\/index.php\/wp-json\/wp\/v2\/types\/product"}],"replies":[{"embeddable":true,"href":"https:\/\/www.veneciacr.com\/index.php\/wp-json\/wp\/v2\/comments?post=94545"}],"wp:featuredmedia":[{"embeddable":true,"href":"https:\/\/www.veneciacr.com\/index.php\/wp-json\/wp\/v2\/media\/94642"}],"wp:attachment":[{"href":"https:\/\/www.veneciacr.com\/index.php\/wp-json\/wp\/v2\/media?parent=94545"}],"wp:term":[{"taxonomy":"product_brand","embeddable":true,"href":"https:\/\/www.veneciacr.com\/index.php\/wp-json\/wp\/v2\/product_brand?post=94545"},{"taxonomy":"product_cat","embeddable":true,"href":"https:\/\/www.veneciacr.com\/index.php\/wp-json\/wp\/v2\/product_cat?post=94545"},{"taxonomy":"product_tag","embeddable":true,"href":"https:\/\/www.veneciacr.com\/index.php\/wp-json\/wp\/v2\/product_tag?post=94545"}],"curies":[{"name":"wp","href":"https:\/\/api.w.org\/{rel}","templated":true}]}}