{"id":94384,"date":"2026-04-21T02:10:23","date_gmt":"2026-04-21T08:10:23","guid":{"rendered":"https:\/\/www.veneciacr.com\/index.php\/producto\/guante-jardin-pequeno-gu-411-truper\/"},"modified":"2026-04-21T02:10:26","modified_gmt":"2026-04-21T08:10:26","slug":"guante-jardin-pequeno-gu-411-truper","status":"publish","type":"product","link":"https:\/\/www.veneciacr.com\/index.php\/producto\/guante-jardin-pequeno-gu-411-truper\/","title":{"rendered":"GUANTE JARDIN PEQUE\u00d1O GU-411 TRUPER"},"content":{"rendered":"<p>Talla Chica<br \/>\nLongitud 23.5 cm<br \/>\nColor Beige \/ Verde<br \/>\nPeso 80 g<br \/>\nEmpaque Caballete<\/p>\n<p>CARACTER\u00cdSTICAS<br \/>\nFabricados en poli\u00e9ster el\u00e1stico recubierto con l\u00e1tex en palma y dedos, resistente a la abrasi\u00f3n y corte<br \/>\nTexturizado antiderrapante para uso en seco y mojado<br \/>\nResistentes a qu\u00edmicos ligeros, lavables<br \/>\nSin costuras internas para mayor comodidad<\/p>\n<p>USOS<br \/>\nJardiner\u00eda<\/p>\n","protected":false},"excerpt":{"rendered":"<p>Talla Chica Longitud 23.5 cm Color Beige \/ Verde Peso 80 g Empaque Caballete CARACTER\u00cdSTICAS Fabricados en poli\u00e9ster el\u00e1stico recubierto<\/p>\n","protected":false},"featured_media":94385,"comment_status":"closed","ping_status":"open","template":"","meta":[],"product_brand":[],"product_cat":[23,88],"product_tag":[],"class_list":{"0":"post-94384","1":"product","2":"type-product","3":"status-publish","4":"has-post-thumbnail","6":"product_cat-herramientas","7":"product_cat-proteccion-y-seguridad","9":"first","10":"instock","11":"purchasable","12":"product-type-simple"},"jetpack_sharing_enabled":true,"_links":{"self":[{"href":"https:\/\/www.veneciacr.com\/index.php\/wp-json\/wp\/v2\/product\/94384","targetHints":{"allow":["GET"]}}],"collection":[{"href":"https:\/\/www.veneciacr.com\/index.php\/wp-json\/wp\/v2\/product"}],"about":[{"href":"https:\/\/www.veneciacr.com\/index.php\/wp-json\/wp\/v2\/types\/product"}],"replies":[{"embeddable":true,"href":"https:\/\/www.veneciacr.com\/index.php\/wp-json\/wp\/v2\/comments?post=94384"}],"wp:featuredmedia":[{"embeddable":true,"href":"https:\/\/www.veneciacr.com\/index.php\/wp-json\/wp\/v2\/media\/94385"}],"wp:attachment":[{"href":"https:\/\/www.veneciacr.com\/index.php\/wp-json\/wp\/v2\/media?parent=94384"}],"wp:term":[{"taxonomy":"product_brand","embeddable":true,"href":"https:\/\/www.veneciacr.com\/index.php\/wp-json\/wp\/v2\/product_brand?post=94384"},{"taxonomy":"product_cat","embeddable":true,"href":"https:\/\/www.veneciacr.com\/index.php\/wp-json\/wp\/v2\/product_cat?post=94384"},{"taxonomy":"product_tag","embeddable":true,"href":"https:\/\/www.veneciacr.com\/index.php\/wp-json\/wp\/v2\/product_tag?post=94384"}],"curies":[{"name":"wp","href":"https:\/\/api.w.org\/{rel}","templated":true}]}}