{"id":94147,"date":"2026-04-21T02:12:01","date_gmt":"2026-04-21T08:12:01","guid":{"rendered":"https:\/\/www.veneciacr.com\/index.php\/producto\/candado-combinacion-40mm-cl-40c-hermex\/"},"modified":"2026-04-21T02:12:02","modified_gmt":"2026-04-21T08:12:02","slug":"candado-combinacion-40mm-cl-40c-hermex","status":"publish","type":"product","link":"https:\/\/www.veneciacr.com\/index.php\/producto\/candado-combinacion-40mm-cl-40c-hermex\/","title":{"rendered":"CANDADO COMBINACION 40MM CL-40C HERMEX"},"content":{"rendered":"<p>Cuerpo de lat\u00f3n s\u00f3lido y gancho de acero con acabado cromado<\/p>\n<p>Cilindro de lat\u00f3n s\u00f3lido, seguro de combinaci\u00f3n de 4 d\u00edgitos<\/p>\n<p>Se puede personalizar la combinaci\u00f3n<\/p>\n<p>Mecanismo interno resistente a la corrosi\u00f3n<\/p>\n","protected":false},"excerpt":{"rendered":"<p>Cuerpo de lat\u00f3n s\u00f3lido y gancho de acero con acabado cromado Cilindro de lat\u00f3n s\u00f3lido, seguro de combinaci\u00f3n de 4<\/p>\n","protected":false},"featured_media":94148,"comment_status":"closed","ping_status":"open","template":"","meta":[],"product_brand":[],"product_cat":[170,19],"product_tag":[],"class_list":{"0":"post-94147","1":"product","2":"type-product","3":"status-publish","4":"has-post-thumbnail","6":"product_cat-candados","7":"product_cat-ferreteria","9":"first","10":"instock","11":"purchasable","12":"product-type-simple"},"jetpack_sharing_enabled":true,"_links":{"self":[{"href":"https:\/\/www.veneciacr.com\/index.php\/wp-json\/wp\/v2\/product\/94147","targetHints":{"allow":["GET"]}}],"collection":[{"href":"https:\/\/www.veneciacr.com\/index.php\/wp-json\/wp\/v2\/product"}],"about":[{"href":"https:\/\/www.veneciacr.com\/index.php\/wp-json\/wp\/v2\/types\/product"}],"replies":[{"embeddable":true,"href":"https:\/\/www.veneciacr.com\/index.php\/wp-json\/wp\/v2\/comments?post=94147"}],"wp:featuredmedia":[{"embeddable":true,"href":"https:\/\/www.veneciacr.com\/index.php\/wp-json\/wp\/v2\/media\/94148"}],"wp:attachment":[{"href":"https:\/\/www.veneciacr.com\/index.php\/wp-json\/wp\/v2\/media?parent=94147"}],"wp:term":[{"taxonomy":"product_brand","embeddable":true,"href":"https:\/\/www.veneciacr.com\/index.php\/wp-json\/wp\/v2\/product_brand?post=94147"},{"taxonomy":"product_cat","embeddable":true,"href":"https:\/\/www.veneciacr.com\/index.php\/wp-json\/wp\/v2\/product_cat?post=94147"},{"taxonomy":"product_tag","embeddable":true,"href":"https:\/\/www.veneciacr.com\/index.php\/wp-json\/wp\/v2\/product_tag?post=94147"}],"curies":[{"name":"wp","href":"https:\/\/api.w.org\/{rel}","templated":true}]}}