{"id":94145,"date":"2026-04-21T02:12:01","date_gmt":"2026-04-21T08:12:01","guid":{"rendered":"https:\/\/www.veneciacr.com\/index.php\/producto\/candado-combinacion-disco-cd-50cp-hermex\/"},"modified":"2026-04-21T02:12:02","modified_gmt":"2026-04-21T08:12:02","slug":"candado-combinacion-disco-cd-50cp-hermex","status":"publish","type":"product","link":"https:\/\/www.veneciacr.com\/index.php\/producto\/candado-combinacion-disco-cd-50cp-hermex\/","title":{"rendered":"CANDADO COMBINACION DISCO CD-50CP  HERMEX"},"content":{"rendered":"<p>Cuerpo y gancho de acero<\/p>\n<p>Combinaci\u00f3n de apertura fija desde f\u00e1brica de 3 d\u00edgitos<\/p>\n<p>El mecanismo se bloquea autom\u00e1ticamente al cerrar el gancho sin necesidad de girar el dial<\/p>\n<p>Mecanismo interno resistente a la corrosi\u00f3n<\/p>\n<p>Ideal para lockers y casilleros<\/p>\n","protected":false},"excerpt":{"rendered":"<p>Cuerpo y gancho de acero Combinaci\u00f3n de apertura fija desde f\u00e1brica de 3 d\u00edgitos El mecanismo se bloquea autom\u00e1ticamente al<\/p>\n","protected":false},"featured_media":94146,"comment_status":"closed","ping_status":"open","template":"","meta":[],"product_brand":[],"product_cat":[170,19],"product_tag":[],"class_list":{"0":"post-94145","1":"product","2":"type-product","3":"status-publish","4":"has-post-thumbnail","6":"product_cat-candados","7":"product_cat-ferreteria","9":"first","10":"instock","11":"purchasable","12":"product-type-simple"},"jetpack_sharing_enabled":true,"_links":{"self":[{"href":"https:\/\/www.veneciacr.com\/index.php\/wp-json\/wp\/v2\/product\/94145","targetHints":{"allow":["GET"]}}],"collection":[{"href":"https:\/\/www.veneciacr.com\/index.php\/wp-json\/wp\/v2\/product"}],"about":[{"href":"https:\/\/www.veneciacr.com\/index.php\/wp-json\/wp\/v2\/types\/product"}],"replies":[{"embeddable":true,"href":"https:\/\/www.veneciacr.com\/index.php\/wp-json\/wp\/v2\/comments?post=94145"}],"wp:featuredmedia":[{"embeddable":true,"href":"https:\/\/www.veneciacr.com\/index.php\/wp-json\/wp\/v2\/media\/94146"}],"wp:attachment":[{"href":"https:\/\/www.veneciacr.com\/index.php\/wp-json\/wp\/v2\/media?parent=94145"}],"wp:term":[{"taxonomy":"product_brand","embeddable":true,"href":"https:\/\/www.veneciacr.com\/index.php\/wp-json\/wp\/v2\/product_brand?post=94145"},{"taxonomy":"product_cat","embeddable":true,"href":"https:\/\/www.veneciacr.com\/index.php\/wp-json\/wp\/v2\/product_cat?post=94145"},{"taxonomy":"product_tag","embeddable":true,"href":"https:\/\/www.veneciacr.com\/index.php\/wp-json\/wp\/v2\/product_tag?post=94145"}],"curies":[{"name":"wp","href":"https:\/\/api.w.org\/{rel}","templated":true}]}}