{"id":94103,"date":"2026-04-21T02:14:02","date_gmt":"2026-04-21T08:14:02","guid":{"rendered":"https:\/\/www.veneciacr.com\/index.php\/producto\/lagartos-bateria-250a-3m-cap-3008t-truper\/"},"modified":"2026-04-21T02:14:03","modified_gmt":"2026-04-21T08:14:03","slug":"lagartos-bateria-250a-3m-cap-3008t-truper","status":"publish","type":"product","link":"https:\/\/www.veneciacr.com\/index.php\/producto\/lagartos-bateria-250a-3m-cap-3008t-truper\/","title":{"rendered":"LAGARTOS BATERIA 250A 3M CAP-3008T TRUPER"},"content":{"rendered":"<p>Calibre 8 AWG<br \/>\nLongitud 3 m (10 ft)<br \/>\nCapacidad de trabajo 12 V \/ 225 A<br \/>\nApertura del caim\u00e1n 5 cm<br \/>\nEmpaque Funda<\/p>\n<p>CARACTER\u00cdSTICAS<br \/>\nCaimanes fabricados en acero con recubrimiento de cobre<br \/>\nCable de cobre electrol\u00edtico 100% extra flexible (a\u00fan en el fr\u00edo) con cubierta de PVC<br \/>\nFunda para f\u00e1cil transporte y almacenamiento<\/p>\n<p>USOS<br \/>\nAutomotriz, uso medio<\/p>\n","protected":false},"excerpt":{"rendered":"<p>Calibre 8 AWG Longitud 3 m (10 ft) Capacidad de trabajo 12 V \/ 225 A Apertura del caim\u00e1n 5<\/p>\n","protected":false},"featured_media":94104,"comment_status":"closed","ping_status":"open","template":"","meta":[],"product_brand":[],"product_cat":[15],"product_tag":[],"class_list":{"0":"post-94103","1":"product","2":"type-product","3":"status-publish","4":"has-post-thumbnail","6":"product_cat-uncategorized","8":"first","9":"instock","10":"purchasable","11":"product-type-simple"},"jetpack_sharing_enabled":true,"_links":{"self":[{"href":"https:\/\/www.veneciacr.com\/index.php\/wp-json\/wp\/v2\/product\/94103","targetHints":{"allow":["GET"]}}],"collection":[{"href":"https:\/\/www.veneciacr.com\/index.php\/wp-json\/wp\/v2\/product"}],"about":[{"href":"https:\/\/www.veneciacr.com\/index.php\/wp-json\/wp\/v2\/types\/product"}],"replies":[{"embeddable":true,"href":"https:\/\/www.veneciacr.com\/index.php\/wp-json\/wp\/v2\/comments?post=94103"}],"wp:featuredmedia":[{"embeddable":true,"href":"https:\/\/www.veneciacr.com\/index.php\/wp-json\/wp\/v2\/media\/94104"}],"wp:attachment":[{"href":"https:\/\/www.veneciacr.com\/index.php\/wp-json\/wp\/v2\/media?parent=94103"}],"wp:term":[{"taxonomy":"product_brand","embeddable":true,"href":"https:\/\/www.veneciacr.com\/index.php\/wp-json\/wp\/v2\/product_brand?post=94103"},{"taxonomy":"product_cat","embeddable":true,"href":"https:\/\/www.veneciacr.com\/index.php\/wp-json\/wp\/v2\/product_cat?post=94103"},{"taxonomy":"product_tag","embeddable":true,"href":"https:\/\/www.veneciacr.com\/index.php\/wp-json\/wp\/v2\/product_tag?post=94103"}],"curies":[{"name":"wp","href":"https:\/\/api.w.org\/{rel}","templated":true}]}}