{"id":94096,"date":"2026-04-21T02:14:02","date_gmt":"2026-04-21T08:14:02","guid":{"rendered":"https:\/\/www.veneciacr.com\/index.php\/producto\/compresor-24l-1-5hp-utcs1110242-total\/"},"modified":"2026-04-21T02:14:04","modified_gmt":"2026-04-21T08:14:04","slug":"compresor-aire-24l-1-5hp-utcs1110242-total","status":"publish","type":"product","link":"https:\/\/www.veneciacr.com\/index.php\/producto\/compresor-aire-24l-1-5hp-utcs1110242-total\/","title":{"rendered":"COMPRESOR AIRE 24L 1.5HP UTCS1110242 TOTAL"},"content":{"rendered":"<p>COMPRESOR 24L 1.5HP UTCS1110242 TOTAL<\/p>\n<p>-Potencia de entrada: 1100W (1.5hp)<\/p>\n<p>-Capacidad del tanque: 24L (6.3Gal)<\/p>\n<p>-Sistema sin aceite<\/p>\n<p>-Nivel de ruido: 67dB<\/p>\n<p>-Motor con bobina de aluminio<\/p>\n<p>-Velocidad sin carga: 3400rpm<\/p>\n<p>-Presi\u00f3n de operaci\u00f3n: m\u00e1ximo 8bar<\/p>\n<p>-Dise\u00f1o port\u00e1til con asa y ruedas<\/p>\n","protected":false},"excerpt":{"rendered":"<p>COMPRESOR 24L 1.5HP UTCS1110242 TOTAL -Potencia de entrada: 1100W (1.5hp) -Capacidad del tanque: 24L (6.3Gal) -Sistema sin aceite -Nivel de<\/p>\n","protected":false},"featured_media":97479,"comment_status":"closed","ping_status":"open","template":"","meta":[],"product_brand":[],"product_cat":[23,87],"product_tag":[],"class_list":{"0":"post-94096","1":"product","2":"type-product","3":"status-publish","4":"has-post-thumbnail","6":"product_cat-herramientas","7":"product_cat-herramientas-electricas","9":"first","10":"instock","11":"purchasable","12":"product-type-simple"},"jetpack_sharing_enabled":true,"_links":{"self":[{"href":"https:\/\/www.veneciacr.com\/index.php\/wp-json\/wp\/v2\/product\/94096","targetHints":{"allow":["GET"]}}],"collection":[{"href":"https:\/\/www.veneciacr.com\/index.php\/wp-json\/wp\/v2\/product"}],"about":[{"href":"https:\/\/www.veneciacr.com\/index.php\/wp-json\/wp\/v2\/types\/product"}],"replies":[{"embeddable":true,"href":"https:\/\/www.veneciacr.com\/index.php\/wp-json\/wp\/v2\/comments?post=94096"}],"wp:featuredmedia":[{"embeddable":true,"href":"https:\/\/www.veneciacr.com\/index.php\/wp-json\/wp\/v2\/media\/97479"}],"wp:attachment":[{"href":"https:\/\/www.veneciacr.com\/index.php\/wp-json\/wp\/v2\/media?parent=94096"}],"wp:term":[{"taxonomy":"product_brand","embeddable":true,"href":"https:\/\/www.veneciacr.com\/index.php\/wp-json\/wp\/v2\/product_brand?post=94096"},{"taxonomy":"product_cat","embeddable":true,"href":"https:\/\/www.veneciacr.com\/index.php\/wp-json\/wp\/v2\/product_cat?post=94096"},{"taxonomy":"product_tag","embeddable":true,"href":"https:\/\/www.veneciacr.com\/index.php\/wp-json\/wp\/v2\/product_tag?post=94096"}],"curies":[{"name":"wp","href":"https:\/\/api.w.org\/{rel}","templated":true}]}}