{"id":93614,"date":"2026-04-21T02:15:42","date_gmt":"2026-04-21T08:15:42","guid":{"rendered":"https:\/\/www.veneciacr.com\/index.php\/producto\/spray-removedor-adhesivo-226g-sr-200-abro\/"},"modified":"2026-04-21T02:15:43","modified_gmt":"2026-04-21T08:15:43","slug":"spray-removedor-adhesivo-226g-sr-200-abro","status":"publish","type":"product","link":"https:\/\/www.veneciacr.com\/index.php\/producto\/spray-removedor-adhesivo-226g-sr-200-abro\/","title":{"rendered":"SPRAY REMOVEDOR ADHESIVO 226G SR-200 ABRO"},"content":{"rendered":"<p><span>Elimina f\u00e1cilmente adhesivos,<\/span><br \/>\n<span>calcoman\u00edas para ventanas y parachoques, etiquetas autoadhesivas y<\/span><br \/>\n<span>residuos de adhesivo de la mayor\u00eda de las superficies.<\/span><br \/>\n<span>No da\u00f1a el acabado del auto.<\/span><\/p>\n","protected":false},"excerpt":{"rendered":"<p>Elimina f\u00e1cilmente adhesivos, calcoman\u00edas para ventanas y parachoques, etiquetas autoadhesivas y residuos de adhesivo de la mayor\u00eda de las superficies.<\/p>\n","protected":false},"featured_media":93615,"comment_status":"closed","ping_status":"open","template":"","meta":[],"product_brand":[],"product_cat":[15],"product_tag":[],"class_list":{"0":"post-93614","1":"product","2":"type-product","3":"status-publish","4":"has-post-thumbnail","6":"product_cat-uncategorized","8":"first","9":"instock","10":"purchasable","11":"product-type-simple"},"jetpack_sharing_enabled":true,"_links":{"self":[{"href":"https:\/\/www.veneciacr.com\/index.php\/wp-json\/wp\/v2\/product\/93614","targetHints":{"allow":["GET"]}}],"collection":[{"href":"https:\/\/www.veneciacr.com\/index.php\/wp-json\/wp\/v2\/product"}],"about":[{"href":"https:\/\/www.veneciacr.com\/index.php\/wp-json\/wp\/v2\/types\/product"}],"replies":[{"embeddable":true,"href":"https:\/\/www.veneciacr.com\/index.php\/wp-json\/wp\/v2\/comments?post=93614"}],"wp:featuredmedia":[{"embeddable":true,"href":"https:\/\/www.veneciacr.com\/index.php\/wp-json\/wp\/v2\/media\/93615"}],"wp:attachment":[{"href":"https:\/\/www.veneciacr.com\/index.php\/wp-json\/wp\/v2\/media?parent=93614"}],"wp:term":[{"taxonomy":"product_brand","embeddable":true,"href":"https:\/\/www.veneciacr.com\/index.php\/wp-json\/wp\/v2\/product_brand?post=93614"},{"taxonomy":"product_cat","embeddable":true,"href":"https:\/\/www.veneciacr.com\/index.php\/wp-json\/wp\/v2\/product_cat?post=93614"},{"taxonomy":"product_tag","embeddable":true,"href":"https:\/\/www.veneciacr.com\/index.php\/wp-json\/wp\/v2\/product_tag?post=93614"}],"curies":[{"name":"wp","href":"https:\/\/api.w.org\/{rel}","templated":true}]}}