{"id":93606,"date":"2026-04-21T02:15:49","date_gmt":"2026-04-21T08:15:49","guid":{"rendered":"https:\/\/www.veneciacr.com\/index.php\/producto\/palo-piso-microfibra-mech-175se-klintek\/"},"modified":"2026-04-21T02:15:49","modified_gmt":"2026-04-21T08:15:49","slug":"palo-piso-microfibra-mech-175se-klintek","status":"publish","type":"product","link":"https:\/\/www.veneciacr.com\/index.php\/producto\/palo-piso-microfibra-mech-175se-klintek\/","title":{"rendered":"PALO PISO MICROFIBRA MECH-175SE KLINTEK"},"content":{"rendered":"<p>Tiras 100% poli\u00e9ster<\/p>\n<p>Capuch\u00f3n de polipropileno para cambio de bast\u00f3n<\/p>\n<p>Bast\u00f3n de madera de 120 cm (incluido)<\/p>\n<p>Resistente a l\u00edquidos de limpieza<\/p>\n<p>No guarda g\u00e9rmenes ni olores<\/p>\n","protected":false},"excerpt":{"rendered":"<p>Tiras 100% poli\u00e9ster Capuch\u00f3n de polipropileno para cambio de bast\u00f3n Bast\u00f3n de madera de 120 cm (incluido) Resistente a l\u00edquidos<\/p>\n","protected":false},"featured_media":93607,"comment_status":"closed","ping_status":"open","template":"","meta":[],"product_brand":[],"product_cat":[15],"product_tag":[],"class_list":{"0":"post-93606","1":"product","2":"type-product","3":"status-publish","4":"has-post-thumbnail","6":"product_cat-uncategorized","8":"first","9":"instock","10":"purchasable","11":"product-type-simple"},"jetpack_sharing_enabled":true,"_links":{"self":[{"href":"https:\/\/www.veneciacr.com\/index.php\/wp-json\/wp\/v2\/product\/93606","targetHints":{"allow":["GET"]}}],"collection":[{"href":"https:\/\/www.veneciacr.com\/index.php\/wp-json\/wp\/v2\/product"}],"about":[{"href":"https:\/\/www.veneciacr.com\/index.php\/wp-json\/wp\/v2\/types\/product"}],"replies":[{"embeddable":true,"href":"https:\/\/www.veneciacr.com\/index.php\/wp-json\/wp\/v2\/comments?post=93606"}],"wp:featuredmedia":[{"embeddable":true,"href":"https:\/\/www.veneciacr.com\/index.php\/wp-json\/wp\/v2\/media\/93607"}],"wp:attachment":[{"href":"https:\/\/www.veneciacr.com\/index.php\/wp-json\/wp\/v2\/media?parent=93606"}],"wp:term":[{"taxonomy":"product_brand","embeddable":true,"href":"https:\/\/www.veneciacr.com\/index.php\/wp-json\/wp\/v2\/product_brand?post=93606"},{"taxonomy":"product_cat","embeddable":true,"href":"https:\/\/www.veneciacr.com\/index.php\/wp-json\/wp\/v2\/product_cat?post=93606"},{"taxonomy":"product_tag","embeddable":true,"href":"https:\/\/www.veneciacr.com\/index.php\/wp-json\/wp\/v2\/product_tag?post=93606"}],"curies":[{"name":"wp","href":"https:\/\/api.w.org\/{rel}","templated":true}]}}