{"id":93370,"date":"2026-04-21T02:18:42","date_gmt":"2026-04-21T08:18:42","guid":{"rendered":"https:\/\/www.veneciacr.com\/index.php\/producto\/escalera-plast-2-peld-eco-tabu-2l-truper\/"},"modified":"2026-04-21T02:18:43","modified_gmt":"2026-04-21T08:18:43","slug":"escalera-plast-2-peld-eco-tabu-2l-truper","status":"publish","type":"product","link":"https:\/\/www.veneciacr.com\/index.php\/producto\/escalera-plast-2-peld-eco-tabu-2l-truper\/","title":{"rendered":"ESCALERA PLAST 2 PELD ECO TABU-2L TRUPER"},"content":{"rendered":"<p>Fabricado en polipropileno de una sola pieza<\/p>\n<p>Dise\u00f1o compacto<\/p>\n<p>Pelda\u00f1os y gomas antiderrapantes para mayor seguridad<\/p>\n<p>Apilable y f\u00e1cil de almacenar<\/p>\n","protected":false},"excerpt":{"rendered":"<p>Fabricado en polipropileno de una sola pieza Dise\u00f1o compacto Pelda\u00f1os y gomas antiderrapantes para mayor seguridad Apilable y f\u00e1cil de<\/p>\n","protected":false},"featured_media":93371,"comment_status":"closed","ping_status":"open","template":"","meta":[],"product_brand":[],"product_cat":[152,23],"product_tag":[],"class_list":{"0":"post-93370","1":"product","2":"type-product","3":"status-publish","4":"has-post-thumbnail","6":"product_cat-herramienta-manuales","7":"product_cat-herramientas","9":"first","10":"instock","11":"purchasable","12":"product-type-simple"},"jetpack_sharing_enabled":true,"_links":{"self":[{"href":"https:\/\/www.veneciacr.com\/index.php\/wp-json\/wp\/v2\/product\/93370","targetHints":{"allow":["GET"]}}],"collection":[{"href":"https:\/\/www.veneciacr.com\/index.php\/wp-json\/wp\/v2\/product"}],"about":[{"href":"https:\/\/www.veneciacr.com\/index.php\/wp-json\/wp\/v2\/types\/product"}],"replies":[{"embeddable":true,"href":"https:\/\/www.veneciacr.com\/index.php\/wp-json\/wp\/v2\/comments?post=93370"}],"wp:featuredmedia":[{"embeddable":true,"href":"https:\/\/www.veneciacr.com\/index.php\/wp-json\/wp\/v2\/media\/93371"}],"wp:attachment":[{"href":"https:\/\/www.veneciacr.com\/index.php\/wp-json\/wp\/v2\/media?parent=93370"}],"wp:term":[{"taxonomy":"product_brand","embeddable":true,"href":"https:\/\/www.veneciacr.com\/index.php\/wp-json\/wp\/v2\/product_brand?post=93370"},{"taxonomy":"product_cat","embeddable":true,"href":"https:\/\/www.veneciacr.com\/index.php\/wp-json\/wp\/v2\/product_cat?post=93370"},{"taxonomy":"product_tag","embeddable":true,"href":"https:\/\/www.veneciacr.com\/index.php\/wp-json\/wp\/v2\/product_tag?post=93370"}],"curies":[{"name":"wp","href":"https:\/\/api.w.org\/{rel}","templated":true}]}}