{"id":92913,"date":"2026-04-28T01:55:42","date_gmt":"2026-04-28T07:55:42","guid":{"rendered":"https:\/\/www.veneciacr.com\/index.php\/producto\/coolant-rojo-1-galon-ec-502-abro\/"},"modified":"2026-04-28T01:55:43","modified_gmt":"2026-04-28T07:55:43","slug":"coolant-rojo-1-galon-ec-502-abro","status":"publish","type":"product","link":"https:\/\/www.veneciacr.com\/index.php\/producto\/coolant-rojo-1-galon-ec-502-abro\/","title":{"rendered":"COOLANT ROJO 1 GALON EC-502 ABRO"},"content":{"rendered":"<p>ABRO Refrigerante para Radiador Rojo EC-502 es una formulaci\u00f3n Premium baja en silicato para veh\u00edculos modernos. Esta f\u00f3rmula de larga duraci\u00f3n ayuda a mantener estable las temperaturas de operaci\u00f3n y protege los sistemas de refrigeraci\u00f3n del \u00f3xido y la corrosi\u00f3n.<\/p>\n<p>Compatible con todo tipo de metal: Acero, aluminio, cobre y lata<br \/>\nEspecialmente formulado para radiadores de aluminio<br \/>\nF\u00f3rmula baja en silicato<br \/>\nProtege contra el \u00f3xido y la corrosi\u00f3n<br \/>\nProtege contra el recalentamiento hasta 107\u00b0 C (225\u00b0 F)<br \/>\nNo es anticongelante<\/p>\n","protected":false},"excerpt":{"rendered":"<p>ABRO Refrigerante para Radiador Rojo EC-502 es una formulaci\u00f3n Premium baja en silicato para veh\u00edculos modernos. Esta f\u00f3rmula de larga<\/p>\n","protected":false},"featured_media":92914,"comment_status":"closed","ping_status":"open","template":"","meta":[],"product_brand":[],"product_cat":[15],"product_tag":[],"class_list":{"0":"post-92913","1":"product","2":"type-product","3":"status-publish","4":"has-post-thumbnail","6":"product_cat-uncategorized","8":"first","9":"instock","10":"purchasable","11":"product-type-simple"},"jetpack_sharing_enabled":true,"_links":{"self":[{"href":"https:\/\/www.veneciacr.com\/index.php\/wp-json\/wp\/v2\/product\/92913","targetHints":{"allow":["GET"]}}],"collection":[{"href":"https:\/\/www.veneciacr.com\/index.php\/wp-json\/wp\/v2\/product"}],"about":[{"href":"https:\/\/www.veneciacr.com\/index.php\/wp-json\/wp\/v2\/types\/product"}],"replies":[{"embeddable":true,"href":"https:\/\/www.veneciacr.com\/index.php\/wp-json\/wp\/v2\/comments?post=92913"}],"wp:featuredmedia":[{"embeddable":true,"href":"https:\/\/www.veneciacr.com\/index.php\/wp-json\/wp\/v2\/media\/92914"}],"wp:attachment":[{"href":"https:\/\/www.veneciacr.com\/index.php\/wp-json\/wp\/v2\/media?parent=92913"}],"wp:term":[{"taxonomy":"product_brand","embeddable":true,"href":"https:\/\/www.veneciacr.com\/index.php\/wp-json\/wp\/v2\/product_brand?post=92913"},{"taxonomy":"product_cat","embeddable":true,"href":"https:\/\/www.veneciacr.com\/index.php\/wp-json\/wp\/v2\/product_cat?post=92913"},{"taxonomy":"product_tag","embeddable":true,"href":"https:\/\/www.veneciacr.com\/index.php\/wp-json\/wp\/v2\/product_tag?post=92913"}],"curies":[{"name":"wp","href":"https:\/\/api.w.org\/{rel}","templated":true}]}}