{"id":92558,"date":"2026-04-21T02:26:51","date_gmt":"2026-04-21T08:26:51","guid":{"rendered":"https:\/\/www.veneciacr.com\/index.php\/producto\/ventilador-3-vel-50w-kufc015w-decakila\/"},"modified":"2026-04-21T02:26:54","modified_gmt":"2026-04-21T08:26:54","slug":"ventilador-3-vel-50w-kufc015w-decakila","status":"publish","type":"product","link":"https:\/\/www.veneciacr.com\/index.php\/producto\/ventilador-3-vel-50w-kufc015w-decakila\/","title":{"rendered":"VENTILADOR 3 VEL 50W KUFC015W DECAKILA"},"content":{"rendered":"<p>VENTILADOR 3 VEL 50W KUFC015W DECAKILA<\/p>\n<p>-Modo de control: M\u00e1quina<\/p>\n<p>-Posici\u00f3n del grifo: 3 velocidad de giro<\/p>\n<p>-Velocidad de oscilaci\u00f3n: 3 modo<\/p>\n<p>-Funci\u00f3n: Aumenta la funci\u00f3n de aromatizaci\u00f3n<\/p>\n<p>-Tama\u00f1o del producto\uff1a230x 200 x 310mm<\/p>\n","protected":false},"excerpt":{"rendered":"<p>VENTILADOR 3 VEL 50W KUFC015W DECAKILA -Modo de control: M\u00e1quina -Posici\u00f3n del grifo: 3 velocidad de giro -Velocidad de oscilaci\u00f3n:<\/p>\n","protected":false},"featured_media":92559,"comment_status":"closed","ping_status":"open","template":"","meta":[],"product_brand":[],"product_cat":[15],"product_tag":[],"class_list":{"0":"post-92558","1":"product","2":"type-product","3":"status-publish","4":"has-post-thumbnail","6":"product_cat-uncategorized","8":"first","9":"instock","10":"purchasable","11":"product-type-simple"},"jetpack_sharing_enabled":true,"_links":{"self":[{"href":"https:\/\/www.veneciacr.com\/index.php\/wp-json\/wp\/v2\/product\/92558","targetHints":{"allow":["GET"]}}],"collection":[{"href":"https:\/\/www.veneciacr.com\/index.php\/wp-json\/wp\/v2\/product"}],"about":[{"href":"https:\/\/www.veneciacr.com\/index.php\/wp-json\/wp\/v2\/types\/product"}],"replies":[{"embeddable":true,"href":"https:\/\/www.veneciacr.com\/index.php\/wp-json\/wp\/v2\/comments?post=92558"}],"wp:featuredmedia":[{"embeddable":true,"href":"https:\/\/www.veneciacr.com\/index.php\/wp-json\/wp\/v2\/media\/92559"}],"wp:attachment":[{"href":"https:\/\/www.veneciacr.com\/index.php\/wp-json\/wp\/v2\/media?parent=92558"}],"wp:term":[{"taxonomy":"product_brand","embeddable":true,"href":"https:\/\/www.veneciacr.com\/index.php\/wp-json\/wp\/v2\/product_brand?post=92558"},{"taxonomy":"product_cat","embeddable":true,"href":"https:\/\/www.veneciacr.com\/index.php\/wp-json\/wp\/v2\/product_cat?post=92558"},{"taxonomy":"product_tag","embeddable":true,"href":"https:\/\/www.veneciacr.com\/index.php\/wp-json\/wp\/v2\/product_tag?post=92558"}],"curies":[{"name":"wp","href":"https:\/\/api.w.org\/{rel}","templated":true}]}}