{"id":92426,"date":"2026-04-21T02:27:22","date_gmt":"2026-04-21T08:27:22","guid":{"rendered":"https:\/\/www.veneciacr.com\/index.php\/producto\/toma-doble-c-placa-empotrar-tr1108-eagle\/"},"modified":"2026-04-21T02:27:24","modified_gmt":"2026-04-21T08:27:24","slug":"toma-doble-con-placa-empotrar-tr1108-eagle","status":"publish","type":"product","link":"https:\/\/www.veneciacr.com\/index.php\/producto\/toma-doble-con-placa-empotrar-tr1108-eagle\/","title":{"rendered":"TOMA DOBLE CON PLACA EMPOTRAR TR1108 EAGLE"},"content":{"rendered":"<table>\n<tbody>\n<tr>\n<td>Modelo:<\/td>\n<td align=\"left\">TR1108<\/td>\n<td><\/td>\n<td>Certificaciones:<\/td>\n<td align=\"left\">NOM<\/td>\n<\/tr>\n<tr>\n<td>Categor\u00eda:<\/td>\n<td align=\"left\">Habitacional<\/td>\n<td><\/td>\n<td>Descripci\u00f3n:<\/td>\n<td align=\"left\">Toma Doble de Empotrar TR1108 con Placa<\/td>\n<\/tr>\n<tr>\n<td>Caracter\u00edsticas:<\/td>\n<td align=\"left\">NEMA 5-15R 2P3W Est\u00e1ndar Tamper Resistant<\/td>\n<td><\/td>\n<td>Informaci\u00f3n T\u00e9cnica:<\/td>\n<td align=\"left\">15A 125V~<\/td>\n<\/tr>\n<tr>\n<td>L\u00ednea:<\/td>\n<td align=\"left\">Decor<\/td>\n<\/tr>\n<\/tbody>\n<\/table>\n","protected":false},"excerpt":{"rendered":"<p>Modelo: TR1108 Certificaciones: NOM Categor\u00eda: Habitacional Descripci\u00f3n: Toma Doble de Empotrar TR1108 con Placa Caracter\u00edsticas: NEMA 5-15R 2P3W Est\u00e1ndar Tamper<\/p>\n","protected":false},"featured_media":92427,"comment_status":"closed","ping_status":"open","template":"","meta":[],"product_brand":[],"product_cat":[80,157],"product_tag":[],"class_list":{"0":"post-92426","1":"product","2":"type-product","3":"status-publish","4":"has-post-thumbnail","6":"product_cat-electrico","7":"product_cat-plaqueria","9":"first","10":"instock","11":"purchasable","12":"product-type-simple"},"jetpack_sharing_enabled":true,"_links":{"self":[{"href":"https:\/\/www.veneciacr.com\/index.php\/wp-json\/wp\/v2\/product\/92426","targetHints":{"allow":["GET"]}}],"collection":[{"href":"https:\/\/www.veneciacr.com\/index.php\/wp-json\/wp\/v2\/product"}],"about":[{"href":"https:\/\/www.veneciacr.com\/index.php\/wp-json\/wp\/v2\/types\/product"}],"replies":[{"embeddable":true,"href":"https:\/\/www.veneciacr.com\/index.php\/wp-json\/wp\/v2\/comments?post=92426"}],"wp:featuredmedia":[{"embeddable":true,"href":"https:\/\/www.veneciacr.com\/index.php\/wp-json\/wp\/v2\/media\/92427"}],"wp:attachment":[{"href":"https:\/\/www.veneciacr.com\/index.php\/wp-json\/wp\/v2\/media?parent=92426"}],"wp:term":[{"taxonomy":"product_brand","embeddable":true,"href":"https:\/\/www.veneciacr.com\/index.php\/wp-json\/wp\/v2\/product_brand?post=92426"},{"taxonomy":"product_cat","embeddable":true,"href":"https:\/\/www.veneciacr.com\/index.php\/wp-json\/wp\/v2\/product_cat?post=92426"},{"taxonomy":"product_tag","embeddable":true,"href":"https:\/\/www.veneciacr.com\/index.php\/wp-json\/wp\/v2\/product_tag?post=92426"}],"curies":[{"name":"wp","href":"https:\/\/api.w.org\/{rel}","templated":true}]}}