{"id":92282,"date":"2026-04-21T02:27:46","date_gmt":"2026-04-21T08:27:46","guid":{"rendered":"https:\/\/www.veneciacr.com\/index.php\/producto\/rollo-alambre-14-1-4m-alg-145b-truper\/"},"modified":"2026-04-21T02:27:46","modified_gmt":"2026-04-21T08:27:46","slug":"rollo-alambre-14-1-4m-alg-145b-truper","status":"publish","type":"product","link":"https:\/\/www.veneciacr.com\/index.php\/producto\/rollo-alambre-14-1-4m-alg-145b-truper\/","title":{"rendered":"ROLLO ALAMBRE #14 1.4M ALG-145B TRUPER"},"content":{"rendered":"<p>Fabricados en acero al carbono, acabado galvanizado<br \/>\nPara amarres, reparaciones, jardiner\u00eda e instalaci\u00f3n el\u00e9ctrica<\/p>\n<p>specificaciones<br \/>\nGenerales<br \/>\nEmpaque individual Bolsa con rollo de 30 g<br \/>\nIndividuales<\/p>\n","protected":false},"excerpt":{"rendered":"<p>Fabricados en acero al carbono, acabado galvanizado Para amarres, reparaciones, jardiner\u00eda e instalaci\u00f3n el\u00e9ctrica specificaciones Generales Empaque individual Bolsa con<\/p>\n","protected":false},"featured_media":92283,"comment_status":"closed","ping_status":"open","template":"","meta":[],"product_brand":[],"product_cat":[15],"product_tag":[],"class_list":{"0":"post-92282","1":"product","2":"type-product","3":"status-publish","4":"has-post-thumbnail","6":"product_cat-uncategorized","8":"first","9":"instock","10":"purchasable","11":"product-type-simple"},"jetpack_sharing_enabled":true,"_links":{"self":[{"href":"https:\/\/www.veneciacr.com\/index.php\/wp-json\/wp\/v2\/product\/92282","targetHints":{"allow":["GET"]}}],"collection":[{"href":"https:\/\/www.veneciacr.com\/index.php\/wp-json\/wp\/v2\/product"}],"about":[{"href":"https:\/\/www.veneciacr.com\/index.php\/wp-json\/wp\/v2\/types\/product"}],"replies":[{"embeddable":true,"href":"https:\/\/www.veneciacr.com\/index.php\/wp-json\/wp\/v2\/comments?post=92282"}],"wp:featuredmedia":[{"embeddable":true,"href":"https:\/\/www.veneciacr.com\/index.php\/wp-json\/wp\/v2\/media\/92283"}],"wp:attachment":[{"href":"https:\/\/www.veneciacr.com\/index.php\/wp-json\/wp\/v2\/media?parent=92282"}],"wp:term":[{"taxonomy":"product_brand","embeddable":true,"href":"https:\/\/www.veneciacr.com\/index.php\/wp-json\/wp\/v2\/product_brand?post=92282"},{"taxonomy":"product_cat","embeddable":true,"href":"https:\/\/www.veneciacr.com\/index.php\/wp-json\/wp\/v2\/product_cat?post=92282"},{"taxonomy":"product_tag","embeddable":true,"href":"https:\/\/www.veneciacr.com\/index.php\/wp-json\/wp\/v2\/product_tag?post=92282"}],"curies":[{"name":"wp","href":"https:\/\/api.w.org\/{rel}","templated":true}]}}