{"id":91817,"date":"2026-04-30T01:56:03","date_gmt":"2026-04-30T07:56:03","guid":{"rendered":"https:\/\/www.veneciacr.com\/index.php\/producto\/lampara-led-tornillo-capsula-g9-25w-led-94c-volteck\/"},"modified":"2026-04-30T01:56:04","modified_gmt":"2026-04-30T07:56:04","slug":"bombillo-led-tornillo-capsula-g9-25w-led-94c-volteck","status":"publish","type":"product","link":"https:\/\/www.veneciacr.com\/index.php\/producto\/bombillo-led-tornillo-capsula-g9-25w-led-94c-volteck\/","title":{"rendered":"BOMBILLO LED TORNILLO CAPSULA G9 25W LED-94C VOLTECK"},"content":{"rendered":"<p>L\u00e1mpara de LED tipo c\u00e1psula 4 W base G9 luz c\u00e1lida, bl\u00edster<br \/>\nAhorra hasta 86% en el consumo de energ\u00eda<br \/>\nCuerpo de cer\u00e1mica y pantalla de policarbonato<br \/>\nEncendido instant\u00e1neo (proporciona el 100% de brillo al encender)<br \/>\nIdeal para iluminaci\u00f3n decorativa y de acento<br \/>\nNo usar con atenuadores (dimmers)<\/p>\n<p>Especificaciones<br \/>\nConsumo 4 W<br \/>\nEquivalencia 25 W<br \/>\nFlujo luminoso 400 lm<br \/>\nTiempo de vida 25 a\u00f1os (25,000 h)<br \/>\nTensi\u00f3n \/ Frecuencia 120- 220 V \/ 60 Hz<br \/>\nCorriente 55 mA- 30 mA<br \/>\nTemperatura de color 3 000 k \/ Luz c\u00e1lida<br \/>\nTipo de base G9<br \/>\nTipo C\u00e1psula<br \/>\n\u00c1ngulo de apertura 360\u00b0<br \/>\nMedidas (di\u00e1metro x alto) 1.8 cm x 6 cm<br \/>\nEmpaque individual Bl\u00edster<\/p>\n","protected":false},"excerpt":{"rendered":"<p>L\u00e1mpara de LED tipo c\u00e1psula 4 W base G9 luz c\u00e1lida, bl\u00edster Ahorra hasta 86% en el consumo de energ\u00eda<\/p>\n","protected":false},"featured_media":91818,"comment_status":"closed","ping_status":"open","template":"","meta":[],"product_brand":[],"product_cat":[15],"product_tag":[],"class_list":{"0":"post-91817","1":"product","2":"type-product","3":"status-publish","4":"has-post-thumbnail","6":"product_cat-uncategorized","8":"first","9":"instock","10":"purchasable","11":"product-type-simple"},"jetpack_sharing_enabled":true,"_links":{"self":[{"href":"https:\/\/www.veneciacr.com\/index.php\/wp-json\/wp\/v2\/product\/91817","targetHints":{"allow":["GET"]}}],"collection":[{"href":"https:\/\/www.veneciacr.com\/index.php\/wp-json\/wp\/v2\/product"}],"about":[{"href":"https:\/\/www.veneciacr.com\/index.php\/wp-json\/wp\/v2\/types\/product"}],"replies":[{"embeddable":true,"href":"https:\/\/www.veneciacr.com\/index.php\/wp-json\/wp\/v2\/comments?post=91817"}],"wp:featuredmedia":[{"embeddable":true,"href":"https:\/\/www.veneciacr.com\/index.php\/wp-json\/wp\/v2\/media\/91818"}],"wp:attachment":[{"href":"https:\/\/www.veneciacr.com\/index.php\/wp-json\/wp\/v2\/media?parent=91817"}],"wp:term":[{"taxonomy":"product_brand","embeddable":true,"href":"https:\/\/www.veneciacr.com\/index.php\/wp-json\/wp\/v2\/product_brand?post=91817"},{"taxonomy":"product_cat","embeddable":true,"href":"https:\/\/www.veneciacr.com\/index.php\/wp-json\/wp\/v2\/product_cat?post=91817"},{"taxonomy":"product_tag","embeddable":true,"href":"https:\/\/www.veneciacr.com\/index.php\/wp-json\/wp\/v2\/product_tag?post=91817"}],"curies":[{"name":"wp","href":"https:\/\/api.w.org\/{rel}","templated":true}]}}