{"id":91636,"date":"2026-04-21T02:34:42","date_gmt":"2026-04-21T08:34:42","guid":{"rendered":"https:\/\/www.veneciacr.com\/index.php\/producto\/router-ac-1200-dual-banda-dir-846-d-link\/"},"modified":"2026-04-21T02:34:43","modified_gmt":"2026-04-21T08:34:43","slug":"router-inalambrico-ac1200-dual-banda-dir-846-d-link","status":"publish","type":"product","link":"https:\/\/www.veneciacr.com\/index.php\/producto\/router-inalambrico-ac1200-dual-banda-dir-846-d-link\/","title":{"rendered":"ROUTER INALAMBRICO AC1200 DUAL BANDA DIR-846 D-LINK"},"content":{"rendered":"<p>Obtenga un \u00f3ptimo desempe\u00f1o: con la capcacidad de soportar Streaming HD en toda su casa sin interrupciones<br \/>\nDual Band Simult\u00e1neo: Disfrute de una velocidad en Wi-Fi de hasta 1200 Mbps<br \/>\nMU-MIMO: Con esta tecnolog\u00eda podr\u00e1 mejorar el rendimiento de su red, as\u00ed sean multiples streamings simultaneamente desde varios dispositivos<br \/>\nNuevo HW potenciado: sus 6 antenas de 7dBi de alta ganancia y puertos Gigabit le permiten llegar m\u00e1s lejos y m\u00e1s r\u00e1pido<\/p>\n<h2 class=\"vc_custom_heading\">Caracter\u00edsticas Principales<\/h2>\n<div class=\"vc_empty_space\"><\/div>\n<div class=\"vc_row wpb_row vc_inner vc_row-fluid\">\n<div class=\"wpb_column vc_column_container vc_col-sm-4\">\n<div class=\"vc_column-inner\">\n<div class=\"wpb_wrapper\">\n<div class=\"wpb_single_image wpb_content_element vc_align_center\">\n<figure class=\"wpb_wrapper vc_figure\">\n<div class=\"vc_single_image-wrapper   vc_box_border_grey\"><img data-recalc-dims=\"1\" loading=\"lazy\" decoding=\"async\" class=\"vc_single_image-img attachment-full\" title=\"\" src=\"https:\/\/i0.wp.com\/la.dlink.com\/la\/wp-content\/uploads\/2018\/03\/dualband.jpg?resize=75%2C75&#038;ssl=1\" alt=\"\" width=\"75\" height=\"75\" \/><\/div>\n<\/figure>\n<\/div>\n<p class=\"vc_custom_heading\">Desempe\u00f1o Wi-Fi<\/p>\n<p class=\"vc_custom_heading\">Wi-Fi Dual Band de hasta 400Mbps en 2,4GHz + 866 Mbps en 5 GHz.<\/p>\n<\/div>\n<\/div>\n<\/div>\n<div class=\"wpb_column vc_column_container vc_col-sm-4\">\n<div class=\"vc_column-inner\">\n<div class=\"wpb_wrapper\">\n<div class=\"wpb_single_image wpb_content_element vc_align_center\">\n<figure class=\"wpb_wrapper vc_figure\">\n<div class=\"vc_single_image-wrapper   vc_box_border_grey\"><img data-recalc-dims=\"1\" loading=\"lazy\" decoding=\"async\" class=\"vc_single_image-img attachment-full\" title=\"icono3\" src=\"https:\/\/i0.wp.com\/la.dlink.com\/la\/wp-content\/uploads\/2020\/09\/icono3.jpg?resize=75%2C75&#038;ssl=1\" alt=\"\" width=\"75\" height=\"75\" \/><\/div>\n<\/figure>\n<\/div>\n<p class=\"vc_custom_heading\">Calidad de Serivicio (QoS)<\/p>\n<p class=\"vc_custom_heading\">Prioriza el tr\u00e1fico de tu red seg\u00fan que aplicaciones son m\u00e1s importantes.<\/p>\n<\/div>\n<\/div>\n<\/div>\n<div class=\"wpb_column vc_column_container vc_col-sm-4\">\n<div class=\"vc_column-inner\">\n<div class=\"wpb_wrapper\">\n<div class=\"wpb_single_image wpb_content_element vc_align_center\">\n<figure class=\"wpb_wrapper vc_figure\">\n<div class=\"vc_single_image-wrapper   vc_box_border_grey\"><img data-recalc-dims=\"1\" loading=\"lazy\" decoding=\"async\" class=\"vc_single_image-img attachment-full\" title=\"\" src=\"https:\/\/i0.wp.com\/la.dlink.com\/la\/wp-content\/uploads\/2018\/03\/mimo.jpg?resize=75%2C75&#038;ssl=1\" alt=\"\" width=\"75\" height=\"75\" \/><\/div>\n<\/figure>\n<\/div>\n<p class=\"vc_custom_heading\">MU-MIMO Ready<\/p>\n<p class=\"vc_custom_heading\">La tecnolog\u00eda MU-MIMO trabaja para entregar la velocidad m\u00e1xima para cada dispositivo.<\/p>\n<\/div>\n<\/div>\n<\/div>\n<\/div>\n<div class=\"vc_row wpb_row vc_inner vc_row-fluid\">\n<div class=\"wpb_column vc_column_container vc_col-sm-4\">\n<div class=\"vc_column-inner\">\n<div class=\"wpb_wrapper\">\n<div class=\"wpb_single_image wpb_content_element vc_align_center\">\n<figure class=\"wpb_wrapper vc_figure\">\n<div class=\"vc_single_image-wrapper   vc_box_border_grey\"><img data-recalc-dims=\"1\" loading=\"lazy\" decoding=\"async\" class=\"vc_single_image-img attachment-full\" title=\"icono_dlna\" src=\"https:\/\/i0.wp.com\/la.dlink.com\/la\/wp-content\/uploads\/2020\/09\/icono_dlna.jpg?resize=75%2C75&#038;ssl=1\" alt=\"\" width=\"75\" height=\"75\" \/><\/div>\n<\/figure>\n<\/div>\n<p class=\"vc_custom_heading\">Compat\u00edble con DLNA<\/p>\n<p class=\"vc_custom_heading\">Compat\u00edble con dispositivos que soportan la tecnolog\u00eda DLNA, como consolas de juegos o Smart TVs.<\/p>\n<\/div>\n<\/div>\n<\/div>\n<div class=\"wpb_column vc_column_container vc_col-sm-4\">\n<div class=\"vc_column-inner\">\n<div class=\"wpb_wrapper\">\n<div class=\"wpb_single_image wpb_content_element vc_align_center\">\n<figure class=\"wpb_wrapper vc_figure\">\n<div class=\"vc_single_image-wrapper   vc_box_border_grey\"><img data-recalc-dims=\"1\" loading=\"lazy\" decoding=\"async\" class=\"vc_single_image-img attachment-full\" title=\"icon_antenas\" src=\"https:\/\/i0.wp.com\/la.dlink.com\/la\/wp-content\/uploads\/2020\/09\/icon_antenas.jpg?resize=75%2C75&#038;ssl=1\" alt=\"\" width=\"75\" height=\"75\" \/><\/div>\n<\/figure>\n<\/div>\n<p class=\"vc_custom_heading\">Antenas de alta potencia<\/p>\n<p class=\"vc_custom_heading\">Sus 6 antenas de 7dBi de alta ganancia ayudan a dar mayor cobertura<\/p>\n<\/div>\n<\/div>\n<\/div>\n<div class=\"wpb_column vc_column_container vc_col-sm-4\">\n<div class=\"vc_column-inner\">\n<div class=\"wpb_wrapper\">\n<div class=\"wpb_single_image wpb_content_element vc_align_center\">\n<figure class=\"wpb_wrapper vc_figure\">\n<div class=\"vc_single_image-wrapper   vc_box_border_grey\"><img data-recalc-dims=\"1\" loading=\"lazy\" decoding=\"async\" class=\"vc_single_image-img attachment-full\" title=\"\" src=\"https:\/\/i0.wp.com\/la.dlink.com\/la\/wp-content\/uploads\/2018\/03\/beam.jpg?resize=75%2C75&#038;ssl=1\" alt=\"\" width=\"75\" height=\"75\" \/><\/div>\n<\/figure>\n<\/div>\n<p class=\"vc_custom_heading\">Advanced SmartBeam AC<\/p>\n<p class=\"vc_custom_heading\">Enfoca autom\u00e1ticamente se\u00f1ales Wi-Fi para conexiones m\u00e1s confiables.<\/p>\n<\/div>\n<\/div>\n<\/div>\n<\/div>\n","protected":false},"excerpt":{"rendered":"<p>Obtenga un \u00f3ptimo desempe\u00f1o: con la capcacidad de soportar Streaming HD en toda su casa sin interrupciones Dual Band Simult\u00e1neo:<\/p>\n","protected":false},"featured_media":96015,"comment_status":"closed","ping_status":"open","template":"","meta":[],"product_brand":[],"product_cat":[15],"product_tag":[],"class_list":{"0":"post-91636","1":"product","2":"type-product","3":"status-publish","4":"has-post-thumbnail","6":"product_cat-uncategorized","8":"first","9":"outofstock","10":"purchasable","11":"product-type-simple"},"jetpack_sharing_enabled":true,"_links":{"self":[{"href":"https:\/\/www.veneciacr.com\/index.php\/wp-json\/wp\/v2\/product\/91636","targetHints":{"allow":["GET"]}}],"collection":[{"href":"https:\/\/www.veneciacr.com\/index.php\/wp-json\/wp\/v2\/product"}],"about":[{"href":"https:\/\/www.veneciacr.com\/index.php\/wp-json\/wp\/v2\/types\/product"}],"replies":[{"embeddable":true,"href":"https:\/\/www.veneciacr.com\/index.php\/wp-json\/wp\/v2\/comments?post=91636"}],"wp:featuredmedia":[{"embeddable":true,"href":"https:\/\/www.veneciacr.com\/index.php\/wp-json\/wp\/v2\/media\/96015"}],"wp:attachment":[{"href":"https:\/\/www.veneciacr.com\/index.php\/wp-json\/wp\/v2\/media?parent=91636"}],"wp:term":[{"taxonomy":"product_brand","embeddable":true,"href":"https:\/\/www.veneciacr.com\/index.php\/wp-json\/wp\/v2\/product_brand?post=91636"},{"taxonomy":"product_cat","embeddable":true,"href":"https:\/\/www.veneciacr.com\/index.php\/wp-json\/wp\/v2\/product_cat?post=91636"},{"taxonomy":"product_tag","embeddable":true,"href":"https:\/\/www.veneciacr.com\/index.php\/wp-json\/wp\/v2\/product_tag?post=91636"}],"curies":[{"name":"wp","href":"https:\/\/api.w.org\/{rel}","templated":true}]}}