{"id":91632,"date":"2026-04-21T02:34:48","date_gmt":"2026-04-21T08:34:48","guid":{"rendered":"https:\/\/www.veneciacr.com\/index.php\/producto\/tiras-antideslizante-2-transp-23cm-ciah-02t-truper\/"},"modified":"2026-04-21T02:34:49","modified_gmt":"2026-04-21T08:34:49","slug":"tiras-antideslizante-2-transp-23cm-ciah-02t-truper","status":"publish","type":"product","link":"https:\/\/www.veneciacr.com\/index.php\/producto\/tiras-antideslizante-2-transp-23cm-ciah-02t-truper\/","title":{"rendered":"TIRAS ANTIDESLIZANTE 2&#8243; TRANSP 23CM CIAH-02T TRUPER"},"content":{"rendered":"<p>Tarjeta 6 tiras 23cm antiderrapantes trans. 50mm \u00e1rea h\u00fameda<br \/>\nCinta fabricada con pol\u00edmero texturizado<br \/>\nAdhesivo acr\u00edlico, resistente al agua y al deslizamiento<br \/>\nSin abrasivo<br \/>\nUso general sin calzado<br \/>\nIdeal para entornos h\u00famedos en interiores<\/p>\n<p>Especificaciones<br \/>\nColor Transparente (mantiene la apariencia original del piso)<br \/>\nMedidas 50 mm x 23 cm (2&#8243; x 9&#8243;)<br \/>\nEmpaque individual Caja<\/p>\n","protected":false},"excerpt":{"rendered":"<p>Tarjeta 6 tiras 23cm antiderrapantes trans. 50mm \u00e1rea h\u00fameda Cinta fabricada con pol\u00edmero texturizado Adhesivo acr\u00edlico, resistente al agua y<\/p>\n","protected":false},"featured_media":91633,"comment_status":"closed","ping_status":"open","template":"","meta":[],"product_brand":[],"product_cat":[15],"product_tag":[],"class_list":{"0":"post-91632","1":"product","2":"type-product","3":"status-publish","4":"has-post-thumbnail","6":"product_cat-uncategorized","8":"first","9":"outofstock","10":"purchasable","11":"product-type-simple"},"jetpack_sharing_enabled":true,"_links":{"self":[{"href":"https:\/\/www.veneciacr.com\/index.php\/wp-json\/wp\/v2\/product\/91632","targetHints":{"allow":["GET"]}}],"collection":[{"href":"https:\/\/www.veneciacr.com\/index.php\/wp-json\/wp\/v2\/product"}],"about":[{"href":"https:\/\/www.veneciacr.com\/index.php\/wp-json\/wp\/v2\/types\/product"}],"replies":[{"embeddable":true,"href":"https:\/\/www.veneciacr.com\/index.php\/wp-json\/wp\/v2\/comments?post=91632"}],"wp:featuredmedia":[{"embeddable":true,"href":"https:\/\/www.veneciacr.com\/index.php\/wp-json\/wp\/v2\/media\/91633"}],"wp:attachment":[{"href":"https:\/\/www.veneciacr.com\/index.php\/wp-json\/wp\/v2\/media?parent=91632"}],"wp:term":[{"taxonomy":"product_brand","embeddable":true,"href":"https:\/\/www.veneciacr.com\/index.php\/wp-json\/wp\/v2\/product_brand?post=91632"},{"taxonomy":"product_cat","embeddable":true,"href":"https:\/\/www.veneciacr.com\/index.php\/wp-json\/wp\/v2\/product_cat?post=91632"},{"taxonomy":"product_tag","embeddable":true,"href":"https:\/\/www.veneciacr.com\/index.php\/wp-json\/wp\/v2\/product_tag?post=91632"}],"curies":[{"name":"wp","href":"https:\/\/api.w.org\/{rel}","templated":true}]}}