{"id":91603,"date":"2026-04-29T01:58:38","date_gmt":"2026-04-29T07:58:38","guid":{"rendered":"https:\/\/www.veneciacr.com\/index.php\/producto\/silicon-negro-280ml-sil-100n-truper\/"},"modified":"2026-04-29T01:58:38","modified_gmt":"2026-04-29T07:58:38","slug":"silicon-negro-280ml-sil-100n-truper","status":"publish","type":"product","link":"https:\/\/www.veneciacr.com\/index.php\/producto\/silicon-negro-280ml-sil-100n-truper\/","title":{"rendered":"SILICON NEGRO 280ML SIL-100N TRUPER"},"content":{"rendered":"<p>Color Negro<br \/>\nTiempo de secado al tacto 20 min<br \/>\nTiempo de curado 48 h<br \/>\nElasticidad 300%<br \/>\nRendimiento lineal 15.23 m<br \/>\nContenido neto 280 ml<br \/>\nEmpaque Granel<\/p>\n<p>CARACTER\u00cdSTICAS<br \/>\nSellador 100% de silic\u00f3n que proporciona un sellado duradero con fuerte resistencia al clima<br \/>\nExcelente adherencia, flexibilidad y durabilidad<br \/>\nNo se despega, reseca o encoge y es f\u00e1cil de aplicar<br \/>\nHecho en Alemania<\/p>\n<p>USOS<br \/>\nEn interiores y exteriores para prevenir fugas y filtraciones<br \/>\nPara sellados el\u00e1sticos, herm\u00e9ticos, durables e impermeables en: aluminio, vidrio, acero inoxidable, cobre, cer\u00e1mica, azulejos, l\u00e1mina porcelanizada y varios pl\u00e1sticos<\/p>\n","protected":false},"excerpt":{"rendered":"<p>Color Negro Tiempo de secado al tacto 20 min Tiempo de curado 48 h Elasticidad 300% Rendimiento lineal 15.23 m<\/p>\n","protected":false},"featured_media":91604,"comment_status":"closed","ping_status":"open","template":"","meta":[],"product_brand":[],"product_cat":[15],"product_tag":[],"class_list":{"0":"post-91603","1":"product","2":"type-product","3":"status-publish","4":"has-post-thumbnail","6":"product_cat-uncategorized","8":"first","9":"instock","10":"purchasable","11":"product-type-simple"},"jetpack_sharing_enabled":true,"_links":{"self":[{"href":"https:\/\/www.veneciacr.com\/index.php\/wp-json\/wp\/v2\/product\/91603","targetHints":{"allow":["GET"]}}],"collection":[{"href":"https:\/\/www.veneciacr.com\/index.php\/wp-json\/wp\/v2\/product"}],"about":[{"href":"https:\/\/www.veneciacr.com\/index.php\/wp-json\/wp\/v2\/types\/product"}],"replies":[{"embeddable":true,"href":"https:\/\/www.veneciacr.com\/index.php\/wp-json\/wp\/v2\/comments?post=91603"}],"wp:featuredmedia":[{"embeddable":true,"href":"https:\/\/www.veneciacr.com\/index.php\/wp-json\/wp\/v2\/media\/91604"}],"wp:attachment":[{"href":"https:\/\/www.veneciacr.com\/index.php\/wp-json\/wp\/v2\/media?parent=91603"}],"wp:term":[{"taxonomy":"product_brand","embeddable":true,"href":"https:\/\/www.veneciacr.com\/index.php\/wp-json\/wp\/v2\/product_brand?post=91603"},{"taxonomy":"product_cat","embeddable":true,"href":"https:\/\/www.veneciacr.com\/index.php\/wp-json\/wp\/v2\/product_cat?post=91603"},{"taxonomy":"product_tag","embeddable":true,"href":"https:\/\/www.veneciacr.com\/index.php\/wp-json\/wp\/v2\/product_tag?post=91603"}],"curies":[{"name":"wp","href":"https:\/\/api.w.org\/{rel}","templated":true}]}}