{"id":91274,"date":"2026-04-21T02:38:38","date_gmt":"2026-04-21T08:38:38","guid":{"rendered":"https:\/\/www.veneciacr.com\/index.php\/producto\/aspiradora-3-galon-asp-03-truper\/"},"modified":"2026-04-21T02:38:39","modified_gmt":"2026-04-21T08:38:39","slug":"aspiradora-3-galon-asp-03n-truper","status":"publish","type":"product","link":"https:\/\/www.veneciacr.com\/index.php\/producto\/aspiradora-3-galon-asp-03n-truper\/","title":{"rendered":"ASPIRADORA 3 GALON ASP-03N TRUPER"},"content":{"rendered":"<p>Capacidad 3 gal (11L)<br \/>\nPotencia m\u00e1xima 1.75 HP (1,300W)<br \/>\nPotencia nominal 1 HP (745W)<br \/>\nTensi\u00f3n 120 V<br \/>\nFrecuencia 60 Hz<br \/>\nCorriente 5 A<br \/>\nPresi\u00f3n de aspiraci\u00f3n 1.4 PSI (9.6kPa)<br \/>\nPresi\u00f3n de salida 1.4 PSI (9.6kPa)<br \/>\nLargo de manguera 1.2 m<br \/>\nLargo del cable 1.8 m<br \/>\nNivel de ruido 80 dB<br \/>\nPeso 2.8 kg<br \/>\nEmpaque Caja<\/p>\n<p>Incluye:<br \/>\n1 Manguera<br \/>\n1 Boquilla 2 en 1<br \/>\n1 Herramienta para ranuras<br \/>\n1 Filtro de manga de espuma<br \/>\n1 Filtro de tela reutilizable<\/p>\n<p>CARACTER\u00cdSTICAS<br \/>\nResistente construcci\u00f3n de polipropileno con dise\u00f1o ligero, compacto y port\u00e1til<br \/>\nSistema de expulsi\u00f3n de aire para soplar residuos en lugares de dif\u00edcil acceso<br \/>\nAsa superior para levantar f\u00e1cilmente<br \/>\nOrganizador de accesorios incluido<\/p>\n<p>USOS<br \/>\nAspira polvos y l\u00edquidos, excelente para limpieza de autos<\/p>\n<p>CUIDADOS<br \/>\nSoporta 30 minutos de trabajo por 15 minutos de descanso. M\u00e1ximo diario 3 horas<\/p>\n","protected":false},"excerpt":{"rendered":"<p>Capacidad 3 gal (11L) Potencia m\u00e1xima 1.75 HP (1,300W) Potencia nominal 1 HP (745W) Tensi\u00f3n 120 V Frecuencia 60 Hz<\/p>\n","protected":false},"featured_media":91275,"comment_status":"closed","ping_status":"open","template":"","meta":[],"product_brand":[],"product_cat":[15],"product_tag":[],"class_list":{"0":"post-91274","1":"product","2":"type-product","3":"status-publish","4":"has-post-thumbnail","6":"product_cat-uncategorized","8":"first","9":"instock","10":"purchasable","11":"product-type-simple"},"jetpack_sharing_enabled":true,"_links":{"self":[{"href":"https:\/\/www.veneciacr.com\/index.php\/wp-json\/wp\/v2\/product\/91274","targetHints":{"allow":["GET"]}}],"collection":[{"href":"https:\/\/www.veneciacr.com\/index.php\/wp-json\/wp\/v2\/product"}],"about":[{"href":"https:\/\/www.veneciacr.com\/index.php\/wp-json\/wp\/v2\/types\/product"}],"replies":[{"embeddable":true,"href":"https:\/\/www.veneciacr.com\/index.php\/wp-json\/wp\/v2\/comments?post=91274"}],"wp:featuredmedia":[{"embeddable":true,"href":"https:\/\/www.veneciacr.com\/index.php\/wp-json\/wp\/v2\/media\/91275"}],"wp:attachment":[{"href":"https:\/\/www.veneciacr.com\/index.php\/wp-json\/wp\/v2\/media?parent=91274"}],"wp:term":[{"taxonomy":"product_brand","embeddable":true,"href":"https:\/\/www.veneciacr.com\/index.php\/wp-json\/wp\/v2\/product_brand?post=91274"},{"taxonomy":"product_cat","embeddable":true,"href":"https:\/\/www.veneciacr.com\/index.php\/wp-json\/wp\/v2\/product_cat?post=91274"},{"taxonomy":"product_tag","embeddable":true,"href":"https:\/\/www.veneciacr.com\/index.php\/wp-json\/wp\/v2\/product_tag?post=91274"}],"curies":[{"name":"wp","href":"https:\/\/api.w.org\/{rel}","templated":true}]}}