{"id":91182,"date":"2026-04-21T02:47:03","date_gmt":"2026-04-21T08:47:03","guid":{"rendered":"https:\/\/www.veneciacr.com\/index.php\/producto\/rodillo-c-felpa-12-ropi-1215-truper\/"},"modified":"2026-04-21T02:47:05","modified_gmt":"2026-04-21T08:47:05","slug":"rodillo-con-felpa-12-ropi-1215-truper","status":"publish","type":"product","link":"https:\/\/www.veneciacr.com\/index.php\/producto\/rodillo-con-felpa-12-ropi-1215-truper\/","title":{"rendered":"RODILLO CON FELPA 12&#8243; ROPI-1215 TRUPER"},"content":{"rendered":"<p>Rodillo para pintar 12 x 5\/8&#8243;, superficies poco rugosas<br \/>\nFelpa de alta densidad en color verde para uso profesional 2X m\u00e1s eficiente que cubre \u00e1reas de mayor tama\u00f1o en menos tiempo<br \/>\nTubo y mango del maneral de polipropileno<br \/>\nPara todo tipo de pinturas<\/p>\n<p>Especificaciones<br \/>\nSuperficies Poco rugosas<br \/>\nLargo 12&#8243; (30 cm)<br \/>\nEspesor de felpa 5\/8&#8243;<br \/>\nEmpaque individual Bolsa<\/p>\n","protected":false},"excerpt":{"rendered":"<p>Rodillo para pintar 12 x 5\/8&#8243;, superficies poco rugosas Felpa de alta densidad en color verde para uso profesional 2X<\/p>\n","protected":false},"featured_media":91183,"comment_status":"closed","ping_status":"open","template":"","meta":[],"product_brand":[],"product_cat":[15],"product_tag":[],"class_list":{"0":"post-91182","1":"product","2":"type-product","3":"status-publish","4":"has-post-thumbnail","6":"product_cat-uncategorized","8":"first","9":"instock","10":"purchasable","11":"product-type-simple"},"jetpack_sharing_enabled":true,"_links":{"self":[{"href":"https:\/\/www.veneciacr.com\/index.php\/wp-json\/wp\/v2\/product\/91182","targetHints":{"allow":["GET"]}}],"collection":[{"href":"https:\/\/www.veneciacr.com\/index.php\/wp-json\/wp\/v2\/product"}],"about":[{"href":"https:\/\/www.veneciacr.com\/index.php\/wp-json\/wp\/v2\/types\/product"}],"replies":[{"embeddable":true,"href":"https:\/\/www.veneciacr.com\/index.php\/wp-json\/wp\/v2\/comments?post=91182"}],"wp:featuredmedia":[{"embeddable":true,"href":"https:\/\/www.veneciacr.com\/index.php\/wp-json\/wp\/v2\/media\/91183"}],"wp:attachment":[{"href":"https:\/\/www.veneciacr.com\/index.php\/wp-json\/wp\/v2\/media?parent=91182"}],"wp:term":[{"taxonomy":"product_brand","embeddable":true,"href":"https:\/\/www.veneciacr.com\/index.php\/wp-json\/wp\/v2\/product_brand?post=91182"},{"taxonomy":"product_cat","embeddable":true,"href":"https:\/\/www.veneciacr.com\/index.php\/wp-json\/wp\/v2\/product_cat?post=91182"},{"taxonomy":"product_tag","embeddable":true,"href":"https:\/\/www.veneciacr.com\/index.php\/wp-json\/wp\/v2\/product_tag?post=91182"}],"curies":[{"name":"wp","href":"https:\/\/api.w.org\/{rel}","templated":true}]}}