{"id":90583,"date":"2026-04-21T02:43:29","date_gmt":"2026-04-21T08:43:29","guid":{"rendered":"https:\/\/www.veneciacr.com\/index.php\/producto\/maquina-cortar-ceramica-80cm-tht578004-total\/"},"modified":"2026-04-21T02:43:30","modified_gmt":"2026-04-21T08:43:30","slug":"cortadora-ceramica-80cm-tht578004-total","status":"publish","type":"product","link":"https:\/\/www.veneciacr.com\/index.php\/producto\/cortadora-ceramica-80cm-tht578004-total\/","title":{"rendered":"CORTADORA CERAMICA 80CM THT578004 TOTAL"},"content":{"rendered":"<p>CORTADORA CERAMICA 80CM THT578004 TOTAL<\/p>\n<p>Corte a la perfecci\u00f3n de cer\u00e1mica.<br \/>\nCortadora multi-funci\u00f3n: Corte en l\u00ednea recta, corte en l\u00ednea diagonal.<br \/>\nF\u00e1cil de transportar.<br \/>\nCalibre de aluminio.<\/p>\n","protected":false},"excerpt":{"rendered":"<p>CORTADORA CERAMICA 80CM THT578004 TOTAL Corte a la perfecci\u00f3n de cer\u00e1mica. Cortadora multi-funci\u00f3n: Corte en l\u00ednea recta, corte en l\u00ednea<\/p>\n","protected":false},"featured_media":90584,"comment_status":"closed","ping_status":"open","template":"","meta":[],"product_brand":[],"product_cat":[15],"product_tag":[],"class_list":{"0":"post-90583","1":"product","2":"type-product","3":"status-publish","4":"has-post-thumbnail","6":"product_cat-uncategorized","8":"first","9":"instock","10":"purchasable","11":"product-type-simple"},"jetpack_sharing_enabled":true,"_links":{"self":[{"href":"https:\/\/www.veneciacr.com\/index.php\/wp-json\/wp\/v2\/product\/90583","targetHints":{"allow":["GET"]}}],"collection":[{"href":"https:\/\/www.veneciacr.com\/index.php\/wp-json\/wp\/v2\/product"}],"about":[{"href":"https:\/\/www.veneciacr.com\/index.php\/wp-json\/wp\/v2\/types\/product"}],"replies":[{"embeddable":true,"href":"https:\/\/www.veneciacr.com\/index.php\/wp-json\/wp\/v2\/comments?post=90583"}],"wp:featuredmedia":[{"embeddable":true,"href":"https:\/\/www.veneciacr.com\/index.php\/wp-json\/wp\/v2\/media\/90584"}],"wp:attachment":[{"href":"https:\/\/www.veneciacr.com\/index.php\/wp-json\/wp\/v2\/media?parent=90583"}],"wp:term":[{"taxonomy":"product_brand","embeddable":true,"href":"https:\/\/www.veneciacr.com\/index.php\/wp-json\/wp\/v2\/product_brand?post=90583"},{"taxonomy":"product_cat","embeddable":true,"href":"https:\/\/www.veneciacr.com\/index.php\/wp-json\/wp\/v2\/product_cat?post=90583"},{"taxonomy":"product_tag","embeddable":true,"href":"https:\/\/www.veneciacr.com\/index.php\/wp-json\/wp\/v2\/product_tag?post=90583"}],"curies":[{"name":"wp","href":"https:\/\/api.w.org\/{rel}","templated":true}]}}