{"id":90049,"date":"2026-04-21T02:46:26","date_gmt":"2026-04-21T08:46:26","guid":{"rendered":"https:\/\/www.veneciacr.com\/index.php\/producto\/honeador-2-7-fino-reci-3-truper\/"},"modified":"2026-04-21T02:46:29","modified_gmt":"2026-04-21T08:46:29","slug":"honeador-3-patas-2-7-fino-reci-3-truper","status":"publish","type":"product","link":"https:\/\/www.veneciacr.com\/index.php\/producto\/honeador-3-patas-2-7-fino-reci-3-truper\/","title":{"rendered":"HONEADOR 3 PATAS 2 &#8211; 7&#8243; FINO RECI-3 TRUPER"},"content":{"rendered":"<p>Apertura m\u00ednima 2&#8243; (51mm)<br \/>\nApertura m\u00e1xima 7&#8243; (178mm)<br \/>\nPeso 590 g<br \/>\nEmpaque Estuche pl\u00e1stico<\/p>\n<p>CARACTER\u00cdSTICAS<br \/>\nCuerpo fabricado en acero al carbono con articulaciones de zamac<br \/>\nPiedra de \u00f3xido de aluminio grano fino<\/p>\n<p>USOS<br \/>\nMec\u00e1nica automotriz<\/p>\n","protected":false},"excerpt":{"rendered":"<p>Apertura m\u00ednima 2&#8243; (51mm) Apertura m\u00e1xima 7&#8243; (178mm) Peso 590 g Empaque Estuche pl\u00e1stico CARACTER\u00cdSTICAS Cuerpo fabricado en acero al<\/p>\n","protected":false},"featured_media":90050,"comment_status":"closed","ping_status":"open","template":"","meta":[],"product_brand":[],"product_cat":[15],"product_tag":[],"class_list":{"0":"post-90049","1":"product","2":"type-product","3":"status-publish","4":"has-post-thumbnail","6":"product_cat-uncategorized","8":"first","9":"instock","10":"purchasable","11":"product-type-simple"},"jetpack_sharing_enabled":true,"_links":{"self":[{"href":"https:\/\/www.veneciacr.com\/index.php\/wp-json\/wp\/v2\/product\/90049","targetHints":{"allow":["GET"]}}],"collection":[{"href":"https:\/\/www.veneciacr.com\/index.php\/wp-json\/wp\/v2\/product"}],"about":[{"href":"https:\/\/www.veneciacr.com\/index.php\/wp-json\/wp\/v2\/types\/product"}],"replies":[{"embeddable":true,"href":"https:\/\/www.veneciacr.com\/index.php\/wp-json\/wp\/v2\/comments?post=90049"}],"wp:featuredmedia":[{"embeddable":true,"href":"https:\/\/www.veneciacr.com\/index.php\/wp-json\/wp\/v2\/media\/90050"}],"wp:attachment":[{"href":"https:\/\/www.veneciacr.com\/index.php\/wp-json\/wp\/v2\/media?parent=90049"}],"wp:term":[{"taxonomy":"product_brand","embeddable":true,"href":"https:\/\/www.veneciacr.com\/index.php\/wp-json\/wp\/v2\/product_brand?post=90049"},{"taxonomy":"product_cat","embeddable":true,"href":"https:\/\/www.veneciacr.com\/index.php\/wp-json\/wp\/v2\/product_cat?post=90049"},{"taxonomy":"product_tag","embeddable":true,"href":"https:\/\/www.veneciacr.com\/index.php\/wp-json\/wp\/v2\/product_tag?post=90049"}],"curies":[{"name":"wp","href":"https:\/\/api.w.org\/{rel}","templated":true}]}}