{"id":89960,"date":"2026-04-21T02:46:48","date_gmt":"2026-04-21T08:46:48","guid":{"rendered":"https:\/\/www.veneciacr.com\/index.php\/producto\/mini-soldadura-3mm-50-50-70g-sol-50-50m-truper\/"},"modified":"2026-04-21T02:46:49","modified_gmt":"2026-04-21T08:46:49","slug":"mini-soldadura-3mm-50-50-70g-sol-50-50m-truper","status":"publish","type":"product","link":"https:\/\/www.veneciacr.com\/index.php\/producto\/mini-soldadura-3mm-50-50-70g-sol-50-50m-truper\/","title":{"rendered":"MINI SOLDADURA 3MM 50\/50 70G SOL-50\/50M TRUPER"},"content":{"rendered":"<p>Mini soldadura s\u00f3lida 50\/50 para tuber\u00eda hidr\u00e1ulica, 70 g<br \/>\nResistencia a alta presi\u00f3n y temperatura<br \/>\nPara instalaciones hidr\u00e1ulicas y plomer\u00eda en general, tuber\u00edas de cobre y hojas de metal<br \/>\n0001<br \/>\n13288-01<br \/>\n13288-02<br \/>\nComposici\u00f3n<\/p>\n<p>Especificaciones<br \/>\nLargo 114 cm<br \/>\nDi\u00e1metro 3 mm<br \/>\nPunto de fusi\u00f3n 216 \u00b0C<br \/>\nPeso 70 g<br \/>\nEmpaque individual Bl\u00edster<\/p>\n","protected":false},"excerpt":{"rendered":"<p>Mini soldadura s\u00f3lida 50\/50 para tuber\u00eda hidr\u00e1ulica, 70 g Resistencia a alta presi\u00f3n y temperatura Para instalaciones hidr\u00e1ulicas y plomer\u00eda<\/p>\n","protected":false},"featured_media":89961,"comment_status":"closed","ping_status":"open","template":"","meta":[],"product_brand":[],"product_cat":[15],"product_tag":[],"class_list":{"0":"post-89960","1":"product","2":"type-product","3":"status-publish","4":"has-post-thumbnail","6":"product_cat-uncategorized","8":"first","9":"instock","10":"purchasable","11":"product-type-simple"},"jetpack_sharing_enabled":true,"_links":{"self":[{"href":"https:\/\/www.veneciacr.com\/index.php\/wp-json\/wp\/v2\/product\/89960","targetHints":{"allow":["GET"]}}],"collection":[{"href":"https:\/\/www.veneciacr.com\/index.php\/wp-json\/wp\/v2\/product"}],"about":[{"href":"https:\/\/www.veneciacr.com\/index.php\/wp-json\/wp\/v2\/types\/product"}],"replies":[{"embeddable":true,"href":"https:\/\/www.veneciacr.com\/index.php\/wp-json\/wp\/v2\/comments?post=89960"}],"wp:featuredmedia":[{"embeddable":true,"href":"https:\/\/www.veneciacr.com\/index.php\/wp-json\/wp\/v2\/media\/89961"}],"wp:attachment":[{"href":"https:\/\/www.veneciacr.com\/index.php\/wp-json\/wp\/v2\/media?parent=89960"}],"wp:term":[{"taxonomy":"product_brand","embeddable":true,"href":"https:\/\/www.veneciacr.com\/index.php\/wp-json\/wp\/v2\/product_brand?post=89960"},{"taxonomy":"product_cat","embeddable":true,"href":"https:\/\/www.veneciacr.com\/index.php\/wp-json\/wp\/v2\/product_cat?post=89960"},{"taxonomy":"product_tag","embeddable":true,"href":"https:\/\/www.veneciacr.com\/index.php\/wp-json\/wp\/v2\/product_tag?post=89960"}],"curies":[{"name":"wp","href":"https:\/\/api.w.org\/{rel}","templated":true}]}}