{"id":89822,"date":"2026-05-06T01:10:29","date_gmt":"2026-05-06T07:10:29","guid":{"rendered":"https:\/\/www.veneciacr.com\/index.php\/producto\/soporte-lavatorio-indiv-2-pzs-pl-b201-coflex\/"},"modified":"2026-05-06T01:10:29","modified_gmt":"2026-05-06T07:10:29","slug":"soporte-lavatorio-indiv-2-pzs-pl-b201-coflex","status":"publish","type":"product","link":"https:\/\/www.veneciacr.com\/index.php\/producto\/soporte-lavatorio-indiv-2-pzs-pl-b201-coflex\/","title":{"rendered":"SOPORTE LAVATORIO INDIV 2 PZS PL-B201 COFLEX"},"content":{"rendered":"<p>F\u00e1ciles de Instalar<\/p>\n<p>Mayor resistencia al peso<\/p>\n<p>S\u00f3lida fijaci\u00f3n<\/p>\n<p>Contenido 2 Soportes 4 Tornillos 4 Taquetes<\/p>\n","protected":false},"excerpt":{"rendered":"<p>F\u00e1ciles de Instalar Mayor resistencia al peso S\u00f3lida fijaci\u00f3n Contenido 2 Soportes 4 Tornillos 4 Taquetes<\/p>\n","protected":false},"featured_media":89823,"comment_status":"closed","ping_status":"open","template":"","meta":[],"product_brand":[],"product_cat":[29],"product_tag":[],"class_list":{"0":"post-89822","1":"product","2":"type-product","3":"status-publish","4":"has-post-thumbnail","6":"product_cat-plomeria","8":"first","9":"instock","10":"purchasable","11":"product-type-simple"},"jetpack_sharing_enabled":true,"_links":{"self":[{"href":"https:\/\/www.veneciacr.com\/index.php\/wp-json\/wp\/v2\/product\/89822","targetHints":{"allow":["GET"]}}],"collection":[{"href":"https:\/\/www.veneciacr.com\/index.php\/wp-json\/wp\/v2\/product"}],"about":[{"href":"https:\/\/www.veneciacr.com\/index.php\/wp-json\/wp\/v2\/types\/product"}],"replies":[{"embeddable":true,"href":"https:\/\/www.veneciacr.com\/index.php\/wp-json\/wp\/v2\/comments?post=89822"}],"wp:featuredmedia":[{"embeddable":true,"href":"https:\/\/www.veneciacr.com\/index.php\/wp-json\/wp\/v2\/media\/89823"}],"wp:attachment":[{"href":"https:\/\/www.veneciacr.com\/index.php\/wp-json\/wp\/v2\/media?parent=89822"}],"wp:term":[{"taxonomy":"product_brand","embeddable":true,"href":"https:\/\/www.veneciacr.com\/index.php\/wp-json\/wp\/v2\/product_brand?post=89822"},{"taxonomy":"product_cat","embeddable":true,"href":"https:\/\/www.veneciacr.com\/index.php\/wp-json\/wp\/v2\/product_cat?post=89822"},{"taxonomy":"product_tag","embeddable":true,"href":"https:\/\/www.veneciacr.com\/index.php\/wp-json\/wp\/v2\/product_tag?post=89822"}],"curies":[{"name":"wp","href":"https:\/\/api.w.org\/{rel}","templated":true}]}}