{"id":89737,"date":"2026-05-08T02:02:17","date_gmt":"2026-05-08T08:02:17","guid":{"rendered":"https:\/\/www.veneciacr.com\/index.php\/producto\/soporte-lavatorio-1-pza-pl-b200-coflex-300279\/"},"modified":"2026-05-08T02:02:17","modified_gmt":"2026-05-08T08:02:17","slug":"soporte-lavatorio-1-pza-pl-b200-coflex","status":"publish","type":"product","link":"https:\/\/www.veneciacr.com\/index.php\/producto\/soporte-lavatorio-1-pza-pl-b200-coflex\/","title":{"rendered":"SOPORTE LAVATORIO 1 PZA PL-B200 COFLEX"},"content":{"rendered":"<p>Incluye taquetes y tornillos<\/p>\n<p>F\u00e1cil instalaci\u00f3n<\/p>\n<p>Mayor resistencia al peso<\/p>\n<p>Fabricado con Acero Galvanizado en una sola pieza S\u00f3lida fijaci\u00f3n<\/p>\n<p>Contenido:<\/p>\n<p>1 Soporte Reforzado<\/p>\n<p>4 Tornillos Pija<\/p>\n<p>4 Taquetes Pl\u00e1sticos<\/p>\n","protected":false},"excerpt":{"rendered":"<p>Incluye taquetes y tornillos F\u00e1cil instalaci\u00f3n Mayor resistencia al peso Fabricado con Acero Galvanizado en una sola pieza S\u00f3lida fijaci\u00f3n<\/p>\n","protected":false},"featured_media":89738,"comment_status":"closed","ping_status":"open","template":"","meta":[],"product_brand":[],"product_cat":[29],"product_tag":[],"class_list":{"0":"post-89737","1":"product","2":"type-product","3":"status-publish","4":"has-post-thumbnail","6":"product_cat-plomeria","8":"first","9":"instock","10":"purchasable","11":"product-type-simple"},"jetpack_sharing_enabled":true,"_links":{"self":[{"href":"https:\/\/www.veneciacr.com\/index.php\/wp-json\/wp\/v2\/product\/89737","targetHints":{"allow":["GET"]}}],"collection":[{"href":"https:\/\/www.veneciacr.com\/index.php\/wp-json\/wp\/v2\/product"}],"about":[{"href":"https:\/\/www.veneciacr.com\/index.php\/wp-json\/wp\/v2\/types\/product"}],"replies":[{"embeddable":true,"href":"https:\/\/www.veneciacr.com\/index.php\/wp-json\/wp\/v2\/comments?post=89737"}],"wp:featuredmedia":[{"embeddable":true,"href":"https:\/\/www.veneciacr.com\/index.php\/wp-json\/wp\/v2\/media\/89738"}],"wp:attachment":[{"href":"https:\/\/www.veneciacr.com\/index.php\/wp-json\/wp\/v2\/media?parent=89737"}],"wp:term":[{"taxonomy":"product_brand","embeddable":true,"href":"https:\/\/www.veneciacr.com\/index.php\/wp-json\/wp\/v2\/product_brand?post=89737"},{"taxonomy":"product_cat","embeddable":true,"href":"https:\/\/www.veneciacr.com\/index.php\/wp-json\/wp\/v2\/product_cat?post=89737"},{"taxonomy":"product_tag","embeddable":true,"href":"https:\/\/www.veneciacr.com\/index.php\/wp-json\/wp\/v2\/product_tag?post=89737"}],"curies":[{"name":"wp","href":"https:\/\/api.w.org\/{rel}","templated":true}]}}