{"id":89172,"date":"2026-04-21T02:51:47","date_gmt":"2026-04-21T08:51:47","guid":{"rendered":"https:\/\/www.veneciacr.com\/index.php\/producto\/aceite-2-tiempos-16oz-act-2t-16-truper\/"},"modified":"2026-04-21T02:51:49","modified_gmt":"2026-04-21T08:51:49","slug":"aceite-2t-14oz-aces-20-truper","status":"publish","type":"product","link":"https:\/\/www.veneciacr.com\/index.php\/producto\/aceite-2t-14oz-aces-20-truper\/","title":{"rendered":"ACEITE 2T 14OZ ACES-20 TRUPER"},"content":{"rendered":"<p>Aceite sint\u00e9tico con estabilizador que maximiza la vida \u00fatil del motor hasta un 80%<\/p>\n<p>Contenido exacto para mezcla* de gasolina (20 L)<\/p>\n<p>Para mezclas* 50:1, 40:1, 32:1 y 16:1<\/p>\n<p>Bote con relieves para un mejor agarre, boca f\u00e1cil de verter y ventana para verificar el nivel de aceite<\/p>\n<p>M\u00e1ximo desempe\u00f1o, mayor ahorro de combustible, baja emisi\u00f3n de humo<\/p>\n<div class=\"col-6\">\n<div class=\"table-responsive tabla_border\">\n<table class=\"table table-bordered table_info_prod align-middle m-0\">\n<tbody>\n<tr id=\"tabla_especs\">\n<th class=\"tamanio_th_especs\" scope=\"row\">\n<p class=\"margen_tabla_especs\">Contenido<\/p>\n<\/th>\n<td>\n<p class=\"margen_tabla_especs\">400\u00a0ml (14\u00a0oz)<\/p>\n<\/td>\n<\/tr>\n<tr id=\"tabla_especs\">\n<th class=\"tamanio_th_especs\" scope=\"row\">\n<p class=\"margen_tabla_especs\">Viscosidad cinem\u00e1tica a 40\u00b0C<\/p>\n<\/th>\n<td>\n<p class=\"margen_tabla_especs\">70 sCt<\/p>\n<\/td>\n<\/tr>\n<tr id=\"tabla_especs\">\n<th class=\"tamanio_th_especs\" scope=\"row\">\n<p class=\"margen_tabla_especs\">Punto de inflamaci\u00f3n<\/p>\n<\/th>\n<td>\n<p class=\"margen_tabla_especs\">&gt;90\u00b0 C<\/p>\n<\/td>\n<\/tr>\n<tr id=\"tabla_especs\">\n<th class=\"tamanio_th_especs\" scope=\"row\">\n<p class=\"margen_tabla_especs\">Empaque individual<\/p>\n<\/th>\n<td>\n<p class=\"margen_tabla_especs\">Envase con etiqueta<\/p>\n<\/td>\n<\/tr>\n<tr id=\"tabla_especs\">\n<th class=\"tamanio_th_especs\" scope=\"row\"><\/th>\n<td><\/td>\n<\/tr>\n<\/tbody>\n<\/table>\n<\/div>\n<\/div>\n<div class=\"col-6\">\n<div class=\"table-responsive tabla_border\">\n<table class=\"table table-bordered table_info_prod align-middle m-0\">\n<tbody>\n<tr id=\"tabla_especs\">\n<th class=\"tamanio_th_especs\" scope=\"row\">\n<p class=\"margen_tabla_especs\">Mezcla* de gasolina por botella de aceite<\/p>\n<\/th>\n<td>\n<p class=\"margen_tabla_especs\">20\u00a0L (5.2\u00a0gal)<\/p>\n<\/td>\n<\/tr>\n<tr id=\"tabla_especs\">\n<th class=\"tamanio_th_especs\" scope=\"row\">\n<p class=\"margen_tabla_especs\">\u00cdndice de viscosidad<\/p>\n<\/th>\n<td>\n<p class=\"margen_tabla_especs\">140<\/p>\n<\/td>\n<\/tr>\n<tr id=\"tabla_especs\">\n<th class=\"tamanio_th_especs\" scope=\"row\">\n<p class=\"margen_tabla_especs\">Punto de escurrimiento<\/p>\n<\/th>\n<td>\n<p class=\"margen_tabla_especs\">-36\u00b0 C<\/p>\n<\/td>\n<\/tr>\n<\/tbody>\n<\/table>\n<\/div>\n<\/div>\n","protected":false},"excerpt":{"rendered":"<p>Aceite sint\u00e9tico con estabilizador que maximiza la vida \u00fatil del motor hasta un 80% Contenido exacto para mezcla* de gasolina<\/p>\n","protected":false},"featured_media":95778,"comment_status":"closed","ping_status":"open","template":"","meta":[],"product_brand":[],"product_cat":[15],"product_tag":[],"class_list":{"0":"post-89172","1":"product","2":"type-product","3":"status-publish","4":"has-post-thumbnail","6":"product_cat-uncategorized","8":"first","9":"instock","10":"purchasable","11":"product-type-simple"},"jetpack_sharing_enabled":true,"_links":{"self":[{"href":"https:\/\/www.veneciacr.com\/index.php\/wp-json\/wp\/v2\/product\/89172","targetHints":{"allow":["GET"]}}],"collection":[{"href":"https:\/\/www.veneciacr.com\/index.php\/wp-json\/wp\/v2\/product"}],"about":[{"href":"https:\/\/www.veneciacr.com\/index.php\/wp-json\/wp\/v2\/types\/product"}],"replies":[{"embeddable":true,"href":"https:\/\/www.veneciacr.com\/index.php\/wp-json\/wp\/v2\/comments?post=89172"}],"wp:featuredmedia":[{"embeddable":true,"href":"https:\/\/www.veneciacr.com\/index.php\/wp-json\/wp\/v2\/media\/95778"}],"wp:attachment":[{"href":"https:\/\/www.veneciacr.com\/index.php\/wp-json\/wp\/v2\/media?parent=89172"}],"wp:term":[{"taxonomy":"product_brand","embeddable":true,"href":"https:\/\/www.veneciacr.com\/index.php\/wp-json\/wp\/v2\/product_brand?post=89172"},{"taxonomy":"product_cat","embeddable":true,"href":"https:\/\/www.veneciacr.com\/index.php\/wp-json\/wp\/v2\/product_cat?post=89172"},{"taxonomy":"product_tag","embeddable":true,"href":"https:\/\/www.veneciacr.com\/index.php\/wp-json\/wp\/v2\/product_tag?post=89172"}],"curies":[{"name":"wp","href":"https:\/\/api.w.org\/{rel}","templated":true}]}}